{"id":489572,"date":"2025-12-04T12:12:41","date_gmt":"2025-12-04T11:12:41","guid":{"rendered":"https:\/\/www.parispackagingweek.com\/?post_type=activity&#038;p=489572"},"modified":"2026-01-19T10:50:34","modified_gmt":"2026-01-19T09:50:34","slug":"pcd-innovation-awards-winners-panel","status":"publish","type":"activity","link":"https:\/\/www.parispackagingweek.com\/en\/session\/pcd-innovation-awards-winners-panel\/","title":{"rendered":"PCD Innovation Awards \u2013 Winners Panel"},"content":{"rendered":"\n<p>Th\u00e8me : R\u00e9enchanter le packaging tout en respectant la plan\u00e8te<\/p>\n\n\n\n<p><strong>4:30 PM \u2013 4:55 PM | PART 1 \u2013 Innovation, Use &amp; Industrial Constraints<\/strong><br>Grouped categories:<br>\u2022 Personal Care &amp; Haircare (Premium &amp; Mass Market)<br>\u2022 Make-up (Premium &amp; Mass Market)<br>\u2022 Skincare (Premium)<\/p>\n\n\n\n<p><strong>4:55 PM \u2013 5:05 PM | Certificate Award Ceremony<\/strong> \u2013 all certificate winners are invited to come on stage.<\/p>\n\n\n\n<p><strong>5:05 PM \u2013 5:30 PM | PART 2 \u2013 Desire, Storytelling &amp; Exception<\/strong><br>Grouped categories:<br>\u2022 Fragrances (Women)<br>\u2022 Limited Edition Pack \u2013 exceptional products &lt; 2,000 pieces<br>\u2022 Limited Edition Pack \u2013 products sold on the market &gt; 2,000 pieces<\/p>\n","protected":false},"excerpt":{"rendered":"<p>Th\u00e8me : R\u00e9enchanter le packaging tout en respectant la plan\u00e8te 4:30 PM \u2013 4:55 PM | PART 1 \u2013 Innovation, Use &amp; Industrial ConstraintsGrouped categories:\u2022 Personal Care &amp; Haircare (Premium &amp; Mass Market)\u2022 Make-up (Premium &amp; Mass Market)\u2022 Skincare (Premium) 4:55 PM \u2013 5:05 PM | Certificate Award Ceremony \u2013 all certificate winners are invited [&hellip;]<\/p>\n","protected":false},"featured_media":0,"template":"","meta":{"_seopress_robots_primary_cat":"","_seopress_titles_title":"PCD Innovation Awards \u2013 Winners Panel","_seopress_titles_desc":"","_seopress_robots_index":"","_activity_time_start":"16:40","_activity_time_end":"17:40","_activity_date":"2026-02-05","_activity_price":"0","footnotes":""},"edition":[1084],"location":[1086],"track":[],"activity_type":[],"class_list":["post-489572","activity","type-activity","status-publish","hentry","edition-paris-packaging-week-2026","location-circular-economy-stage-2026"],"_guests":[{"href":"https:\/\/www.parispackagingweek.com\/en\/wp-json\/wp\/v2\/guest\/68564"}],"_sponsors":[],"_cover_image":null,"_links":{"self":[{"href":"https:\/\/www.parispackagingweek.com\/en\/wp-json\/wp\/v2\/activity\/489572","targetHints":{"allow":["GET"]}}],"collection":[{"href":"https:\/\/www.parispackagingweek.com\/en\/wp-json\/wp\/v2\/activity"}],"about":[{"href":"https:\/\/www.parispackagingweek.com\/en\/wp-json\/wp\/v2\/types\/activity"}],"version-history":[{"count":2,"href":"https:\/\/www.parispackagingweek.com\/en\/wp-json\/wp\/v2\/activity\/489572\/revisions"}],"predecessor-version":[{"id":493528,"href":"https:\/\/www.parispackagingweek.com\/en\/wp-json\/wp\/v2\/activity\/489572\/revisions\/493528"}],"wp:attachment":[{"href":"https:\/\/www.parispackagingweek.com\/en\/wp-json\/wp\/v2\/media?parent=489572"}],"wp:term":[{"taxonomy":"edition","embeddable":true,"href":"https:\/\/www.parispackagingweek.com\/en\/wp-json\/wp\/v2\/edition?post=489572"},{"taxonomy":"location","embeddable":true,"href":"https:\/\/www.parispackagingweek.com\/en\/wp-json\/wp\/v2\/location?post=489572"},{"taxonomy":"track","embeddable":true,"href":"https:\/\/www.parispackagingweek.com\/en\/wp-json\/wp\/v2\/track?post=489572"},{"taxonomy":"activity_type","embeddable":true,"href":"https:\/\/www.parispackagingweek.com\/en\/wp-json\/wp\/v2\/activity_type?post=489572"}],"curies":[{"name":"wp","href":"https:\/\/api.w.org\/{rel}","templated":true}]}}

<p>Thème : Réenchanter le packaging tout en respectant la planète</p>



<p><strong>4:30 PM – 4:55 PM | PART 1 – Innovation, Use &amp; Industrial Constraints</strong><br>Grouped categories:<br>• Personal Care &amp; Haircare (Premium &amp; Mass Market)<br>• Make-up (Premium &amp; Mass Market)<br>• Skincare (Premium)</p>



<p><strong>4:55 PM – 5:05 PM | Certificate Award Ceremony</strong> – all certificate winners are invited to come on stage.</p>



<p><strong>5:05 PM – 5:30 PM | PART 2 – Desire, Storytelling &amp; Exception</strong><br>Grouped categories:<br>• Fragrances (Women)<br>• Limited Edition Pack – exceptional products &lt; 2,000 pieces<br>• Limited Edition Pack – products sold on the market &gt; 2,000 pieces</p>

<p>Thème : Réenchanter le packaging tout en respectant la planète 4:30 PM – 4:55 PM | PART 1 – Innovation, Use &amp; Industrial ConstraintsGrouped categories:• Personal Care &amp; Haircare (Premium &amp; Mass Market)• Make-up (Premium &amp; Mass Market)• Skincare (Premium) 4:55 PM – 5:05 PM | Certificate Award Ceremony – all certificate winners are invited [&hellip;]</p>
