{"id":489760,"date":"2025-12-04T14:07:21","date_gmt":"2025-12-04T13:07:21","guid":{"rendered":"https:\/\/www.parispackagingweek.com\/session\/from-data-to-design-leveraging-plm-ai-to-transform-packaging\/"},"modified":"2025-12-04T14:11:01","modified_gmt":"2025-12-04T13:11:01","slug":"from-data-to-design-leveraging-plm-ai-to-transform-packaging","status":"publish","type":"activity","link":"https:\/\/www.parispackagingweek.com\/en\/session\/from-data-to-design-leveraging-plm-ai-to-transform-packaging\/","title":{"rendered":"From Data to Design: Leveraging PLM &#038; AI to Transform Packaging"},"content":{"rendered":"\n<p class=\"has-medium-font-size\">Partie 1 : PLM et Innovation chez Danone<\/p>\n\n<p class=\"has-medium-font-size\">Partie 2 : Concevoir le futur du PLM<\/p>\n\n<p class=\"has-medium-font-size\">Partie 3 : Cas phare : l\u2019IA et la recyclabilit\u00e9 des packagings \u00e0 grande \u00e9chelle<\/p>\n\n<p class=\"has-medium-font-size\">Partie 4 : Table ronde sectorielle : PLM, IA et durabilit\u00e9<\/p>\n\n<p><\/p>\n","protected":false},"excerpt":{"rendered":"<p>Partie 1 : PLM et Innovation chez Danone Partie 2 : Concevoir le futur du PLM Partie 3 : Cas phare : l\u2019IA et la recyclabilit\u00e9 des packagings \u00e0 grande \u00e9chelle Partie 4 : Table ronde sectorielle : PLM, IA et durabilit\u00e9<\/p>\n","protected":false},"featured_media":0,"template":"","meta":{"_seopress_robots_primary_cat":"","_seopress_titles_title":"From Data to Design: Leveraging PLM & AI to Transform Packaging","_seopress_titles_desc":"Partie 1 : PLM et Innovation chez Danone\r\nPartie 2 : Concevoir le futur du PLM\r\nPartie 3 : Cas phare : l\u2019IA et la recyclabilit\u00e9 des packagings \u00e0 grande \u00e9chelle\r\nPartie 4 : Table ronde sectorielle : PLM, IA et durabilit\u00e9","_seopress_robots_index":"","_activity_time_start":"14:20","_activity_time_end":"15:20","_activity_date":"2026-02-05","_activity_price":"","footnotes":""},"edition":[1084],"location":[1085],"track":[],"activity_type":[],"class_list":["post-489760","activity","type-activity","status-publish","hentry","edition-paris-packaging-week-2026","location-future-innovation-forum-2026"],"_guests":[{"href":"https:\/\/www.parispackagingweek.com\/en\/wp-json\/wp\/v2\/guest\/489619"},{"href":"https:\/\/www.parispackagingweek.com\/en\/wp-json\/wp\/v2\/guest\/489611"},{"href":"https:\/\/www.parispackagingweek.com\/en\/wp-json\/wp\/v2\/guest\/487652"},{"href":"https:\/\/www.parispackagingweek.com\/en\/wp-json\/wp\/v2\/guest\/487565"},{"href":"https:\/\/www.parispackagingweek.com\/en\/wp-json\/wp\/v2\/guest\/487532"}],"_sponsors":[],"_cover_image":null,"_links":{"self":[{"href":"https:\/\/www.parispackagingweek.com\/en\/wp-json\/wp\/v2\/activity\/489760","targetHints":{"allow":["GET"]}}],"collection":[{"href":"https:\/\/www.parispackagingweek.com\/en\/wp-json\/wp\/v2\/activity"}],"about":[{"href":"https:\/\/www.parispackagingweek.com\/en\/wp-json\/wp\/v2\/types\/activity"}],"version-history":[{"count":5,"href":"https:\/\/www.parispackagingweek.com\/en\/wp-json\/wp\/v2\/activity\/489760\/revisions"}],"predecessor-version":[{"id":489770,"href":"https:\/\/www.parispackagingweek.com\/en\/wp-json\/wp\/v2\/activity\/489760\/revisions\/489770"}],"wp:attachment":[{"href":"https:\/\/www.parispackagingweek.com\/en\/wp-json\/wp\/v2\/media?parent=489760"}],"wp:term":[{"taxonomy":"edition","embeddable":true,"href":"https:\/\/www.parispackagingweek.com\/en\/wp-json\/wp\/v2\/edition?post=489760"},{"taxonomy":"location","embeddable":true,"href":"https:\/\/www.parispackagingweek.com\/en\/wp-json\/wp\/v2\/location?post=489760"},{"taxonomy":"track","embeddable":true,"href":"https:\/\/www.parispackagingweek.com\/en\/wp-json\/wp\/v2\/track?post=489760"},{"taxonomy":"activity_type","embeddable":true,"href":"https:\/\/www.parispackagingweek.com\/en\/wp-json\/wp\/v2\/activity_type?post=489760"}],"curies":[{"name":"wp","href":"https:\/\/api.w.org\/{rel}","templated":true}]}}

<p class="has-medium-font-size">Partie 1 : PLM et Innovation chez Danone</p>

<p class="has-medium-font-size">Partie 2 : Concevoir le futur du PLM</p>

<p class="has-medium-font-size">Partie 3 : Cas phare : l’IA et la recyclabilité des packagings à grande échelle</p>

<p class="has-medium-font-size">Partie 4 : Table ronde sectorielle : PLM, IA et durabilité</p>

<p></p>

<p>Partie 1 : PLM et Innovation chez Danone Partie 2 : Concevoir le futur du PLM Partie 3 : Cas phare : l’IA et la recyclabilité des packagings à grande échelle Partie 4 : Table ronde sectorielle : PLM, IA et durabilité</p>

Partie 1 : PLM et Innovation chez Danone
Partie 2 : Concevoir le futur du PLM
Partie 3 : Cas phare : l’IA et la recyclabilité des packagings à grande échelle
Partie 4 : Table ronde sectorielle : PLM, IA et durabilité
