{"id":218544,"date":"2022-12-08T18:50:49","date_gmt":"2022-12-08T17:50:49","guid":{"rendered":"https:\/\/www.parispackagingweek.com\/guest\/gerard-gaize-designerselection\/"},"modified":"2023-07-26T15:54:06","modified_gmt":"2023-07-26T13:54:06","slug":"gerard-laize-designerselection","status":"publish","type":"guest","link":"https:\/\/www.parispackagingweek.com\/en\/speaker\/gerard-laize-designerselection\/","title":{"rendered":"G\u00e9rard Laiz\u00e9, Designer\u2019sElection"},"content":{"rendered":"<p>G\u00e9rard Gaiz\u00e9 is currently the founding President of Designer&#8217;sElection, a consultancy specialising in foresight and innovation strategy. He was Managing Director of VIA (Valorisation de l&#8217;innovation et de la cr\u00e9ation dans l&#8217;am\u00e9nagement et l&#8217;ameublement des espaces de vie) from November 1994 to July 2015. He has also worked as a marketing director in industry and distribution, in France and abroad, for over twenty years. His work on prospective reflection is the subject of publications and conferences in various business and design schools, universities, conventions and professional meetings, in France and abroad. He is the author of numerous books, notably in the &#8220;Domovision&#8221; and &#8220;Design &amp;&#8221; collections. He has curated more than 150 exhibitions promoting the French spirit and creativity in many countries around the world. He has also been a member of the Institut National des M\u00e9tiers d&#8217;Art, a member of the Innovation Committee of the Institut Paul Bocuse and a member of the IFM&#8217;s Academic Affairs Council. He is still a member of the Advisory Commission for the acquisition of the Mobilier National and the Manufactures nationales.<\/p>\n","protected":false},"excerpt":{"rendered":"<p>G\u00e9rard Gaiz\u00e9 is currently the founding President of Designer&#8217;sElection, a consultancy specialising in foresight and innovation strategy. He was Managing Director of VIA (Valorisation de l&#8217;innovation et de la cr\u00e9ation dans l&#8217;am\u00e9nagement et l&#8217;ameublement des espaces de vie) from November 1994 to July 2015. He has also worked as a marketing director in industry and [&hellip;]<\/p>\n","protected":false},"featured_media":218381,"template":"","meta":{"_seopress_robots_primary_cat":"","_seopress_titles_title":"Packaging Premi\u00e8re Talks 2023 | G\u00e9rard Laiz\u00e9, Designer\u2019sElection","_seopress_titles_desc":"","_seopress_robots_index":"","_company_name":"","_job_title":"","_visit_me":"","_email":"","_linkedin":"","_twitter":"","_facebook":"","_instagram":"","_youtube":"","_imdb":"","footnotes":""},"edition":[585],"guest_type":[584],"work":[],"class_list":["post-218544","guest","type-guest","status-publish","has-post-thumbnail","hentry","edition-paris-packaging-week-speakers-2023","guest_type-packaging-premiere-speakers-2023-en"],"_cover_image":null,"_links":{"self":[{"href":"https:\/\/www.parispackagingweek.com\/en\/wp-json\/wp\/v2\/guest\/218544","targetHints":{"allow":["GET"]}}],"collection":[{"href":"https:\/\/www.parispackagingweek.com\/en\/wp-json\/wp\/v2\/guest"}],"about":[{"href":"https:\/\/www.parispackagingweek.com\/en\/wp-json\/wp\/v2\/types\/guest"}],"version-history":[{"count":2,"href":"https:\/\/www.parispackagingweek.com\/en\/wp-json\/wp\/v2\/guest\/218544\/revisions"}],"predecessor-version":[{"id":219681,"href":"https:\/\/www.parispackagingweek.com\/en\/wp-json\/wp\/v2\/guest\/218544\/revisions\/219681"}],"wp:featuredmedia":[{"embeddable":true,"href":"https:\/\/www.parispackagingweek.com\/en\/wp-json\/wp\/v2\/media\/218381"}],"wp:attachment":[{"href":"https:\/\/www.parispackagingweek.com\/en\/wp-json\/wp\/v2\/media?parent=218544"}],"wp:term":[{"taxonomy":"edition","embeddable":true,"href":"https:\/\/www.parispackagingweek.com\/en\/wp-json\/wp\/v2\/edition?post=218544"},{"taxonomy":"guest_type","embeddable":true,"href":"https:\/\/www.parispackagingweek.com\/en\/wp-json\/wp\/v2\/guest_type?post=218544"},{"taxonomy":"work","embeddable":true,"href":"https:\/\/www.parispackagingweek.com\/en\/wp-json\/wp\/v2\/work?post=218544"}],"curies":[{"name":"wp","href":"https:\/\/api.w.org\/{rel}","templated":true}]}}

Gérard Laizé, Designer’sElection

<p>Gérard Gaizé is currently the founding President of Designer&#8217;sElection, a consultancy specialising in foresight and innovation strategy. He was Managing Director of VIA (Valorisation de l&#8217;innovation et de la création dans l&#8217;aménagement et l&#8217;ameublement des espaces de vie) from November 1994 to July 2015. He has also worked as a marketing director in industry and distribution, in France and abroad, for over twenty years. His work on prospective reflection is the subject of publications and conferences in various business and design schools, universities, conventions and professional meetings, in France and abroad. He is the author of numerous books, notably in the &#8220;Domovision&#8221; and &#8220;Design &amp;&#8221; collections. He has curated more than 150 exhibitions promoting the French spirit and creativity in many countries around the world. He has also been a member of the Institut National des Métiers d&#8217;Art, a member of the Innovation Committee of the Institut Paul Bocuse and a member of the IFM&#8217;s Academic Affairs Council. He is still a member of the Advisory Commission for the acquisition of the Mobilier National and the Manufactures nationales.</p>

<p>Gérard Gaizé is currently the founding President of Designer&#8217;sElection, a consultancy specialising in foresight and innovation strategy. He was Managing Director of VIA (Valorisation de l&#8217;innovation et de la création dans l&#8217;aménagement et l&#8217;ameublement des espaces de vie) from November 1994 to July 2015. He has also worked as a marketing director in industry and [&hellip;]</p>

Packaging Première Talks 2023 | Gérard Laizé, Designer’sElection
