{"id":336972,"date":"2024-01-08T16:56:13","date_gmt":"2024-01-08T15:56:13","guid":{"rendered":"https:\/\/www.parispackagingweek.com\/speaker\/berangere-raguenet\/"},"modified":"2024-01-08T16:56:13","modified_gmt":"2024-01-08T15:56:13","slug":"berangere-raguenet","status":"publish","type":"guest","link":"https:\/\/www.parispackagingweek.com\/en\/speaker\/berangere-raguenet\/","title":{"rendered":"B\u00e9rang\u00e8re Raguenet"},"content":{"rendered":"\n<p>B\u00e9rang\u00e8re Raguenet joined Verescence in 2020. Previously, she was a Product Manager at French glassmaker Verallia from 2015 to 2020, where she held responsibility for the high-end international brand, Selective Line. She began her career as a Research Engineer at Saint-Gobain Research Paris. B\u00e9rang\u00e8re holds a Ph.D. in Physicochemistry of Materials from the University Montpellier 2 and a Master&#8217;s degree in Physicochemistry of Materials from the University of Lille.<\/p>\n","protected":false},"excerpt":{"rendered":"<p>B\u00e9rang\u00e8re Raguenet joined Verescence in 2020. Previously, she was a Product Manager at French glassmaker Verallia from 2015 to 2020, where she held responsibility for the high-end international brand, Selective Line. She began her career as a Research Engineer at Saint-Gobain Research Paris. B\u00e9rang\u00e8re holds a Ph.D. in Physicochemistry of Materials from the University Montpellier [&hellip;]<\/p>\n","protected":false},"featured_media":336943,"template":"","meta":{"_seopress_robots_primary_cat":"","_seopress_titles_title":"Circular Economy Stage | B\u00e9rang\u00e8re Raguenet, Verescence","_seopress_titles_desc":"B\u00e9rang\u00e8re Raguenet joined Verescence in 2020. Previously, she was a Product Manager at French glassmaker Verallia from 2015 to 2020, where she held responsibility for the high-end international brand, Selective Line. She began her career as a Research Engineer at Saint-Gobain Research Paris. B\u00e9rang\u00e8re holds a Ph.D. in Physicochemistry of Materials from the University Montpellier 2 and a Master's degree in Physicochemistry of Materials from the University of Lille.","_seopress_robots_index":"","_company_name":"Verescence","_job_title":"Marketing and Communication Director","_visit_me":"","_email":"","_linkedin":"","_twitter":"","_facebook":"","_instagram":"","_youtube":"","_imdb":"","footnotes":""},"edition":[744],"guest_type":[769],"work":[],"class_list":["post-336972","guest","type-guest","status-publish","has-post-thumbnail","hentry","edition-paris-packaging-week-speakers-2024","guest_type-circular-economy-stage"],"_cover_image":null,"_links":{"self":[{"href":"https:\/\/www.parispackagingweek.com\/en\/wp-json\/wp\/v2\/guest\/336972","targetHints":{"allow":["GET"]}}],"collection":[{"href":"https:\/\/www.parispackagingweek.com\/en\/wp-json\/wp\/v2\/guest"}],"about":[{"href":"https:\/\/www.parispackagingweek.com\/en\/wp-json\/wp\/v2\/types\/guest"}],"version-history":[{"count":1,"href":"https:\/\/www.parispackagingweek.com\/en\/wp-json\/wp\/v2\/guest\/336972\/revisions"}],"predecessor-version":[{"id":336973,"href":"https:\/\/www.parispackagingweek.com\/en\/wp-json\/wp\/v2\/guest\/336972\/revisions\/336973"}],"wp:featuredmedia":[{"embeddable":true,"href":"https:\/\/www.parispackagingweek.com\/en\/wp-json\/wp\/v2\/media\/336943"}],"wp:attachment":[{"href":"https:\/\/www.parispackagingweek.com\/en\/wp-json\/wp\/v2\/media?parent=336972"}],"wp:term":[{"taxonomy":"edition","embeddable":true,"href":"https:\/\/www.parispackagingweek.com\/en\/wp-json\/wp\/v2\/edition?post=336972"},{"taxonomy":"guest_type","embeddable":true,"href":"https:\/\/www.parispackagingweek.com\/en\/wp-json\/wp\/v2\/guest_type?post=336972"},{"taxonomy":"work","embeddable":true,"href":"https:\/\/www.parispackagingweek.com\/en\/wp-json\/wp\/v2\/work?post=336972"}],"curies":[{"name":"wp","href":"https:\/\/api.w.org\/{rel}","templated":true}]}}

Bérangère Raguenet

<p>Bérangère Raguenet joined Verescence in 2020. Previously, she was a Product Manager at French glassmaker Verallia from 2015 to 2020, where she held responsibility for the high-end international brand, Selective Line. She began her career as a Research Engineer at Saint-Gobain Research Paris. Bérangère holds a Ph.D. in Physicochemistry of Materials from the University Montpellier 2 and a Master&#8217;s degree in Physicochemistry of Materials from the University of Lille.</p>

<p>Bérangère Raguenet joined Verescence in 2020. Previously, she was a Product Manager at French glassmaker Verallia from 2015 to 2020, where she held responsibility for the high-end international brand, Selective Line. She began her career as a Research Engineer at Saint-Gobain Research Paris. Bérangère holds a Ph.D. in Physicochemistry of Materials from the University Montpellier [&hellip;]</p>

Circular Economy Stage | Bérangère Raguenet, Verescence

Bérangère Raguenet joined Verescence in 2020. Previously, she was a Product Manager at French glassmaker Verallia from 2015 to 2020, where she held responsibility for the high-end international brand, Selective Line. She began her career as a Research Engineer at Saint-Gobain Research Paris. Bérangère holds a Ph.D. in Physicochemistry of Materials from the University Montpellier 2 and a Master's degree in Physicochemistry of Materials from the University of Lille.
