{"id":494131,"date":"2026-01-21T10:20:38","date_gmt":"2026-01-21T09:20:38","guid":{"rendered":"https:\/\/www.parispackagingweek.com\/?post_type=guest&#038;p=494131"},"modified":"2026-01-21T10:21:10","modified_gmt":"2026-01-21T09:21:10","slug":"clara-hardy","status":"publish","type":"guest","link":"https:\/\/www.parispackagingweek.com\/en\/speaker\/clara-hardy\/","title":{"rendered":"Clara Hardy"},"content":{"rendered":"\n<p>Clara Hardy has been developing Sericyne silk for the past 10 years\u2014an innovative material entirely sourced from an integrated supply chain, dedicated to the luxury industry. SERICYNE collaborates with players in leather goods, cosmetics and design to offer sustainable, high-end products.<\/p>\n","protected":false},"excerpt":{"rendered":"<p>Clara Hardy has been developing Sericyne silk for the past 10 years\u2014an innovative material entirely sourced from an integrated supply chain, dedicated to the luxury industry. SERICYNE collaborates with players in leather goods, cosmetics and design to offer sustainable, high-end products.<\/p>\n","protected":false},"featured_media":494133,"template":"","meta":{"_seopress_robots_primary_cat":"","_seopress_titles_title":"Clara Hardy","_seopress_titles_desc":"Fondatrice et CEO de SERICYNE, Clara Hardy d\u00e9veloppe depuis 10 ans la soie Sericyne, une mati\u00e8re innovante et 100% issue d'une fili\u00e8re int\u00e9gr\u00e9e, d\u00e9di\u00e9es \u00e0 l'univers du luxe. SERICYNE collabore avec des acteurs de la maroquinerie, de la cosm\u00e9tique et du design pour proposer des produits durables et d\u2019excellence.","_seopress_robots_index":"","_company_name":"SERICYNE","_job_title":"Founder and CEO","_visit_me":"","_email":"","_linkedin":"","_twitter":"","_facebook":"","_instagram":"","_youtube":"","_imdb":"","footnotes":""},"edition":[1084],"guest_type":[1081],"work":[],"class_list":["post-494131","guest","type-guest","status-publish","has-post-thumbnail","hentry","edition-paris-packaging-week-2026","guest_type-discovery-zone-stage-2026"],"_cover_image":null,"_links":{"self":[{"href":"https:\/\/www.parispackagingweek.com\/en\/wp-json\/wp\/v2\/guest\/494131","targetHints":{"allow":["GET"]}}],"collection":[{"href":"https:\/\/www.parispackagingweek.com\/en\/wp-json\/wp\/v2\/guest"}],"about":[{"href":"https:\/\/www.parispackagingweek.com\/en\/wp-json\/wp\/v2\/types\/guest"}],"version-history":[{"count":2,"href":"https:\/\/www.parispackagingweek.com\/en\/wp-json\/wp\/v2\/guest\/494131\/revisions"}],"predecessor-version":[{"id":494136,"href":"https:\/\/www.parispackagingweek.com\/en\/wp-json\/wp\/v2\/guest\/494131\/revisions\/494136"}],"wp:featuredmedia":[{"embeddable":true,"href":"https:\/\/www.parispackagingweek.com\/en\/wp-json\/wp\/v2\/media\/494133"}],"wp:attachment":[{"href":"https:\/\/www.parispackagingweek.com\/en\/wp-json\/wp\/v2\/media?parent=494131"}],"wp:term":[{"taxonomy":"edition","embeddable":true,"href":"https:\/\/www.parispackagingweek.com\/en\/wp-json\/wp\/v2\/edition?post=494131"},{"taxonomy":"guest_type","embeddable":true,"href":"https:\/\/www.parispackagingweek.com\/en\/wp-json\/wp\/v2\/guest_type?post=494131"},{"taxonomy":"work","embeddable":true,"href":"https:\/\/www.parispackagingweek.com\/en\/wp-json\/wp\/v2\/work?post=494131"}],"curies":[{"name":"wp","href":"https:\/\/api.w.org\/{rel}","templated":true}]}}

Fondatrice et CEO de SERICYNE, Clara Hardy développe depuis 10 ans la soie Sericyne, une matière innovante et 100% issue d'une filière intégrée, dédiées à l'univers du luxe. SERICYNE collabore avec des acteurs de la maroquinerie, de la cosmétique et du design pour proposer des produits durables et d’excellence.
