{"id":494192,"date":"2026-01-21T18:03:16","date_gmt":"2026-01-21T17:03:16","guid":{"rendered":"https:\/\/www.parispackagingweek.com\/speaker\/frederique-ammeloot\/"},"modified":"2026-01-21T18:03:20","modified_gmt":"2026-01-21T17:03:20","slug":"frederique-ammeloot","status":"publish","type":"guest","link":"https:\/\/www.parispackagingweek.com\/en\/speaker\/frederique-ammeloot\/","title":{"rendered":"Fr\u00e9d\u00e9rique AMMELOOT"},"content":{"rendered":"","protected":false},"excerpt":{"rendered":"","protected":false},"featured_media":494190,"template":"","meta":{"_seopress_robots_primary_cat":"","_seopress_titles_title":"Fr\u00e9d\u00e9rique AMMELOOT | Paris Packaging Week 2026","_seopress_titles_desc":"","_seopress_robots_index":"","_company_name":"SORAP","_job_title":"D\u00e9l\u00e9gu\u00e9e G\u00e9n\u00e9rale","_visit_me":"","_email":"","_linkedin":"","_twitter":"","_facebook":"","_instagram":"","_youtube":"","_imdb":"","footnotes":""},"edition":[1084],"guest_type":[1078],"work":[],"class_list":["post-494192","guest","type-guest","status-publish","has-post-thumbnail","hentry","edition-paris-packaging-week-2026","guest_type-future-innovation-forum-2026"],"_cover_image":null,"_links":{"self":[{"href":"https:\/\/www.parispackagingweek.com\/en\/wp-json\/wp\/v2\/guest\/494192","targetHints":{"allow":["GET"]}}],"collection":[{"href":"https:\/\/www.parispackagingweek.com\/en\/wp-json\/wp\/v2\/guest"}],"about":[{"href":"https:\/\/www.parispackagingweek.com\/en\/wp-json\/wp\/v2\/types\/guest"}],"version-history":[{"count":1,"href":"https:\/\/www.parispackagingweek.com\/en\/wp-json\/wp\/v2\/guest\/494192\/revisions"}],"predecessor-version":[{"id":494193,"href":"https:\/\/www.parispackagingweek.com\/en\/wp-json\/wp\/v2\/guest\/494192\/revisions\/494193"}],"wp:featuredmedia":[{"embeddable":true,"href":"https:\/\/www.parispackagingweek.com\/en\/wp-json\/wp\/v2\/media\/494190"}],"wp:attachment":[{"href":"https:\/\/www.parispackagingweek.com\/en\/wp-json\/wp\/v2\/media?parent=494192"}],"wp:term":[{"taxonomy":"edition","embeddable":true,"href":"https:\/\/www.parispackagingweek.com\/en\/wp-json\/wp\/v2\/edition?post=494192"},{"taxonomy":"guest_type","embeddable":true,"href":"https:\/\/www.parispackagingweek.com\/en\/wp-json\/wp\/v2\/guest_type?post=494192"},{"taxonomy":"work","embeddable":true,"href":"https:\/\/www.parispackagingweek.com\/en\/wp-json\/wp\/v2\/work?post=494192"}],"curies":[{"name":"wp","href":"https:\/\/api.w.org\/{rel}","templated":true}]}}

Frédérique AMMELOOT

Frédérique AMMELOOT | Paris Packaging Week 2026

Déléguée Générale
