{"id":68177,"date":"2022-04-20T10:41:45","date_gmt":"2022-04-20T08:41:45","guid":{"rendered":"https:\/\/www.parispackagingweek.com\/?post_type=guest&#038;p=68177"},"modified":"2022-12-26T09:27:58","modified_gmt":"2022-12-26T08:27:58","slug":"nicolas-koutros-oberthur-solutions","status":"publish","type":"guest","link":"https:\/\/www.parispackagingweek.com\/en\/speaker\/nicolas-koutros-oberthur-solutions\/","title":{"rendered":"Nicolas Koutros, Oberthur Solutions"},"content":{"rendered":"<p>Deputy General Director of the Fran\u00e7ois-Charles Oberthur Group (FCO)<br \/>\nand Managing Director of the Bioguard &amp; Co.<\/p>\n<p>Born in 1960 graduated in Electrical Engineering from the \u00c9cole Polytechnique F\u00e9d\u00e9rale de Lausanne. He later graduated from INSEAD with a Master\u2019s in Business Administration.<br \/>\nHe started his career in 1984 as a Project Manager of CIBA CEIGY In 1990 he joined SICPA to become Plant Director, before moving to France in 1997 to join the FCOF group, as Divisional Director of Oberthur Fiduciaire Since joining the FCOF group, his purpose has been to place the company at the forefront of innovation in the security printing industry,<br \/>\nAfter leading the OF division until the end of 2020 Mr Koutros is currently in charge of developing the Oberthur Solutions division which offers innovative solutions for digital services and secure documents.<br \/>\nIn 2021 he was appointed Managing Director of the Bioguard Co, a newly created company with the objective of deploying Bioguard\u2122 technology beyond fiduciary printing Bioguard\u2122 technology is a solution which can be used in any industry to protect products, surfaces, packaging and paper offering customized solutions.<br \/>\nToday Nicolas Koutros is the Deputy General Director of the Fran\u00e7ois Charles Oberthur Group and Managing Director of the Bioguard Co.<\/p>\n","protected":false},"excerpt":{"rendered":"<p>Deputy General Director of the Fran\u00e7ois-Charles Oberthur Group (FCO) and Managing Director of the Bioguard &amp; Co. Born in 1960 graduated in Electrical Engineering from the \u00c9cole Polytechnique F\u00e9d\u00e9rale de Lausanne. He later graduated from INSEAD with a Master\u2019s in Business Administration. He started his career in 1984 as a Project Manager of CIBA CEIGY [&hellip;]<\/p>\n","protected":false},"featured_media":68173,"template":"","meta":{"_seopress_robots_primary_cat":"","_seopress_titles_title":"PLD Talks 2023 | Nicolas Koutros, Oberthur Solutions","_seopress_titles_desc":"","_seopress_robots_index":"","_company_name":"","_job_title":"","_visit_me":"","_email":"","_linkedin":"","_twitter":"","_facebook":"","_instagram":"","_youtube":"","_imdb":"","footnotes":""},"edition":[586,585],"guest_type":[465],"work":[],"class_list":["post-68177","guest","type-guest","status-publish","has-post-thumbnail","hentry","edition-paris-packaging-week-speakers-2022","edition-paris-packaging-week-speakers-2023","guest_type-pcd-speakers-2022-en-2"],"_cover_image":null,"_links":{"self":[{"href":"https:\/\/www.parispackagingweek.com\/en\/wp-json\/wp\/v2\/guest\/68177","targetHints":{"allow":["GET"]}}],"collection":[{"href":"https:\/\/www.parispackagingweek.com\/en\/wp-json\/wp\/v2\/guest"}],"about":[{"href":"https:\/\/www.parispackagingweek.com\/en\/wp-json\/wp\/v2\/types\/guest"}],"version-history":[{"count":4,"href":"https:\/\/www.parispackagingweek.com\/en\/wp-json\/wp\/v2\/guest\/68177\/revisions"}],"predecessor-version":[{"id":223272,"href":"https:\/\/www.parispackagingweek.com\/en\/wp-json\/wp\/v2\/guest\/68177\/revisions\/223272"}],"wp:featuredmedia":[{"embeddable":true,"href":"https:\/\/www.parispackagingweek.com\/en\/wp-json\/wp\/v2\/media\/68173"}],"wp:attachment":[{"href":"https:\/\/www.parispackagingweek.com\/en\/wp-json\/wp\/v2\/media?parent=68177"}],"wp:term":[{"taxonomy":"edition","embeddable":true,"href":"https:\/\/www.parispackagingweek.com\/en\/wp-json\/wp\/v2\/edition?post=68177"},{"taxonomy":"guest_type","embeddable":true,"href":"https:\/\/www.parispackagingweek.com\/en\/wp-json\/wp\/v2\/guest_type?post=68177"},{"taxonomy":"work","embeddable":true,"href":"https:\/\/www.parispackagingweek.com\/en\/wp-json\/wp\/v2\/work?post=68177"}],"curies":[{"name":"wp","href":"https:\/\/api.w.org\/{rel}","templated":true}]}}

<p>Deputy General Director of the François-Charles Oberthur Group (FCO)<br />
and Managing Director of the Bioguard &amp; Co.</p>
<p>Born in 1960 graduated in Electrical Engineering from the École Polytechnique Fédérale de Lausanne. He later graduated from INSEAD with a Master’s in Business Administration.<br />
He started his career in 1984 as a Project Manager of CIBA CEIGY In 1990 he joined SICPA to become Plant Director, before moving to France in 1997 to join the FCOF group, as Divisional Director of Oberthur Fiduciaire Since joining the FCOF group, his purpose has been to place the company at the forefront of innovation in the security printing industry,<br />
After leading the OF division until the end of 2020 Mr Koutros is currently in charge of developing the Oberthur Solutions division which offers innovative solutions for digital services and secure documents.<br />
In 2021 he was appointed Managing Director of the Bioguard Co, a newly created company with the objective of deploying Bioguard™ technology beyond fiduciary printing Bioguard™ technology is a solution which can be used in any industry to protect products, surfaces, packaging and paper offering customized solutions.<br />
Today Nicolas Koutros is the Deputy General Director of the François Charles Oberthur Group and Managing Director of the Bioguard Co.</p>

<p>Deputy General Director of the François-Charles Oberthur Group (FCO) and Managing Director of the Bioguard &amp; Co. Born in 1960 graduated in Electrical Engineering from the École Polytechnique Fédérale de Lausanne. He later graduated from INSEAD with a Master’s in Business Administration. He started his career in 1984 as a Project Manager of CIBA CEIGY [&hellip;]</p>
