{"id":68765,"date":"2022-04-20T12:29:36","date_gmt":"2022-04-20T10:29:36","guid":{"rendered":"https:\/\/www.parispackagingweek.com\/?post_type=guest&#038;p=68765"},"modified":"2025-12-03T14:09:56","modified_gmt":"2025-12-03T13:09:56","slug":"alain-dhaese-fea","status":"publish","type":"guest","link":"https:\/\/www.parispackagingweek.com\/en\/speaker\/alain-dhaese-fea\/","title":{"rendered":"Alain D&#8217;Haese"},"content":{"rendered":"<p>Alain has held a variety of positions in different sectors, from research to sales to scientific and regulatory affairs. He worked for a contract aerosol filler before joining the Belgian Aerosol Association and finally the European Aerosol Federation (F.E.A.) where he has been Secretary General for more than 15 years. Alain has a background in chemistry, cosmetology, management and change management. He is also a former President of the Royal Belgian Society of Cosmetic Sciences. He teaches a course on aerosol technology at the Universit\u00e9 Libre de Bruxelles (ULB).<\/p>\n","protected":false},"excerpt":{"rendered":"<p>Alain has held a variety of positions in different sectors, from research to sales to scientific and regulatory affairs. He worked for a contract aerosol filler before joining the Belgian Aerosol Association and finally the European Aerosol Federation (F.E.A.) where he has been Secretary General for more than 15 years. Alain has a background in [&hellip;]<\/p>\n","protected":false},"featured_media":134136,"template":"","meta":{"_seopress_robots_primary_cat":"","_seopress_titles_title":"ADF Paris | Alain D'Haese, F\u00e9d\u00e9ration Europ\u00e9enne des A\u00e9rosols (FEA)","_seopress_titles_desc":"","_seopress_robots_index":"","_company_name":"European Aerosol Federation (FEA)","_job_title":"General Secretary,","_visit_me":"","_email":"","_linkedin":"","_twitter":"","_facebook":"","_instagram":"","_youtube":"","_imdb":"","footnotes":""},"edition":[586,585,744,1084],"guest_type":[725,758,443,577,769,600,1080,936,794],"work":[],"class_list":["post-68765","guest","type-guest","status-publish","has-post-thumbnail","hentry","edition-paris-packaging-week-speakers-2022","edition-paris-packaging-week-speakers-2023","edition-paris-packaging-week-speakers-2024","edition-paris-packaging-week-2026","guest_type-adf-ad-board","guest_type-adf-jury-en-2","guest_type-adf-speakers-2022","guest_type-adf-speakers-2023","guest_type-circular-economy-stage","guest_type-front-page","guest_type-global-aerosol-dispensing-forum-2026","guest_type-homepage-2025","guest_type-the-aerosol-dispensing-summit"],"_cover_image":null,"_links":{"self":[{"href":"https:\/\/www.parispackagingweek.com\/en\/wp-json\/wp\/v2\/guest\/68765","targetHints":{"allow":["GET"]}}],"collection":[{"href":"https:\/\/www.parispackagingweek.com\/en\/wp-json\/wp\/v2\/guest"}],"about":[{"href":"https:\/\/www.parispackagingweek.com\/en\/wp-json\/wp\/v2\/types\/guest"}],"version-history":[{"count":5,"href":"https:\/\/www.parispackagingweek.com\/en\/wp-json\/wp\/v2\/guest\/68765\/revisions"}],"predecessor-version":[{"id":318531,"href":"https:\/\/www.parispackagingweek.com\/en\/wp-json\/wp\/v2\/guest\/68765\/revisions\/318531"}],"wp:featuredmedia":[{"embeddable":true,"href":"https:\/\/www.parispackagingweek.com\/en\/wp-json\/wp\/v2\/media\/134136"}],"wp:attachment":[{"href":"https:\/\/www.parispackagingweek.com\/en\/wp-json\/wp\/v2\/media?parent=68765"}],"wp:term":[{"taxonomy":"edition","embeddable":true,"href":"https:\/\/www.parispackagingweek.com\/en\/wp-json\/wp\/v2\/edition?post=68765"},{"taxonomy":"guest_type","embeddable":true,"href":"https:\/\/www.parispackagingweek.com\/en\/wp-json\/wp\/v2\/guest_type?post=68765"},{"taxonomy":"work","embeddable":true,"href":"https:\/\/www.parispackagingweek.com\/en\/wp-json\/wp\/v2\/work?post=68765"}],"curies":[{"name":"wp","href":"https:\/\/api.w.org\/{rel}","templated":true}]}}

<p>Alain has held a variety of positions in different sectors, from research to sales to scientific and regulatory affairs. He worked for a contract aerosol filler before joining the Belgian Aerosol Association and finally the European Aerosol Federation (F.E.A.) where he has been Secretary General for more than 15 years. Alain has a background in chemistry, cosmetology, management and change management. He is also a former President of the Royal Belgian Society of Cosmetic Sciences. He teaches a course on aerosol technology at the Université Libre de Bruxelles (ULB).</p>

ADF Paris | Alain D'Haese, Fédération Européenne des Aérosols (FEA)
