{"id":71913,"date":"2022-05-04T11:19:17","date_gmt":"2022-05-04T09:19:17","guid":{"rendered":"https:\/\/www.parispackagingweek.com\/guest\/emmanuel-guichard-febea\/"},"modified":"2023-01-11T17:44:42","modified_gmt":"2023-01-11T16:44:42","slug":"emmanuel-guichard-febea","status":"publish","type":"guest","link":"https:\/\/www.parispackagingweek.com\/en\/speaker\/emmanuel-guichard-febea\/","title":{"rendered":"Emmanuel Guichard, FEBEA"},"content":{"rendered":"<p>General Secretary<\/p>\n<p>An agricultural engineer, Emmanuel Guichard, 44, began his career in research in the United States and Spain, before joining professional associations in France and Brussels.<\/p>\n<p>First in charge of economic affairs at the General Confederation of Beet Growers (CGB), he then joined COFALEC (Confederation of Yeast Manufacturers in the European Union) in Brussels as Secretary General.<\/p>\n<p>Since 2016, Emmanuel Guichard was General Delegate of Elipso, the trade association representing plastic packaging manufacturers. In this sector in transition, he has developed an expertise on the circular economy, from design to recycling of packaging<\/p>\n<p>Since April 2021, he has been the General Delegate of FEBEA (F\u00e9d\u00e9ration fran\u00e7aise des entreprises de la beaut\u00e9), the professional union of companies in the cosmetics sector. The FEBEA brings together the brands of manufacturers of perfumery, make-up, skincare, hygiene, toiletry and hair care products.) It brings together more than 300 companies operating in France.<\/p>\n<p>In parallel to his professional activities, Emmanuel Guichard is involved in teaching at Sciences Po Lille.<\/p>\n","protected":false},"excerpt":{"rendered":"<p>General Secretary An agricultural engineer, Emmanuel Guichard, 44, began his career in research in the United States and Spain, before joining professional associations in France and Brussels. First in charge of economic affairs at the General Confederation of Beet Growers (CGB), he then joined COFALEC (Confederation of Yeast Manufacturers in the European Union) in Brussels [&hellip;]<\/p>\n","protected":false},"featured_media":68031,"template":"","meta":{"_seopress_robots_primary_cat":"","_seopress_titles_title":" PCD Talks 2023 | Emmanuel Guichard, FEBEA","_seopress_titles_desc":"","_seopress_robots_index":"","_company_name":"","_job_title":"","_visit_me":"","_email":"","_linkedin":"","_twitter":"","_facebook":"","_instagram":"","_youtube":"","_imdb":"","footnotes":""},"edition":[586,585],"guest_type":[465,599],"work":[],"class_list":["post-71913","guest","type-guest","status-publish","has-post-thumbnail","hentry","edition-paris-packaging-week-speakers-2022","edition-paris-packaging-week-speakers-2023","guest_type-pcd-speakers-2022-en-2","guest_type-pcd-speakers-2023-en-2"],"_cover_image":null,"_links":{"self":[{"href":"https:\/\/www.parispackagingweek.com\/en\/wp-json\/wp\/v2\/guest\/71913","targetHints":{"allow":["GET"]}}],"collection":[{"href":"https:\/\/www.parispackagingweek.com\/en\/wp-json\/wp\/v2\/guest"}],"about":[{"href":"https:\/\/www.parispackagingweek.com\/en\/wp-json\/wp\/v2\/types\/guest"}],"version-history":[{"count":4,"href":"https:\/\/www.parispackagingweek.com\/en\/wp-json\/wp\/v2\/guest\/71913\/revisions"}],"predecessor-version":[{"id":250510,"href":"https:\/\/www.parispackagingweek.com\/en\/wp-json\/wp\/v2\/guest\/71913\/revisions\/250510"}],"wp:featuredmedia":[{"embeddable":true,"href":"https:\/\/www.parispackagingweek.com\/en\/wp-json\/wp\/v2\/media\/68031"}],"wp:attachment":[{"href":"https:\/\/www.parispackagingweek.com\/en\/wp-json\/wp\/v2\/media?parent=71913"}],"wp:term":[{"taxonomy":"edition","embeddable":true,"href":"https:\/\/www.parispackagingweek.com\/en\/wp-json\/wp\/v2\/edition?post=71913"},{"taxonomy":"guest_type","embeddable":true,"href":"https:\/\/www.parispackagingweek.com\/en\/wp-json\/wp\/v2\/guest_type?post=71913"},{"taxonomy":"work","embeddable":true,"href":"https:\/\/www.parispackagingweek.com\/en\/wp-json\/wp\/v2\/work?post=71913"}],"curies":[{"name":"wp","href":"https:\/\/api.w.org\/{rel}","templated":true}]}}

<p>General Secretary</p>
<p>An agricultural engineer, Emmanuel Guichard, 44, began his career in research in the United States and Spain, before joining professional associations in France and Brussels.</p>
<p>First in charge of economic affairs at the General Confederation of Beet Growers (CGB), he then joined COFALEC (Confederation of Yeast Manufacturers in the European Union) in Brussels as Secretary General.</p>
<p>Since 2016, Emmanuel Guichard was General Delegate of Elipso, the trade association representing plastic packaging manufacturers. In this sector in transition, he has developed an expertise on the circular economy, from design to recycling of packaging</p>
<p>Since April 2021, he has been the General Delegate of FEBEA (Fédération française des entreprises de la beauté), the professional union of companies in the cosmetics sector. The FEBEA brings together the brands of manufacturers of perfumery, make-up, skincare, hygiene, toiletry and hair care products.) It brings together more than 300 companies operating in France.</p>
<p>In parallel to his professional activities, Emmanuel Guichard is involved in teaching at Sciences Po Lille.</p>
