{"id":320597,"date":"2023-11-17T09:56:53","date_gmt":"2023-11-17T08:56:53","guid":{"rendered":"https:\/\/www.parispackagingweek.com\/?post_type=activity&#038;p=320597"},"modified":"2023-12-06T13:21:38","modified_gmt":"2023-12-06T12:21:38","slug":"faire-bouger-les-choses-comment-un-engagement-soutenu-est-essentiel-pour-parvenir-a-la-decarbonisation-de-la-chaine-de-valeur-et-a-lobjectif-net-zero","status":"publish","type":"activity","link":"https:\/\/www.parispackagingweek.com\/fr\/session\/faire-bouger-les-choses-comment-un-engagement-soutenu-est-essentiel-pour-parvenir-a-la-decarbonisation-de-la-chaine-de-valeur-et-a-lobjectif-net-zero\/","title":{"rendered":"Faire bouger les choses : comment un engagement soutenu est essentiel pour parvenir \u00e0 la d\u00e9carbonisation de la cha\u00eene de valeur et \u00e0 l&rsquo;objectif net z\u00e9ro ?"},"content":{"rendered":"\n<p>Jenny Wassenaar, Chief Sustainability Officer &amp; SVP Global R&amp;D, Trivium <br>Peipei Yang, Sustainable Sourcing Project Manager, Trivium <\/p>\n\n\n\n<p>Jenny et Peipei aborderont les questions suivantes :<\/p>\n\n\n\n<p>Comment naviguons-nous dans le CSRD avec la nouvelle double \u00e9valuation de la mat\u00e9rialit\u00e9 ?<br>Comment devenir un mod\u00e8le en mati\u00e8re de transition vers le d\u00e9veloppement durable ?<br>Quel r\u00f4le les jeunes peuvent-ils jouer dans la conduite du changement durable ?<\/p>\n","protected":false},"excerpt":{"rendered":"<p>Jenny Wassenaar, Chief Sustainability Officer &amp; SVP Global R&amp;D, Trivium Peipei Yang, Sustainable Sourcing Project Manager, Trivium Jenny et Peipei aborderont les questions suivantes : Comment naviguons-nous dans le CSRD avec la nouvelle double \u00e9valuation de la mat\u00e9rialit\u00e9 ?Comment devenir un mod\u00e8le en mati\u00e8re de transition vers le d\u00e9veloppement durable ?Quel r\u00f4le les jeunes peuvent-ils [&hellip;]<\/p>\n","protected":false},"featured_media":0,"template":"","meta":{"_seopress_titles_title":"Global Aerosol Summit | Faire bouger les choses : comment un engagement soutenu est essentiel pour parvenir \u00e0 la d\u00e9carbonisation de la cha\u00eene de valeur et \u00e0 l&#039;objectif net z\u00e9ro ?","_seopress_titles_desc":"Le Global Aerosol &amp; Dispensing Summit d&#039;ADF vous apportera des informations cl\u00e9s sur les derniers d\u00e9fis techniques, de durabilit\u00e9 et de r\u00e9glementation du march\u00e9. Produit en \u00e9troite collaboration avec la FEA, le Global Aerosol &amp; Dispensing Summit accueillera des intervenants experts de la communaut\u00e9 internationale des a\u00e9rosols et du dispensing pour vous aider \u00e0 comprendre l&#039;avenir du march\u00e9 et \u00e0 cr\u00e9er le packaging parfait pour votre prochain lancement.\r\n","_seopress_robots_index":"yes","_seopress_robots_follow":"yes","_seopress_robots_imageindex":"yes","_seopress_robots_snippet":"yes","_seopress_robots_primary_cat":"","_seopress_robots_breadcrumbs":"","_seopress_robots_freeze_modified_date":"","_seopress_robots_custom_modified_date":"","_seopress_robots_canonical":"","_seopress_social_fb_title":"Global Aerosol Summit | Faire bouger les choses : comment un engagement soutenu est essentiel pour parvenir \u00e0 la d\u00e9carbonisation de la cha\u00eene de valeur et \u00e0 l&#039;objectif net z\u00e9ro ?","_seopress_social_fb_desc":"Le Global Aerosol &amp; Dispensing Summit d&#039;ADF vous apportera des informations cl\u00e9s sur les derniers d\u00e9fis techniques, de durabilit\u00e9 et de r\u00e9glementation du march\u00e9. Produit en \u00e9troite collaboration avec la FEA, le Global Aerosol &amp; Dispensing Summit accueillera des intervenants experts de la communaut\u00e9 internationale des a\u00e9rosols et du dispensing pour vous aider \u00e0 comprendre l&#039;avenir du march\u00e9 et \u00e0 cr\u00e9er le packaging parfait pour votre prochain lancement.\r\n","_seopress_social_fb_img":"","_seopress_social_fb_img_attachment_id":0,"_seopress_social_fb_img_width":0,"_seopress_social_fb_img_height":0,"_seopress_social_twitter_title":"Global Aerosol Summit | Faire bouger les choses : comment un engagement soutenu est essentiel pour parvenir \u00e0 la d\u00e9carbonisation de la cha\u00eene de valeur et \u00e0 l&#039;objectif net z\u00e9ro ?","_seopress_social_twitter_desc":"Le Global Aerosol &amp; Dispensing Summit d&#039;ADF vous apportera des informations cl\u00e9s sur les derniers d\u00e9fis techniques, de durabilit\u00e9 et de r\u00e9glementation du march\u00e9. Produit en \u00e9troite collaboration avec la FEA, le Global Aerosol &amp; Dispensing Summit accueillera des intervenants experts de la communaut\u00e9 internationale des a\u00e9rosols et du dispensing pour vous aider \u00e0 comprendre l&#039;avenir du march\u00e9 et \u00e0 cr\u00e9er le packaging parfait pour votre prochain lancement.\r\n","_seopress_social_twitter_img":"","_seopress_social_twitter_img_attachment_id":0,"_seopress_social_twitter_img_width":0,"_seopress_social_twitter_img_height":0,"_seopress_redirections_value":"","_seopress_redirections_enabled":"","_seopress_redirections_enabled_regex":"","_seopress_redirections_logged_status":"both","_seopress_redirections_param":"","_seopress_redirections_type":301,"_seopress_analysis_target_kw":"","_seopress_news_disabled":"","_seopress_video_disabled":"","_seopress_video":[{"url":"","title":"","desc":"","thumbnail":"","duration":"","rating":"","view_count":"","tag":""}],"_seopress_pro_schemas_manual":[],"_seopress_pro_rich_snippets_disable_all":"","_seopress_pro_rich_snippets_disable":[],"_seopress_pro_schemas":[],"_activity_time_start":"15:10","_activity_time_end":"15:35","_activity_date":"2024-01-17","_activity_price":"0","footnotes":""},"edition":[744],"location":[776],"track":[785],"activity_type":[414],"class_list":["post-320597","activity","type-activity","status-publish","hentry","edition-paris-packaging-week-speakers-2024","location-global-aerosol-dispensing-summit-2024","track-sustainability","activity_type-aerosols"],"_guests":[{"href":"https:\/\/www.parispackagingweek.com\/fr\/wp-json\/wp\/v2\/guest\/329868"},{"href":"https:\/\/www.parispackagingweek.com\/fr\/wp-json\/wp\/v2\/guest\/297751"}],"_sponsors":[],"_cover_image":null,"_links":{"self":[{"href":"https:\/\/www.parispackagingweek.com\/fr\/wp-json\/wp\/v2\/activity\/320597","targetHints":{"allow":["GET"]}}],"collection":[{"href":"https:\/\/www.parispackagingweek.com\/fr\/wp-json\/wp\/v2\/activity"}],"about":[{"href":"https:\/\/www.parispackagingweek.com\/fr\/wp-json\/wp\/v2\/types\/activity"}],"version-history":[{"count":0,"href":"https:\/\/www.parispackagingweek.com\/fr\/wp-json\/wp\/v2\/activity\/320597\/revisions"}],"wp:attachment":[{"href":"https:\/\/www.parispackagingweek.com\/fr\/wp-json\/wp\/v2\/media?parent=320597"}],"wp:term":[{"taxonomy":"edition","embeddable":true,"href":"https:\/\/www.parispackagingweek.com\/fr\/wp-json\/wp\/v2\/edition?post=320597"},{"taxonomy":"location","embeddable":true,"href":"https:\/\/www.parispackagingweek.com\/fr\/wp-json\/wp\/v2\/location?post=320597"},{"taxonomy":"track","embeddable":true,"href":"https:\/\/www.parispackagingweek.com\/fr\/wp-json\/wp\/v2\/track?post=320597"},{"taxonomy":"activity_type","embeddable":true,"href":"https:\/\/www.parispackagingweek.com\/fr\/wp-json\/wp\/v2\/activity_type?post=320597"}],"curies":[{"name":"wp","href":"https:\/\/api.w.org\/{rel}","templated":true}]}}

Faire bouger les choses : comment un engagement soutenu est essentiel pour parvenir à la décarbonisation de la chaîne de valeur et à l&rsquo;objectif net zéro ?

<p>Jenny Wassenaar, Chief Sustainability Officer &amp; SVP Global R&amp;D, Trivium <br>Peipei Yang, Sustainable Sourcing Project Manager, Trivium </p>



<p>Jenny et Peipei aborderont les questions suivantes :</p>



<p>Comment naviguons-nous dans le CSRD avec la nouvelle double évaluation de la matérialité ?<br>Comment devenir un modèle en matière de transition vers le développement durable ?<br>Quel rôle les jeunes peuvent-ils jouer dans la conduite du changement durable ?</p>

<p>Jenny Wassenaar, Chief Sustainability Officer &amp; SVP Global R&amp;D, Trivium Peipei Yang, Sustainable Sourcing Project Manager, Trivium Jenny et Peipei aborderont les questions suivantes : Comment naviguons-nous dans le CSRD avec la nouvelle double évaluation de la matérialité ?Comment devenir un modèle en matière de transition vers le développement durable ?Quel rôle les jeunes peuvent-ils [&hellip;]</p>

Global Aerosol Summit | Faire bouger les choses : comment un engagement soutenu est essentiel pour parvenir à la décarbonisation de la chaîne de valeur et à l&#039;objectif net zéro ?

Le Global Aerosol &amp; Dispensing Summit d&#039;ADF vous apportera des informations clés sur les derniers défis techniques, de durabilité et de réglementation du marché. Produit en étroite collaboration avec la FEA, le Global Aerosol &amp; Dispensing Summit accueillera des intervenants experts de la communauté internationale des aérosols et du dispensing pour vous aider à comprendre l&#039;avenir du marché et à créer le packaging parfait pour votre prochain lancement.
