{"id":325091,"date":"2023-11-24T15:24:50","date_gmt":"2023-11-24T14:24:50","guid":{"rendered":"https:\/\/www.parispackagingweek.com\/?post_type=activity&#038;p=325091"},"modified":"2023-12-05T12:46:19","modified_gmt":"2023-12-05T11:46:19","slug":"introduction-par-le-president-sebastian-kraus","status":"publish","type":"activity","link":"https:\/\/www.parispackagingweek.com\/fr\/session\/introduction-par-le-president-sebastian-kraus\/","title":{"rendered":"Th\u00e8me : Les innovations centr\u00e9es consommateurs &#8211; Introduction par le pr\u00e9sident de session Sebastian Kraus"},"content":{"rendered":"\n<p>Sebastian Kraus, Associate Director Packaging Development, KAO<\/p>\n","protected":false},"excerpt":{"rendered":"<p>Sebastian Kraus, Associate Director Packaging Development, KAO<\/p>\n","protected":false},"featured_media":0,"template":"","meta":{"_seopress_titles_title":"Global Aerosol Summit | Th\u00e8me : Les innovations centr\u00e9es consommateurs - Introduction par le pr\u00e9sident de session Sebastian Kraus","_seopress_titles_desc":"Le Global Aerosol &amp; Dispensing Summit d&#039;ADF vous apportera des informations cl\u00e9s sur les derniers d\u00e9fis techniques, de durabilit\u00e9 et de r\u00e9glementation du march\u00e9. Produit en \u00e9troite collaboration avec la FEA, le Global Aerosol &amp; Dispensing Summit accueillera des intervenants experts de la communaut\u00e9 internationale des a\u00e9rosols et du dispensing pour vous aider \u00e0 comprendre l&#039;avenir du march\u00e9 et \u00e0 cr\u00e9er le packaging parfait pour votre prochain lancement.\r\n","_seopress_robots_index":"yes","_seopress_robots_follow":"yes","_seopress_robots_imageindex":"yes","_seopress_robots_snippet":"yes","_seopress_robots_primary_cat":"","_seopress_robots_breadcrumbs":"","_seopress_robots_freeze_modified_date":"","_seopress_robots_custom_modified_date":"","_seopress_robots_canonical":"","_seopress_social_fb_title":"Global Aerosol Summit | Th\u00e8me : Les innovations centr\u00e9es consommateurs - Introduction par le pr\u00e9sident de session Sebastian Kraus","_seopress_social_fb_desc":"Le Global Aerosol &amp; Dispensing Summit d&#039;ADF vous apportera des informations cl\u00e9s sur les derniers d\u00e9fis techniques, de durabilit\u00e9 et de r\u00e9glementation du march\u00e9. Produit en \u00e9troite collaboration avec la FEA, le Global Aerosol &amp; Dispensing Summit accueillera des intervenants experts de la communaut\u00e9 internationale des a\u00e9rosols et du dispensing pour vous aider \u00e0 comprendre l&#039;avenir du march\u00e9 et \u00e0 cr\u00e9er le packaging parfait pour votre prochain lancement.\r\n","_seopress_social_fb_img":"","_seopress_social_fb_img_attachment_id":0,"_seopress_social_fb_img_width":0,"_seopress_social_fb_img_height":0,"_seopress_social_twitter_title":"Global Aerosol Summit | Th\u00e8me : Les innovations centr\u00e9es consommateurs - Introduction par le pr\u00e9sident de session Sebastian Kraus","_seopress_social_twitter_desc":"Le Global Aerosol &amp; Dispensing Summit d&#039;ADF vous apportera des informations cl\u00e9s sur les derniers d\u00e9fis techniques, de durabilit\u00e9 et de r\u00e9glementation du march\u00e9. Produit en \u00e9troite collaboration avec la FEA, le Global Aerosol &amp; Dispensing Summit accueillera des intervenants experts de la communaut\u00e9 internationale des a\u00e9rosols et du dispensing pour vous aider \u00e0 comprendre l&#039;avenir du march\u00e9 et \u00e0 cr\u00e9er le packaging parfait pour votre prochain lancement.\r\n","_seopress_social_twitter_img":"","_seopress_social_twitter_img_attachment_id":0,"_seopress_social_twitter_img_width":0,"_seopress_social_twitter_img_height":0,"_seopress_redirections_value":"","_seopress_redirections_enabled":"","_seopress_redirections_enabled_regex":"","_seopress_redirections_logged_status":"both","_seopress_redirections_param":"","_seopress_redirections_type":301,"_seopress_analysis_target_kw":"","_seopress_news_disabled":"","_seopress_video_disabled":"","_seopress_video":[{"url":"","title":"","desc":"","thumbnail":"","duration":"","rating":"","view_count":"","tag":""}],"_seopress_pro_schemas_manual":[],"_seopress_pro_rich_snippets_disable_all":"","_seopress_pro_rich_snippets_disable":[],"_seopress_pro_schemas":[],"_activity_time_start":"10:15","_activity_time_end":"10:20","_activity_date":"2024-01-18","_activity_price":"0","footnotes":""},"edition":[744],"location":[776],"track":[],"activity_type":[414],"class_list":["post-325091","activity","type-activity","status-publish","hentry","edition-paris-packaging-week-speakers-2024","location-global-aerosol-dispensing-summit-2024","activity_type-aerosols"],"_guests":[{"href":"https:\/\/www.parispackagingweek.com\/fr\/wp-json\/wp\/v2\/guest\/70314"}],"_sponsors":[],"_cover_image":null,"_links":{"self":[{"href":"https:\/\/www.parispackagingweek.com\/fr\/wp-json\/wp\/v2\/activity\/325091","targetHints":{"allow":["GET"]}}],"collection":[{"href":"https:\/\/www.parispackagingweek.com\/fr\/wp-json\/wp\/v2\/activity"}],"about":[{"href":"https:\/\/www.parispackagingweek.com\/fr\/wp-json\/wp\/v2\/types\/activity"}],"version-history":[{"count":0,"href":"https:\/\/www.parispackagingweek.com\/fr\/wp-json\/wp\/v2\/activity\/325091\/revisions"}],"wp:attachment":[{"href":"https:\/\/www.parispackagingweek.com\/fr\/wp-json\/wp\/v2\/media?parent=325091"}],"wp:term":[{"taxonomy":"edition","embeddable":true,"href":"https:\/\/www.parispackagingweek.com\/fr\/wp-json\/wp\/v2\/edition?post=325091"},{"taxonomy":"location","embeddable":true,"href":"https:\/\/www.parispackagingweek.com\/fr\/wp-json\/wp\/v2\/location?post=325091"},{"taxonomy":"track","embeddable":true,"href":"https:\/\/www.parispackagingweek.com\/fr\/wp-json\/wp\/v2\/track?post=325091"},{"taxonomy":"activity_type","embeddable":true,"href":"https:\/\/www.parispackagingweek.com\/fr\/wp-json\/wp\/v2\/activity_type?post=325091"}],"curies":[{"name":"wp","href":"https:\/\/api.w.org\/{rel}","templated":true}]}}

Thème : Les innovations centrées consommateurs &#8211; Introduction par le président de session Sebastian Kraus

Global Aerosol Summit | Thème : Les innovations centrées consommateurs - Introduction par le président de session Sebastian Kraus

Le Global Aerosol &amp; Dispensing Summit d&#039;ADF vous apportera des informations clés sur les derniers défis techniques, de durabilité et de réglementation du marché. Produit en étroite collaboration avec la FEA, le Global Aerosol &amp; Dispensing Summit accueillera des intervenants experts de la communauté internationale des aérosols et du dispensing pour vous aider à comprendre l&#039;avenir du marché et à créer le packaging parfait pour votre prochain lancement.
