{"id":330060,"date":"2023-12-06T18:04:33","date_gmt":"2023-12-06T17:04:33","guid":{"rendered":"https:\/\/www.parispackagingweek.com\/?post_type=activity&#038;p=330060"},"modified":"2023-12-19T16:14:13","modified_gmt":"2023-12-19T15:14:13","slug":"le-siphon-a-creme-fouettee-durable-de-triple-line-tech","status":"publish","type":"activity","link":"https:\/\/www.parispackagingweek.com\/fr\/session\/le-siphon-a-creme-fouettee-durable-de-triple-line-tech\/","title":{"rendered":"Le siphon \u00e0 cr\u00e8me fouett\u00e9e durable de TLT"},"content":{"rendered":"\n<p>Mark Nicmanis, Co-founder, Triple Line Tech<\/p>\n\n\n\n<p>La cr\u00e8me fouett\u00e9e distribu\u00e9e sur les chocolats chauds et les desserts dans les caf\u00e9s et les cha\u00eenes de restauration rapide est mouss\u00e9e \u00e0 l&rsquo;aide d&rsquo;oxyde nitreux, ce qui g\u00e9n\u00e8re des millions de tonnes d&rsquo;\u00e9missions de gaz \u00e0 effet de serre par an. Triple Line Technology a mis au point un siphon respectueux de l&rsquo;environnement qui ne n\u00e9cessite ni oxyde nitreux ni \u00e9tincelles. L&rsquo;expos\u00e9 portera sur le fonctionnement de cette technologie et sur sa comparaison avec les alternatives existantes en termes de fonctionnalit\u00e9 et de durabilit\u00e9.<\/p>\n","protected":false},"excerpt":{"rendered":"<p>Mark Nicmanis, Co-founder, Triple Line Tech La cr\u00e8me fouett\u00e9e distribu\u00e9e sur les chocolats chauds et les desserts dans les caf\u00e9s et les cha\u00eenes de restauration rapide est mouss\u00e9e \u00e0 l&rsquo;aide d&rsquo;oxyde nitreux, ce qui g\u00e9n\u00e8re des millions de tonnes d&rsquo;\u00e9missions de gaz \u00e0 effet de serre par an. Triple Line Technology a mis au point [&hellip;]<\/p>\n","protected":false},"featured_media":0,"template":"","meta":{"_seopress_titles_title":"Global Aerosol Summit | Le siphon \u00e0 cr\u00e8me fouett\u00e9e durable de Triple Line Tech","_seopress_titles_desc":"Le Global Aerosol &amp; Dispensing Summit d&#039;ADF vous apportera des informations cl\u00e9s sur les derniers d\u00e9fis techniques, de durabilit\u00e9 et de r\u00e9glementation du march\u00e9. Produit en \u00e9troite collaboration avec la FEA, le Global Aerosol &amp; Dispensing Summit accueillera des intervenants experts de la communaut\u00e9 internationale des a\u00e9rosols et du dispensing pour vous aider \u00e0 comprendre l&#039;avenir du march\u00e9 et \u00e0 cr\u00e9er le packaging parfait pour votre prochain lancement.","_seopress_robots_index":"yes","_seopress_robots_follow":"yes","_seopress_robots_imageindex":"yes","_seopress_robots_snippet":"yes","_seopress_robots_primary_cat":"","_seopress_robots_breadcrumbs":"","_seopress_robots_freeze_modified_date":"","_seopress_robots_custom_modified_date":"","_seopress_robots_canonical":"","_seopress_social_fb_title":"Global Aerosol Summit | Le siphon \u00e0 cr\u00e8me fouett\u00e9e durable de Triple Line Tech","_seopress_social_fb_desc":"Le Global Aerosol &amp; Dispensing Summit d&#039;ADF vous apportera des informations cl\u00e9s sur les derniers d\u00e9fis techniques, de durabilit\u00e9 et de r\u00e9glementation du march\u00e9. Produit en \u00e9troite collaboration avec la FEA, le Global Aerosol &amp; Dispensing Summit accueillera des intervenants experts de la communaut\u00e9 internationale des a\u00e9rosols et du dispensing pour vous aider \u00e0 comprendre l&#039;avenir du march\u00e9 et \u00e0 cr\u00e9er le packaging parfait pour votre prochain lancement.","_seopress_social_fb_img":"","_seopress_social_fb_img_attachment_id":0,"_seopress_social_fb_img_width":0,"_seopress_social_fb_img_height":0,"_seopress_social_twitter_title":"Global Aerosol Summit | Le siphon \u00e0 cr\u00e8me fouett\u00e9e durable de Triple Line Tech","_seopress_social_twitter_desc":"Le Global Aerosol &amp; Dispensing Summit d&#039;ADF vous apportera des informations cl\u00e9s sur les derniers d\u00e9fis techniques, de durabilit\u00e9 et de r\u00e9glementation du march\u00e9. Produit en \u00e9troite collaboration avec la FEA, le Global Aerosol &amp; Dispensing Summit accueillera des intervenants experts de la communaut\u00e9 internationale des a\u00e9rosols et du dispensing pour vous aider \u00e0 comprendre l&#039;avenir du march\u00e9 et \u00e0 cr\u00e9er le packaging parfait pour votre prochain lancement.","_seopress_social_twitter_img":"","_seopress_social_twitter_img_attachment_id":0,"_seopress_social_twitter_img_width":0,"_seopress_social_twitter_img_height":0,"_seopress_redirections_value":"","_seopress_redirections_enabled":"","_seopress_redirections_enabled_regex":"","_seopress_redirections_logged_status":"both","_seopress_redirections_param":"","_seopress_redirections_type":301,"_seopress_analysis_target_kw":"","_seopress_news_disabled":"","_seopress_video_disabled":"","_seopress_video":[{"url":"","title":"","desc":"","thumbnail":"","duration":"","rating":"","view_count":"","tag":""}],"_seopress_pro_schemas_manual":[],"_seopress_pro_rich_snippets_disable_all":"","_seopress_pro_rich_snippets_disable":[],"_seopress_pro_schemas":[],"_activity_time_start":"16:00","_activity_time_end":"16:25","_activity_date":"2024-01-17","_activity_price":"0","footnotes":""},"edition":[744],"location":[776],"track":[],"activity_type":[],"class_list":["post-330060","activity","type-activity","status-publish","hentry","edition-paris-packaging-week-speakers-2024","location-global-aerosol-dispensing-summit-2024"],"_guests":[{"href":"https:\/\/www.parispackagingweek.com\/fr\/wp-json\/wp\/v2\/guest\/316390"}],"_sponsors":[],"_cover_image":null,"_links":{"self":[{"href":"https:\/\/www.parispackagingweek.com\/fr\/wp-json\/wp\/v2\/activity\/330060","targetHints":{"allow":["GET"]}}],"collection":[{"href":"https:\/\/www.parispackagingweek.com\/fr\/wp-json\/wp\/v2\/activity"}],"about":[{"href":"https:\/\/www.parispackagingweek.com\/fr\/wp-json\/wp\/v2\/types\/activity"}],"version-history":[{"count":0,"href":"https:\/\/www.parispackagingweek.com\/fr\/wp-json\/wp\/v2\/activity\/330060\/revisions"}],"wp:attachment":[{"href":"https:\/\/www.parispackagingweek.com\/fr\/wp-json\/wp\/v2\/media?parent=330060"}],"wp:term":[{"taxonomy":"edition","embeddable":true,"href":"https:\/\/www.parispackagingweek.com\/fr\/wp-json\/wp\/v2\/edition?post=330060"},{"taxonomy":"location","embeddable":true,"href":"https:\/\/www.parispackagingweek.com\/fr\/wp-json\/wp\/v2\/location?post=330060"},{"taxonomy":"track","embeddable":true,"href":"https:\/\/www.parispackagingweek.com\/fr\/wp-json\/wp\/v2\/track?post=330060"},{"taxonomy":"activity_type","embeddable":true,"href":"https:\/\/www.parispackagingweek.com\/fr\/wp-json\/wp\/v2\/activity_type?post=330060"}],"curies":[{"name":"wp","href":"https:\/\/api.w.org\/{rel}","templated":true}]}}

Le siphon à crème fouettée durable de TLT

<p>Mark Nicmanis, Co-founder, Triple Line Tech</p>



<p>La crème fouettée distribuée sur les chocolats chauds et les desserts dans les cafés et les chaînes de restauration rapide est moussée à l&rsquo;aide d&rsquo;oxyde nitreux, ce qui génère des millions de tonnes d&rsquo;émissions de gaz à effet de serre par an. Triple Line Technology a mis au point un siphon respectueux de l&rsquo;environnement qui ne nécessite ni oxyde nitreux ni étincelles. L&rsquo;exposé portera sur le fonctionnement de cette technologie et sur sa comparaison avec les alternatives existantes en termes de fonctionnalité et de durabilité.</p>

<p>Mark Nicmanis, Co-founder, Triple Line Tech La crème fouettée distribuée sur les chocolats chauds et les desserts dans les cafés et les chaînes de restauration rapide est moussée à l&rsquo;aide d&rsquo;oxyde nitreux, ce qui génère des millions de tonnes d&rsquo;émissions de gaz à effet de serre par an. Triple Line Technology a mis au point [&hellip;]</p>

Global Aerosol Summit | Le siphon à crème fouettée durable de Triple Line Tech

Le Global Aerosol &amp; Dispensing Summit d&#039;ADF vous apportera des informations clés sur les derniers défis techniques, de durabilité et de réglementation du marché. Produit en étroite collaboration avec la FEA, le Global Aerosol &amp; Dispensing Summit accueillera des intervenants experts de la communauté internationale des aérosols et du dispensing pour vous aider à comprendre l&#039;avenir du marché et à créer le packaging parfait pour votre prochain lancement.
