{"id":410950,"date":"2024-11-25T15:40:56","date_gmt":"2024-11-25T14:40:56","guid":{"rendered":"https:\/\/www.parispackagingweek.com\/?post_type=activity&#038;p=410950"},"modified":"2025-01-20T15:04:11","modified_gmt":"2025-01-20T14:04:11","slug":"pcd-innovation-awards-ceremony","status":"publish","type":"activity","link":"https:\/\/www.parispackagingweek.com\/fr\/session\/pcd-innovation-awards-ceremony\/","title":{"rendered":"C\u00c9R\u00c9MONIE &#8211; PCD Innovation Awards parrain\u00e9 par International Direct Packaging"},"content":{"rendered":"","protected":false},"excerpt":{"rendered":"","protected":false},"featured_media":412233,"template":"","meta":{"_seopress_titles_title":"PCD Innovation Awards sponsored by International Direct Packaging","_seopress_titles_desc":"","_seopress_robots_index":"","_seopress_robots_follow":"","_seopress_robots_imageindex":"","_seopress_robots_snippet":"","_seopress_robots_primary_cat":"","_seopress_robots_breadcrumbs":"","_seopress_robots_freeze_modified_date":"","_seopress_robots_custom_modified_date":"","_seopress_robots_canonical":"","_seopress_social_fb_title":"PCD Innovation Awards sponsored by International Direct Packaging","_seopress_social_fb_desc":"","_seopress_social_fb_img":"https:\/\/easyfairsassets.com\/sites\/61\/2024\/11\/Untitled-4.png","_seopress_social_fb_img_attachment_id":412233,"_seopress_social_fb_img_width":500,"_seopress_social_fb_img_height":500,"_seopress_social_twitter_title":"PCD Innovation Awards sponsored by International Direct Packaging","_seopress_social_twitter_desc":"","_seopress_social_twitter_img":"https:\/\/easyfairsassets.com\/sites\/61\/2024\/11\/Untitled-4.png","_seopress_social_twitter_img_attachment_id":412233,"_seopress_social_twitter_img_width":500,"_seopress_social_twitter_img_height":500,"_seopress_redirections_value":"","_seopress_redirections_enabled":"","_seopress_redirections_enabled_regex":"","_seopress_redirections_logged_status":"both","_seopress_redirections_param":"","_seopress_redirections_type":301,"_seopress_analysis_target_kw":"","_seopress_news_disabled":"","_seopress_video_disabled":"","_seopress_video":[{"url":"","title":"","desc":"","thumbnail":"","duration":"","rating":"","view_count":"","tag":""}],"_seopress_pro_schemas_manual":[],"_seopress_pro_rich_snippets_disable_all":"","_seopress_pro_rich_snippets_disable":[],"_seopress_pro_schemas":[],"_activity_time_start":"16:15","_activity_time_end":"17:30","_activity_date":"2025-01-28","_activity_price":"0","footnotes":""},"edition":[924],"location":[931],"track":[],"activity_type":[],"class_list":["post-410950","activity","type-activity","status-publish","has-post-thumbnail","hentry","edition-paris-packaging-week-2025","location-circular-economy-stage-2025"],"_guests":[{"href":"https:\/\/www.parispackagingweek.com\/fr\/wp-json\/wp\/v2\/guest\/423489"}],"_sponsors":[],"_cover_image":null,"_links":{"self":[{"href":"https:\/\/www.parispackagingweek.com\/fr\/wp-json\/wp\/v2\/activity\/410950","targetHints":{"allow":["GET"]}}],"collection":[{"href":"https:\/\/www.parispackagingweek.com\/fr\/wp-json\/wp\/v2\/activity"}],"about":[{"href":"https:\/\/www.parispackagingweek.com\/fr\/wp-json\/wp\/v2\/types\/activity"}],"version-history":[{"count":0,"href":"https:\/\/www.parispackagingweek.com\/fr\/wp-json\/wp\/v2\/activity\/410950\/revisions"}],"wp:featuredmedia":[{"embeddable":true,"href":"https:\/\/www.parispackagingweek.com\/fr\/wp-json\/wp\/v2\/media\/412233"}],"wp:attachment":[{"href":"https:\/\/www.parispackagingweek.com\/fr\/wp-json\/wp\/v2\/media?parent=410950"}],"wp:term":[{"taxonomy":"edition","embeddable":true,"href":"https:\/\/www.parispackagingweek.com\/fr\/wp-json\/wp\/v2\/edition?post=410950"},{"taxonomy":"location","embeddable":true,"href":"https:\/\/www.parispackagingweek.com\/fr\/wp-json\/wp\/v2\/location?post=410950"},{"taxonomy":"track","embeddable":true,"href":"https:\/\/www.parispackagingweek.com\/fr\/wp-json\/wp\/v2\/track?post=410950"},{"taxonomy":"activity_type","embeddable":true,"href":"https:\/\/www.parispackagingweek.com\/fr\/wp-json\/wp\/v2\/activity_type?post=410950"}],"curies":[{"name":"wp","href":"https:\/\/api.w.org\/{rel}","templated":true}]}}

CÉRÉMONIE &#8211; PCD Innovation Awards parrainé par International Direct Packaging
