{"id":411459,"date":"2024-11-26T12:03:43","date_gmt":"2024-11-26T11:03:43","guid":{"rendered":"https:\/\/www.parispackagingweek.com\/?post_type=activity&#038;p=411459"},"modified":"2024-12-16T14:52:13","modified_gmt":"2024-12-16T13:52:13","slug":"un-voyage-vers-lexcellence-en-conception","status":"publish","type":"activity","link":"https:\/\/www.parispackagingweek.com\/fr\/session\/un-voyage-vers-lexcellence-en-conception\/","title":{"rendered":"Un voyage vers l&rsquo;excellence en conception"},"content":{"rendered":"\n<p>L&rsquo;engagement de Nestl\u00e9 \u00e0 promouvoir l&rsquo;excellence en design et l&rsquo;innovation sera mis en lumi\u00e8re \u00e0 travers son parcours, notamment l&rsquo;introduction d&rsquo;exp\u00e9riences de marque multisensorielles, de processus et d&rsquo;outils sur mesure, ainsi que la collaboration approfondie \u00e0 la fois interne et externe. Nestl\u00e9 met \u00e9galement en avant sa volont\u00e9 de lib\u00e9rer le potentiel de son point de contact le plus important, tout en \u00e9quilibrant les aspects locaux et mondiaux de mani\u00e8re d\u00e9licate.<\/p>\n","protected":false},"excerpt":{"rendered":"<p>L&rsquo;engagement de Nestl\u00e9 \u00e0 promouvoir l&rsquo;excellence en design et l&rsquo;innovation sera mis en lumi\u00e8re \u00e0 travers son parcours, notamment l&rsquo;introduction d&rsquo;exp\u00e9riences de marque multisensorielles, de processus et d&rsquo;outils sur mesure, ainsi que la collaboration approfondie \u00e0 la fois interne et externe. Nestl\u00e9 met \u00e9galement en avant sa volont\u00e9 de lib\u00e9rer le potentiel de son point [&hellip;]<\/p>\n","protected":false},"featured_media":0,"template":"","meta":{"_seopress_robots_primary_cat":"","_seopress_titles_title":"Paris Packaging Week | Un voyage vers l&#039;excellence en conception","_seopress_titles_desc":"","_seopress_robots_index":"","_activity_time_start":"11:10","_activity_time_end":"11:40","_activity_date":"2025-01-28","_activity_price":"0","footnotes":""},"edition":[924],"location":[934],"track":[],"activity_type":[],"class_list":["post-411459","activity","type-activity","status-publish","hentry","edition-paris-packaging-week-2025","location-pentawards-festival-2025"],"_guests":[{"href":"https:\/\/www.parispackagingweek.com\/fr\/wp-json\/wp\/v2\/guest\/409095"},{"href":"https:\/\/www.parispackagingweek.com\/fr\/wp-json\/wp\/v2\/guest\/398740"}],"_sponsors":[],"_cover_image":null,"_links":{"self":[{"href":"https:\/\/www.parispackagingweek.com\/fr\/wp-json\/wp\/v2\/activity\/411459","targetHints":{"allow":["GET"]}}],"collection":[{"href":"https:\/\/www.parispackagingweek.com\/fr\/wp-json\/wp\/v2\/activity"}],"about":[{"href":"https:\/\/www.parispackagingweek.com\/fr\/wp-json\/wp\/v2\/types\/activity"}],"version-history":[{"count":1,"href":"https:\/\/www.parispackagingweek.com\/fr\/wp-json\/wp\/v2\/activity\/411459\/revisions"}],"predecessor-version":[{"id":411464,"href":"https:\/\/www.parispackagingweek.com\/fr\/wp-json\/wp\/v2\/activity\/411459\/revisions\/411464"}],"wp:attachment":[{"href":"https:\/\/www.parispackagingweek.com\/fr\/wp-json\/wp\/v2\/media?parent=411459"}],"wp:term":[{"taxonomy":"edition","embeddable":true,"href":"https:\/\/www.parispackagingweek.com\/fr\/wp-json\/wp\/v2\/edition?post=411459"},{"taxonomy":"location","embeddable":true,"href":"https:\/\/www.parispackagingweek.com\/fr\/wp-json\/wp\/v2\/location?post=411459"},{"taxonomy":"track","embeddable":true,"href":"https:\/\/www.parispackagingweek.com\/fr\/wp-json\/wp\/v2\/track?post=411459"},{"taxonomy":"activity_type","embeddable":true,"href":"https:\/\/www.parispackagingweek.com\/fr\/wp-json\/wp\/v2\/activity_type?post=411459"}],"curies":[{"name":"wp","href":"https:\/\/api.w.org\/{rel}","templated":true}]}}

<p>L&rsquo;engagement de Nestlé à promouvoir l&rsquo;excellence en design et l&rsquo;innovation sera mis en lumière à travers son parcours, notamment l&rsquo;introduction d&rsquo;expériences de marque multisensorielles, de processus et d&rsquo;outils sur mesure, ainsi que la collaboration approfondie à la fois interne et externe. Nestlé met également en avant sa volonté de libérer le potentiel de son point de contact le plus important, tout en équilibrant les aspects locaux et mondiaux de manière délicate.</p>

<p>L&rsquo;engagement de Nestlé à promouvoir l&rsquo;excellence en design et l&rsquo;innovation sera mis en lumière à travers son parcours, notamment l&rsquo;introduction d&rsquo;expériences de marque multisensorielles, de processus et d&rsquo;outils sur mesure, ainsi que la collaboration approfondie à la fois interne et externe. Nestlé met également en avant sa volonté de libérer le potentiel de son point [&hellip;]</p>
