{"id":412065,"date":"2024-11-26T17:52:30","date_gmt":"2024-11-26T16:52:30","guid":{"rendered":"https:\/\/www.parispackagingweek.com\/?post_type=activity&#038;p=412065"},"modified":"2025-01-06T13:00:23","modified_gmt":"2025-01-06T12:00:23","slug":"le-pouvoir-de-la-couleur","status":"publish","type":"activity","link":"https:\/\/www.parispackagingweek.com\/fr\/session\/le-pouvoir-de-la-couleur\/","title":{"rendered":"Le pouvoir de la couleur"},"content":{"rendered":"\n<p>La couleur dans les emballages est un facteur crucial dans l&rsquo;industrie de l&#8217;emballage, car elle influence consid\u00e9rablement la fa\u00e7on dont les consommateurs per\u00e7oivent les produits et prennent leurs d\u00e9cisions d&rsquo;achat. La couleur n&rsquo;est pas seulement un choix esth\u00e9tique, c&rsquo;est un outil psychologique qui communique des messages, suscite des \u00e9motions et a m\u00eame un impact sur la reconnaissance et la fid\u00e9lit\u00e9 \u00e0 la marque. Dans le paysage tr\u00e8s concurrentiel de la vente au d\u00e9tail, o\u00f9 l&#8217;emballage est souvent le premier point de contact d&rsquo;un produit avec les consommateurs, la couleur joue un r\u00f4le essentiel pour attirer l&rsquo;attention, transmettre des informations et influencer le comportement d&rsquo;achat.<\/p>\n","protected":false},"excerpt":{"rendered":"<p>La couleur dans les emballages est un facteur crucial dans l&rsquo;industrie de l&#8217;emballage, car elle influence consid\u00e9rablement la fa\u00e7on dont les consommateurs per\u00e7oivent les produits et prennent leurs d\u00e9cisions d&rsquo;achat. La couleur n&rsquo;est pas seulement un choix esth\u00e9tique, c&rsquo;est un outil psychologique qui communique des messages, suscite des \u00e9motions et a m\u00eame un impact sur [&hellip;]<\/p>\n","protected":false},"featured_media":0,"template":"","meta":{"_seopress_robots_primary_cat":"","_seopress_titles_title":"Future Innovation Forum | Le pouvoir de la couleur","_seopress_titles_desc":"","_seopress_robots_index":"","_activity_time_start":"14:00","_activity_time_end":"15:00","_activity_date":"2025-01-28","_activity_price":"0","footnotes":""},"edition":[924],"location":[932],"track":[],"activity_type":[],"class_list":["post-412065","activity","type-activity","status-publish","hentry","edition-paris-packaging-week-2025","location-future-innovation-forum-2025"],"_guests":[{"href":"https:\/\/www.parispackagingweek.com\/fr\/wp-json\/wp\/v2\/guest\/428067"},{"href":"https:\/\/www.parispackagingweek.com\/fr\/wp-json\/wp\/v2\/guest\/424759"},{"href":"https:\/\/www.parispackagingweek.com\/fr\/wp-json\/wp\/v2\/guest\/412158"},{"href":"https:\/\/www.parispackagingweek.com\/fr\/wp-json\/wp\/v2\/guest\/412135"},{"href":"https:\/\/www.parispackagingweek.com\/fr\/wp-json\/wp\/v2\/guest\/84906"},{"href":"https:\/\/www.parispackagingweek.com\/fr\/wp-json\/wp\/v2\/guest\/72467"}],"_sponsors":[],"_cover_image":null,"_links":{"self":[{"href":"https:\/\/www.parispackagingweek.com\/fr\/wp-json\/wp\/v2\/activity\/412065","targetHints":{"allow":["GET"]}}],"collection":[{"href":"https:\/\/www.parispackagingweek.com\/fr\/wp-json\/wp\/v2\/activity"}],"about":[{"href":"https:\/\/www.parispackagingweek.com\/fr\/wp-json\/wp\/v2\/types\/activity"}],"version-history":[{"count":2,"href":"https:\/\/www.parispackagingweek.com\/fr\/wp-json\/wp\/v2\/activity\/412065\/revisions"}],"predecessor-version":[{"id":414505,"href":"https:\/\/www.parispackagingweek.com\/fr\/wp-json\/wp\/v2\/activity\/412065\/revisions\/414505"}],"wp:attachment":[{"href":"https:\/\/www.parispackagingweek.com\/fr\/wp-json\/wp\/v2\/media?parent=412065"}],"wp:term":[{"taxonomy":"edition","embeddable":true,"href":"https:\/\/www.parispackagingweek.com\/fr\/wp-json\/wp\/v2\/edition?post=412065"},{"taxonomy":"location","embeddable":true,"href":"https:\/\/www.parispackagingweek.com\/fr\/wp-json\/wp\/v2\/location?post=412065"},{"taxonomy":"track","embeddable":true,"href":"https:\/\/www.parispackagingweek.com\/fr\/wp-json\/wp\/v2\/track?post=412065"},{"taxonomy":"activity_type","embeddable":true,"href":"https:\/\/www.parispackagingweek.com\/fr\/wp-json\/wp\/v2\/activity_type?post=412065"}],"curies":[{"name":"wp","href":"https:\/\/api.w.org\/{rel}","templated":true}]}}

<p>La couleur dans les emballages est un facteur crucial dans l&rsquo;industrie de l&#8217;emballage, car elle influence considérablement la façon dont les consommateurs perçoivent les produits et prennent leurs décisions d&rsquo;achat. La couleur n&rsquo;est pas seulement un choix esthétique, c&rsquo;est un outil psychologique qui communique des messages, suscite des émotions et a même un impact sur la reconnaissance et la fidélité à la marque. Dans le paysage très concurrentiel de la vente au détail, où l&#8217;emballage est souvent le premier point de contact d&rsquo;un produit avec les consommateurs, la couleur joue un rôle essentiel pour attirer l&rsquo;attention, transmettre des informations et influencer le comportement d&rsquo;achat.</p>

<p>La couleur dans les emballages est un facteur crucial dans l&rsquo;industrie de l&#8217;emballage, car elle influence considérablement la façon dont les consommateurs perçoivent les produits et prennent leurs décisions d&rsquo;achat. La couleur n&rsquo;est pas seulement un choix esthétique, c&rsquo;est un outil psychologique qui communique des messages, suscite des émotions et a même un impact sur [&hellip;]</p>
