{"id":415901,"date":"2024-12-03T09:29:59","date_gmt":"2024-12-03T08:29:59","guid":{"rendered":"https:\/\/www.parispackagingweek.com\/?post_type=activity&#038;p=415901"},"modified":"2026-01-06T18:05:54","modified_gmt":"2026-01-06T17:05:54","slug":"soiree-networking-et-champagne","status":"publish","type":"activity","link":"https:\/\/www.parispackagingweek.com\/fr\/session\/soiree-networking-et-champagne\/","title":{"rendered":"Soir\u00e9e Networking et Champagne"},"content":{"rendered":"\n<p>Rejoignez-nous avec toute la communaut\u00e9 de l&#8217;emballage pour c\u00e9l\u00e9brer une formidable premi\u00e8re journ\u00e9e de la Paris Packaging Week 2025 ! Venez partager un verre offert, faire du networking avec vos pairs, et vous d\u00e9tendre au son d&rsquo;un trio musical en live.<\/p>\n","protected":false},"excerpt":{"rendered":"<p>Rejoignez-nous avec toute la communaut\u00e9 de l&#8217;emballage pour c\u00e9l\u00e9brer une formidable premi\u00e8re journ\u00e9e de la Paris Packaging Week 2025 ! Venez partager un verre offert, faire du networking avec vos pairs, et vous d\u00e9tendre au son d&rsquo;un trio musical en live.<\/p>\n","protected":false},"featured_media":0,"template":"","meta":{"_seopress_titles_title":"Pentawards Festival | Ximena O'reilly, Nestl\u00e9","_seopress_titles_desc":"","_seopress_robots_index":"","_seopress_robots_follow":"","_seopress_robots_imageindex":"","_seopress_robots_snippet":"","_seopress_robots_primary_cat":"","_seopress_robots_breadcrumbs":"","_seopress_robots_freeze_modified_date":"","_seopress_robots_custom_modified_date":"","_seopress_robots_canonical":"","_seopress_social_fb_title":"","_seopress_social_fb_desc":"","_seopress_social_fb_img":"https:\/\/easyfairsassets.com\/sites\/61\/2024\/10\/Ximena-correct-1.png","_seopress_social_fb_img_attachment_id":398909,"_seopress_social_fb_img_width":500,"_seopress_social_fb_img_height":500,"_seopress_social_twitter_title":"","_seopress_social_twitter_desc":"","_seopress_social_twitter_img":"https:\/\/easyfairsassets.com\/sites\/61\/2024\/10\/Ximena-correct-1.png","_seopress_social_twitter_img_attachment_id":398909,"_seopress_social_twitter_img_width":500,"_seopress_social_twitter_img_height":500,"_seopress_redirections_value":"","_seopress_redirections_enabled":"","_seopress_redirections_enabled_regex":"","_seopress_redirections_logged_status":"both","_seopress_redirections_param":"","_seopress_redirections_type":301,"_seopress_analysis_target_kw":"","_seopress_news_disabled":"","_seopress_video_disabled":"","_seopress_video":[{"url":"","title":"","desc":"","thumbnail":"","duration":"","rating":"","view_count":"","tag":""}],"_seopress_pro_schemas_manual":[],"_seopress_pro_rich_snippets_disable_all":"","_seopress_pro_rich_snippets_disable":[],"_seopress_pro_schemas":[],"_activity_time_start":"17:30","_activity_time_end":"19:30","_activity_date":"2026-02-05","_activity_price":"0","footnotes":""},"edition":[1084],"location":[1090],"track":[],"activity_type":[],"class_list":["post-415901","activity","type-activity","status-publish","hentry","edition-paris-packaging-week-2026","location-networking-sessions-2026"],"_guests":[],"_sponsors":[],"_cover_image":null,"_links":{"self":[{"href":"https:\/\/www.parispackagingweek.com\/fr\/wp-json\/wp\/v2\/activity\/415901","targetHints":{"allow":["GET"]}}],"collection":[{"href":"https:\/\/www.parispackagingweek.com\/fr\/wp-json\/wp\/v2\/activity"}],"about":[{"href":"https:\/\/www.parispackagingweek.com\/fr\/wp-json\/wp\/v2\/types\/activity"}],"version-history":[{"count":0,"href":"https:\/\/www.parispackagingweek.com\/fr\/wp-json\/wp\/v2\/activity\/415901\/revisions"}],"wp:attachment":[{"href":"https:\/\/www.parispackagingweek.com\/fr\/wp-json\/wp\/v2\/media?parent=415901"}],"wp:term":[{"taxonomy":"edition","embeddable":true,"href":"https:\/\/www.parispackagingweek.com\/fr\/wp-json\/wp\/v2\/edition?post=415901"},{"taxonomy":"location","embeddable":true,"href":"https:\/\/www.parispackagingweek.com\/fr\/wp-json\/wp\/v2\/location?post=415901"},{"taxonomy":"track","embeddable":true,"href":"https:\/\/www.parispackagingweek.com\/fr\/wp-json\/wp\/v2\/track?post=415901"},{"taxonomy":"activity_type","embeddable":true,"href":"https:\/\/www.parispackagingweek.com\/fr\/wp-json\/wp\/v2\/activity_type?post=415901"}],"curies":[{"name":"wp","href":"https:\/\/api.w.org\/{rel}","templated":true}]}}

Soirée Networking et Champagne

<p>Rejoignez-nous avec toute la communauté de l&#8217;emballage pour célébrer une formidable première journée de la Paris Packaging Week 2025 ! Venez partager un verre offert, faire du networking avec vos pairs, et vous détendre au son d&rsquo;un trio musical en live.</p>

Pentawards Festival | Ximena O'reilly, Nestlé
