{"id":416657,"date":"2024-12-03T17:37:29","date_gmt":"2024-12-03T16:37:29","guid":{"rendered":"https:\/\/www.parispackagingweek.com\/?post_type=activity&#038;p=416657"},"modified":"2025-01-24T18:03:47","modified_gmt":"2025-01-24T17:03:47","slug":"convergence-du-design-axe-sur-les-materiaux-du-neurodesign-et-du-design-durable","status":"publish","type":"activity","link":"https:\/\/www.parispackagingweek.com\/fr\/session\/convergence-du-design-axe-sur-les-materiaux-du-neurodesign-et-du-design-durable\/","title":{"rendered":"Convergence du design ax\u00e9 sur les mat\u00e9riaux, du neurodesign et du design durable &#8211; Mod\u00e9r\u00e9 par Peyam Mirnejad"},"content":{"rendered":"","protected":false},"excerpt":{"rendered":"","protected":false},"featured_media":0,"template":"","meta":{"_seopress_titles_title":"Paris Packaging Week | Convergence du design ax\u00e9 sur les mat\u00e9riaux, du neurodesign et du design durable","_seopress_titles_desc":"","_seopress_robots_index":"","_seopress_robots_follow":"","_seopress_robots_imageindex":"","_seopress_robots_snippet":"","_seopress_robots_primary_cat":"","_seopress_robots_breadcrumbs":"","_seopress_robots_freeze_modified_date":"","_seopress_robots_custom_modified_date":"","_seopress_robots_canonical":"","_seopress_social_fb_title":"Paris Packaging Week | Convergence du design ax\u00e9 sur les mat\u00e9riaux, du neurodesign et du design durable","_seopress_social_fb_desc":"","_seopress_social_fb_img":"https:\/\/easyfairsassets.com\/sites\/61\/2022\/07\/talks-collage.png","_seopress_social_fb_img_attachment_id":0,"_seopress_social_fb_img_width":0,"_seopress_social_fb_img_height":0,"_seopress_social_twitter_title":"Paris Packaging Week | Convergence du design ax\u00e9 sur les mat\u00e9riaux, du neurodesign et du design durable","_seopress_social_twitter_desc":"","_seopress_social_twitter_img":"https:\/\/easyfairsassets.com\/sites\/61\/2022\/07\/talks-collage.png","_seopress_social_twitter_img_attachment_id":0,"_seopress_social_twitter_img_width":0,"_seopress_social_twitter_img_height":0,"_seopress_redirections_value":"","_seopress_redirections_enabled":"","_seopress_redirections_enabled_regex":"","_seopress_redirections_logged_status":"both","_seopress_redirections_param":"","_seopress_redirections_type":301,"_seopress_analysis_target_kw":"","_seopress_news_disabled":"","_seopress_video_disabled":"","_seopress_video":[{"url":"","title":"","desc":"","thumbnail":"","duration":"","rating":"","view_count":"","tag":""}],"_seopress_pro_schemas_manual":[],"_seopress_pro_rich_snippets_disable_all":"","_seopress_pro_rich_snippets_disable":[],"_seopress_pro_schemas":[],"_activity_time_start":"16:00","_activity_time_end":"16:30","_activity_date":"2025-01-28","_activity_price":"0","footnotes":""},"edition":[924],"location":[932],"track":[],"activity_type":[],"class_list":["post-416657","activity","type-activity","status-publish","hentry","edition-paris-packaging-week-2025","location-future-innovation-forum-2025"],"_guests":[{"href":"https:\/\/www.parispackagingweek.com\/fr\/wp-json\/wp\/v2\/guest\/416626"},{"href":"https:\/\/www.parispackagingweek.com\/fr\/wp-json\/wp\/v2\/guest\/391975"}],"_sponsors":[],"_cover_image":null,"_links":{"self":[{"href":"https:\/\/www.parispackagingweek.com\/fr\/wp-json\/wp\/v2\/activity\/416657","targetHints":{"allow":["GET"]}}],"collection":[{"href":"https:\/\/www.parispackagingweek.com\/fr\/wp-json\/wp\/v2\/activity"}],"about":[{"href":"https:\/\/www.parispackagingweek.com\/fr\/wp-json\/wp\/v2\/types\/activity"}],"version-history":[{"count":0,"href":"https:\/\/www.parispackagingweek.com\/fr\/wp-json\/wp\/v2\/activity\/416657\/revisions"}],"wp:attachment":[{"href":"https:\/\/www.parispackagingweek.com\/fr\/wp-json\/wp\/v2\/media?parent=416657"}],"wp:term":[{"taxonomy":"edition","embeddable":true,"href":"https:\/\/www.parispackagingweek.com\/fr\/wp-json\/wp\/v2\/edition?post=416657"},{"taxonomy":"location","embeddable":true,"href":"https:\/\/www.parispackagingweek.com\/fr\/wp-json\/wp\/v2\/location?post=416657"},{"taxonomy":"track","embeddable":true,"href":"https:\/\/www.parispackagingweek.com\/fr\/wp-json\/wp\/v2\/track?post=416657"},{"taxonomy":"activity_type","embeddable":true,"href":"https:\/\/www.parispackagingweek.com\/fr\/wp-json\/wp\/v2\/activity_type?post=416657"}],"curies":[{"name":"wp","href":"https:\/\/api.w.org\/{rel}","templated":true}]}}

Convergence du design axé sur les matériaux, du neurodesign et du design durable &#8211; Modéré par Peyam Mirnejad

Paris Packaging Week | Convergence du design axé sur les matériaux, du neurodesign et du design durable
