{"id":426431,"date":"2024-12-20T10:17:00","date_gmt":"2024-12-20T09:17:00","guid":{"rendered":"https:\/\/www.parispackagingweek.com\/?post_type=activity&#038;p=426431"},"modified":"2024-12-20T10:33:57","modified_gmt":"2024-12-20T09:33:57","slug":"solutions-circulaires-dans-lemballage-en-bois-cosmetique-le-chemin-vers-la-certification-cradle-to-cradle","status":"publish","type":"activity","link":"https:\/\/www.parispackagingweek.com\/fr\/session\/solutions-circulaires-dans-lemballage-en-bois-cosmetique-le-chemin-vers-la-certification-cradle-to-cradle\/","title":{"rendered":"Solutions circulaires dans l&#8217;emballage en bois cosm\u00e9tique : Le chemin vers la certification Cradle to Cradle &#8211; Mod\u00e9r\u00e9 par Brodie Vander Dussen"},"content":{"rendered":"\n<p>Rejoignez-nous pour une discussion passionnante avec Charles van Reij, responsable mondial de l&#8217;emballage au Cradle to Cradle Products Innovation Institute, et Marleen Swart, directrice du d\u00e9veloppement durable chez Quadpack. Ensemble, ils exploreront le parcours de Woodacity\u00ae, la solution d&#8217;emballage en bois innovante et brevet\u00e9e de Quadpack, dans sa d\u00e9marche vers la certification Cradle to Cradle.<br>La conversation mettra en lumi\u00e8re le r\u00f4le de la circularit\u00e9 dans l&#8217;emballage en bois cosm\u00e9tique, en d\u00e9taillant comment Woodacity\u00ae s&rsquo;efforce de s&rsquo;aligner \u00e0 la fois sur les boucles biologiques et techniques de l&rsquo;\u00e9conomie circulaire. Charles partagera son expertise sur le processus de certification rigoureux et ce qu&rsquo;il implique pour les produits s\u00fbrs, circulaires et fabriqu\u00e9s de mani\u00e8re responsable. Marleen offrira un aper\u00e7u des coulisses pour montrer comment Quadpack int\u00e8gre la durabilit\u00e9 \u00e0 chaque \u00e9tape de la production, de l&rsquo;approvisionnement responsable \u00e0 la conception, en passant par les consid\u00e9rations de fin de vie.<br>Cette discussion abordera les d\u00e9fis et les opportunit\u00e9s li\u00e9s \u00e0 la cr\u00e9ation d&#8217;emballages qui non seulement r\u00e9duisent l&rsquo;impact environnemental, mais servent \u00e9galement de mod\u00e8le pour l&rsquo;innovation circulaire dans l&rsquo;industrie cosm\u00e9tique.<\/p>\n","protected":false},"excerpt":{"rendered":"<p>Rejoignez-nous pour une discussion passionnante avec Charles van Reij, responsable mondial de l&#8217;emballage au Cradle to Cradle Products Innovation Institute, et Marleen Swart, directrice du d\u00e9veloppement durable chez Quadpack. Ensemble, ils exploreront le parcours de Woodacity\u00ae, la solution d&#8217;emballage en bois innovante et brevet\u00e9e de Quadpack, dans sa d\u00e9marche vers la certification Cradle to Cradle.La [&hellip;]<\/p>\n","protected":false},"featured_media":0,"template":"","meta":{"_seopress_robots_primary_cat":"","_seopress_titles_title":"Circular Economy Stage | Solutions circulaires dans l&#039;emballage en bois cosm\u00e9tique : Le chemin vers la certification Cradle to Cradle","_seopress_titles_desc":"","_seopress_robots_index":"","_activity_time_start":"14:30","_activity_time_end":"15:00","_activity_date":"2025-01-28","_activity_price":"0","footnotes":""},"edition":[924],"location":[931],"track":[],"activity_type":[],"class_list":["post-426431","activity","type-activity","status-publish","hentry","edition-paris-packaging-week-2025","location-circular-economy-stage-2025"],"_guests":[{"href":"https:\/\/www.parispackagingweek.com\/fr\/wp-json\/wp\/v2\/guest\/426437"},{"href":"https:\/\/www.parispackagingweek.com\/fr\/wp-json\/wp\/v2\/guest\/426420"},{"href":"https:\/\/www.parispackagingweek.com\/fr\/wp-json\/wp\/v2\/guest\/426412"},{"href":"https:\/\/www.parispackagingweek.com\/fr\/wp-json\/wp\/v2\/guest\/391942"}],"_sponsors":[],"_cover_image":null,"_links":{"self":[{"href":"https:\/\/www.parispackagingweek.com\/fr\/wp-json\/wp\/v2\/activity\/426431","targetHints":{"allow":["GET"]}}],"collection":[{"href":"https:\/\/www.parispackagingweek.com\/fr\/wp-json\/wp\/v2\/activity"}],"about":[{"href":"https:\/\/www.parispackagingweek.com\/fr\/wp-json\/wp\/v2\/types\/activity"}],"version-history":[{"count":2,"href":"https:\/\/www.parispackagingweek.com\/fr\/wp-json\/wp\/v2\/activity\/426431\/revisions"}],"predecessor-version":[{"id":426445,"href":"https:\/\/www.parispackagingweek.com\/fr\/wp-json\/wp\/v2\/activity\/426431\/revisions\/426445"}],"wp:attachment":[{"href":"https:\/\/www.parispackagingweek.com\/fr\/wp-json\/wp\/v2\/media?parent=426431"}],"wp:term":[{"taxonomy":"edition","embeddable":true,"href":"https:\/\/www.parispackagingweek.com\/fr\/wp-json\/wp\/v2\/edition?post=426431"},{"taxonomy":"location","embeddable":true,"href":"https:\/\/www.parispackagingweek.com\/fr\/wp-json\/wp\/v2\/location?post=426431"},{"taxonomy":"track","embeddable":true,"href":"https:\/\/www.parispackagingweek.com\/fr\/wp-json\/wp\/v2\/track?post=426431"},{"taxonomy":"activity_type","embeddable":true,"href":"https:\/\/www.parispackagingweek.com\/fr\/wp-json\/wp\/v2\/activity_type?post=426431"}],"curies":[{"name":"wp","href":"https:\/\/api.w.org\/{rel}","templated":true}]}}

Solutions circulaires dans l&#8217;emballage en bois cosmétique : Le chemin vers la certification Cradle to Cradle &#8211; Modéré par Brodie Vander Dussen

<p>Rejoignez-nous pour une discussion passionnante avec Charles van Reij, responsable mondial de l&#8217;emballage au Cradle to Cradle Products Innovation Institute, et Marleen Swart, directrice du développement durable chez Quadpack. Ensemble, ils exploreront le parcours de Woodacity®, la solution d&#8217;emballage en bois innovante et brevetée de Quadpack, dans sa démarche vers la certification Cradle to Cradle.<br>La conversation mettra en lumière le rôle de la circularité dans l&#8217;emballage en bois cosmétique, en détaillant comment Woodacity® s&rsquo;efforce de s&rsquo;aligner à la fois sur les boucles biologiques et techniques de l&rsquo;économie circulaire. Charles partagera son expertise sur le processus de certification rigoureux et ce qu&rsquo;il implique pour les produits sûrs, circulaires et fabriqués de manière responsable. Marleen offrira un aperçu des coulisses pour montrer comment Quadpack intègre la durabilité à chaque étape de la production, de l&rsquo;approvisionnement responsable à la conception, en passant par les considérations de fin de vie.<br>Cette discussion abordera les défis et les opportunités liés à la création d&#8217;emballages qui non seulement réduisent l&rsquo;impact environnemental, mais servent également de modèle pour l&rsquo;innovation circulaire dans l&rsquo;industrie cosmétique.</p>

<p>Rejoignez-nous pour une discussion passionnante avec Charles van Reij, responsable mondial de l&#8217;emballage au Cradle to Cradle Products Innovation Institute, et Marleen Swart, directrice du développement durable chez Quadpack. Ensemble, ils exploreront le parcours de Woodacity®, la solution d&#8217;emballage en bois innovante et brevetée de Quadpack, dans sa démarche vers la certification Cradle to Cradle.La [&hellip;]</p>

Circular Economy Stage | Solutions circulaires dans l&#039;emballage en bois cosmétique : Le chemin vers la certification Cradle to Cradle
