{"id":426713,"date":"2024-12-20T16:39:38","date_gmt":"2024-12-20T15:39:38","guid":{"rendered":"https:\/\/www.parispackagingweek.com\/?post_type=activity&#038;p=426713"},"modified":"2024-12-22T12:58:50","modified_gmt":"2024-12-22T11:58:50","slug":"lart-du-rituel-de-service-quand-le-design-et-la-tradition-elevent-lexperience-client-dans-lunivers-des-spiritueux-de-luxe","status":"publish","type":"activity","link":"https:\/\/www.parispackagingweek.com\/fr\/session\/lart-du-rituel-de-service-quand-le-design-et-la-tradition-elevent-lexperience-client-dans-lunivers-des-spiritueux-de-luxe\/","title":{"rendered":"L&rsquo;art du rituel de service : Quand le design et la tradition \u00e9l\u00e8vent l&rsquo;exp\u00e9rience client dans l&rsquo;univers des spiritueux de luxe"},"content":{"rendered":"","protected":false},"excerpt":{"rendered":"","protected":false},"featured_media":0,"template":"","meta":{"_seopress_robots_primary_cat":"","_seopress_titles_title":"Future Innovation Forum | L&#039;art du rituel de service : Quand le design et la tradition \u00e9l\u00e8vent l&#039;exp\u00e9rience client dans l&#039;univers des spiritueux de luxe","_seopress_titles_desc":"","_seopress_robots_index":"","_activity_time_start":"15:30","_activity_time_end":"15:50","_activity_date":"2025-01-28","_activity_price":"0","footnotes":""},"edition":[924],"location":[932],"track":[],"activity_type":[],"class_list":["post-426713","activity","type-activity","status-publish","hentry","edition-paris-packaging-week-2025","location-future-innovation-forum-2025"],"_guests":[{"href":"https:\/\/www.parispackagingweek.com\/fr\/wp-json\/wp\/v2\/guest\/426705"},{"href":"https:\/\/www.parispackagingweek.com\/fr\/wp-json\/wp\/v2\/guest\/426458"}],"_sponsors":[],"_cover_image":null,"_links":{"self":[{"href":"https:\/\/www.parispackagingweek.com\/fr\/wp-json\/wp\/v2\/activity\/426713","targetHints":{"allow":["GET"]}}],"collection":[{"href":"https:\/\/www.parispackagingweek.com\/fr\/wp-json\/wp\/v2\/activity"}],"about":[{"href":"https:\/\/www.parispackagingweek.com\/fr\/wp-json\/wp\/v2\/types\/activity"}],"version-history":[{"count":1,"href":"https:\/\/www.parispackagingweek.com\/fr\/wp-json\/wp\/v2\/activity\/426713\/revisions"}],"predecessor-version":[{"id":426716,"href":"https:\/\/www.parispackagingweek.com\/fr\/wp-json\/wp\/v2\/activity\/426713\/revisions\/426716"}],"wp:attachment":[{"href":"https:\/\/www.parispackagingweek.com\/fr\/wp-json\/wp\/v2\/media?parent=426713"}],"wp:term":[{"taxonomy":"edition","embeddable":true,"href":"https:\/\/www.parispackagingweek.com\/fr\/wp-json\/wp\/v2\/edition?post=426713"},{"taxonomy":"location","embeddable":true,"href":"https:\/\/www.parispackagingweek.com\/fr\/wp-json\/wp\/v2\/location?post=426713"},{"taxonomy":"track","embeddable":true,"href":"https:\/\/www.parispackagingweek.com\/fr\/wp-json\/wp\/v2\/track?post=426713"},{"taxonomy":"activity_type","embeddable":true,"href":"https:\/\/www.parispackagingweek.com\/fr\/wp-json\/wp\/v2\/activity_type?post=426713"}],"curies":[{"name":"wp","href":"https:\/\/api.w.org\/{rel}","templated":true}]}}

L&rsquo;art du rituel de service : Quand le design et la tradition élèvent l&rsquo;expérience client dans l&rsquo;univers des spiritueux de luxe

Future Innovation Forum | L&#039;art du rituel de service : Quand le design et la tradition élèvent l&#039;expérience client dans l&#039;univers des spiritueux de luxe
