{"id":450682,"date":"2025-01-29T11:31:47","date_gmt":"2025-01-29T10:31:47","guid":{"rendered":"https:\/\/www.parispackagingweek.com\/?post_type=activity&#038;p=450682"},"modified":"2025-02-10T16:25:07","modified_gmt":"2025-02-10T15:25:07","slug":"lemballage-bio-qui-remplace-le-plastique","status":"publish","type":"activity","link":"https:\/\/www.parispackagingweek.com\/fr\/session\/lemballage-bio-qui-remplace-le-plastique\/","title":{"rendered":"L\u2019emballage bio qui remplace le plastique"},"content":{"rendered":"\n<p>\u2013 100% sans plastique<br>\u2013 Innovation mondiale \u2013 0% d\u00e9chet<br>\u2013 Enveloppe ext\u00e9rieure encapsul\u00e9e en biomat\u00e9riau \u2013 elle se dissout imm\u00e9diatement au contact de l\u2019eau.<br>\u2013 Formulation de shampoing | gel douche sans eau et sans conservateur \u00e0 92%<br>\u2013 Respectueux de la plan\u00e8te, facile \u00e0 utiliser, une exp\u00e9rience authentique et unique pour le client.<\/p>\n","protected":false},"excerpt":{"rendered":"<p>\u2013 100% sans plastique\u2013 Innovation mondiale \u2013 0% d\u00e9chet\u2013 Enveloppe ext\u00e9rieure encapsul\u00e9e en biomat\u00e9riau \u2013 elle se dissout imm\u00e9diatement au contact de l\u2019eau.\u2013 Formulation de shampoing | gel douche sans eau et sans conservateur \u00e0 92%\u2013 Respectueux de la plan\u00e8te, facile \u00e0 utiliser, une exp\u00e9rience authentique et unique pour le client.<\/p>\n","protected":false},"featured_media":0,"template":"","meta":{"_seopress_robots_primary_cat":"","_seopress_titles_title":"L\u2019emballage bio qui remplace le plastique","_seopress_titles_desc":"","_seopress_robots_index":"","_activity_time_start":"14:30","_activity_time_end":"14:50","_activity_date":"2025-01-29","_activity_price":"0","footnotes":""},"edition":[924],"location":[969],"track":[],"activity_type":[],"class_list":["post-450682","activity","type-activity","status-publish","hentry","edition-paris-packaging-week-2025","location-discovery-zone-2025"],"_guests":[{"href":"https:\/\/www.parispackagingweek.com\/fr\/wp-json\/wp\/v2\/guest\/450688"}],"_sponsors":[],"_cover_image":null,"_links":{"self":[{"href":"https:\/\/www.parispackagingweek.com\/fr\/wp-json\/wp\/v2\/activity\/450682","targetHints":{"allow":["GET"]}}],"collection":[{"href":"https:\/\/www.parispackagingweek.com\/fr\/wp-json\/wp\/v2\/activity"}],"about":[{"href":"https:\/\/www.parispackagingweek.com\/fr\/wp-json\/wp\/v2\/types\/activity"}],"version-history":[{"count":2,"href":"https:\/\/www.parispackagingweek.com\/fr\/wp-json\/wp\/v2\/activity\/450682\/revisions"}],"predecessor-version":[{"id":481705,"href":"https:\/\/www.parispackagingweek.com\/fr\/wp-json\/wp\/v2\/activity\/450682\/revisions\/481705"}],"wp:attachment":[{"href":"https:\/\/www.parispackagingweek.com\/fr\/wp-json\/wp\/v2\/media?parent=450682"}],"wp:term":[{"taxonomy":"edition","embeddable":true,"href":"https:\/\/www.parispackagingweek.com\/fr\/wp-json\/wp\/v2\/edition?post=450682"},{"taxonomy":"location","embeddable":true,"href":"https:\/\/www.parispackagingweek.com\/fr\/wp-json\/wp\/v2\/location?post=450682"},{"taxonomy":"track","embeddable":true,"href":"https:\/\/www.parispackagingweek.com\/fr\/wp-json\/wp\/v2\/track?post=450682"},{"taxonomy":"activity_type","embeddable":true,"href":"https:\/\/www.parispackagingweek.com\/fr\/wp-json\/wp\/v2\/activity_type?post=450682"}],"curies":[{"name":"wp","href":"https:\/\/api.w.org\/{rel}","templated":true}]}}

<p>– 100% sans plastique<br>– Innovation mondiale – 0% déchet<br>– Enveloppe extérieure encapsulée en biomatériau – elle se dissout immédiatement au contact de l’eau.<br>– Formulation de shampoing | gel douche sans eau et sans conservateur à 92%<br>– Respectueux de la planète, facile à utiliser, une expérience authentique et unique pour le client.</p>

<p>– 100% sans plastique– Innovation mondiale – 0% déchet– Enveloppe extérieure encapsulée en biomatériau – elle se dissout immédiatement au contact de l’eau.– Formulation de shampoing | gel douche sans eau et sans conservateur à 92%– Respectueux de la planète, facile à utiliser, une expérience authentique et unique pour le client.</p>
