{"id":488217,"date":"2025-12-02T15:52:27","date_gmt":"2025-12-02T14:52:27","guid":{"rendered":"https:\/\/www.parispackagingweek.com\/?post_type=activity&#038;p=488217"},"modified":"2026-02-02T18:25:41","modified_gmt":"2026-02-02T17:25:41","slug":"in-plastique-bashing-lintox-plastic-bashing-fake-news","status":"publish","type":"activity","link":"https:\/\/www.parispackagingweek.com\/fr\/session\/in-plastique-bashing-lintox-plastic-bashing-fake-news\/","title":{"rendered":"Back in business :\u00a0 le packaging plastique \u00e0 l\u2019\u00e8re des alliances strat\u00e9giques europ\u00e9ennes"},"content":{"rendered":"","protected":false},"excerpt":{"rendered":"","protected":false},"featured_media":0,"template":"","meta":{"_seopress_robots_primary_cat":"","_seopress_titles_title":"Back in business : le packaging plastique \u00e0 l\u2019\u00e8re des alliances strat\u00e9giques europ\u00e9ennes","_seopress_titles_desc":"","_seopress_robots_index":"","_activity_time_start":"13:00","_activity_time_end":"13:30","_activity_date":"2026-02-05","_activity_price":"0","footnotes":""},"edition":[1084],"location":[1086],"track":[],"activity_type":[],"class_list":["post-488217","activity","type-activity","status-publish","hentry","edition-paris-packaging-week-2026","location-circular-economy-stage-2026"],"_guests":[{"href":"https:\/\/www.parispackagingweek.com\/fr\/wp-json\/wp\/v2\/guest\/494982"}],"_sponsors":[],"_cover_image":null,"_links":{"self":[{"href":"https:\/\/www.parispackagingweek.com\/fr\/wp-json\/wp\/v2\/activity\/488217","targetHints":{"allow":["GET"]}}],"collection":[{"href":"https:\/\/www.parispackagingweek.com\/fr\/wp-json\/wp\/v2\/activity"}],"about":[{"href":"https:\/\/www.parispackagingweek.com\/fr\/wp-json\/wp\/v2\/types\/activity"}],"version-history":[{"count":3,"href":"https:\/\/www.parispackagingweek.com\/fr\/wp-json\/wp\/v2\/activity\/488217\/revisions"}],"predecessor-version":[{"id":494992,"href":"https:\/\/www.parispackagingweek.com\/fr\/wp-json\/wp\/v2\/activity\/488217\/revisions\/494992"}],"wp:attachment":[{"href":"https:\/\/www.parispackagingweek.com\/fr\/wp-json\/wp\/v2\/media?parent=488217"}],"wp:term":[{"taxonomy":"edition","embeddable":true,"href":"https:\/\/www.parispackagingweek.com\/fr\/wp-json\/wp\/v2\/edition?post=488217"},{"taxonomy":"location","embeddable":true,"href":"https:\/\/www.parispackagingweek.com\/fr\/wp-json\/wp\/v2\/location?post=488217"},{"taxonomy":"track","embeddable":true,"href":"https:\/\/www.parispackagingweek.com\/fr\/wp-json\/wp\/v2\/track?post=488217"},{"taxonomy":"activity_type","embeddable":true,"href":"https:\/\/www.parispackagingweek.com\/fr\/wp-json\/wp\/v2\/activity_type?post=488217"}],"curies":[{"name":"wp","href":"https:\/\/api.w.org\/{rel}","templated":true}]}}

Back in business :  le packaging plastique à l’ère des alliances stratégiques européennes

Back in business : le packaging plastique à l’ère des alliances stratégiques européennes
