{"id":488275,"date":"2025-12-02T20:09:01","date_gmt":"2025-12-02T19:09:01","guid":{"rendered":"https:\/\/www.parispackagingweek.com\/?post_type=activity&#038;p=488275"},"modified":"2025-12-19T14:27:43","modified_gmt":"2025-12-19T13:27:43","slug":"podcast-my-life-in-design-a-la-rencontre-de-davide-mosconi-partner-et-executive-creative-director-chez-auge-design","status":"publish","type":"activity","link":"https:\/\/www.parispackagingweek.com\/fr\/session\/podcast-my-life-in-design-a-la-rencontre-de-davide-mosconi-partner-et-executive-creative-director-chez-auge-design\/","title":{"rendered":"Podcast My Life in Design : \u00c0 la rencontre de Davide Mosconi, Partner et Executive Creative Director chez Auge Design"},"content":{"rendered":"","protected":false},"excerpt":{"rendered":"","protected":false},"featured_media":488299,"template":"","meta":{"_seopress_robots_primary_cat":"","_seopress_titles_title":"Paris Packaging Week | My life in Design Podcast: Getting to know Davide Mosconi, Partner & Executive Creative Director at Auge Design","_seopress_titles_desc":"En direct de la Paris Packaging Week, Claire Blyth, fondatrice de Red Setter PR et animatrice du podcast My Life in Design, sera accompagn\u00e9e de Davide Mosconi, Partner et Executive Creative Director de l\u2019agence de design prim\u00e9e Auge. Davide partagera son parcours, de sa d\u00e9couverte du design jusqu\u2019\u00e0 la direction d\u2019Auge, une agence r\u00e9guli\u00e8rement nomm\u00e9e \u00ab agence de design de l\u2019ann\u00e9e \u00bb.","_seopress_robots_index":"","_activity_time_start":"12:10","_activity_time_end":"12:40","_activity_date":"2026-02-05","_activity_price":"0","footnotes":""},"edition":[1084],"location":[1088],"track":[],"activity_type":[],"class_list":["post-488275","activity","type-activity","status-publish","has-post-thumbnail","hentry","edition-paris-packaging-week-2026","location-pentawards-festival-stage-2026"],"_guests":[{"href":"https:\/\/www.parispackagingweek.com\/fr\/wp-json\/wp\/v2\/guest\/489350"},{"href":"https:\/\/www.parispackagingweek.com\/fr\/wp-json\/wp\/v2\/guest\/489332"}],"_sponsors":[],"_cover_image":null,"_links":{"self":[{"href":"https:\/\/www.parispackagingweek.com\/fr\/wp-json\/wp\/v2\/activity\/488275","targetHints":{"allow":["GET"]}}],"collection":[{"href":"https:\/\/www.parispackagingweek.com\/fr\/wp-json\/wp\/v2\/activity"}],"about":[{"href":"https:\/\/www.parispackagingweek.com\/fr\/wp-json\/wp\/v2\/types\/activity"}],"version-history":[{"count":1,"href":"https:\/\/www.parispackagingweek.com\/fr\/wp-json\/wp\/v2\/activity\/488275\/revisions"}],"predecessor-version":[{"id":488278,"href":"https:\/\/www.parispackagingweek.com\/fr\/wp-json\/wp\/v2\/activity\/488275\/revisions\/488278"}],"wp:featuredmedia":[{"embeddable":true,"href":"https:\/\/www.parispackagingweek.com\/fr\/wp-json\/wp\/v2\/media\/488299"}],"wp:attachment":[{"href":"https:\/\/www.parispackagingweek.com\/fr\/wp-json\/wp\/v2\/media?parent=488275"}],"wp:term":[{"taxonomy":"edition","embeddable":true,"href":"https:\/\/www.parispackagingweek.com\/fr\/wp-json\/wp\/v2\/edition?post=488275"},{"taxonomy":"location","embeddable":true,"href":"https:\/\/www.parispackagingweek.com\/fr\/wp-json\/wp\/v2\/location?post=488275"},{"taxonomy":"track","embeddable":true,"href":"https:\/\/www.parispackagingweek.com\/fr\/wp-json\/wp\/v2\/track?post=488275"},{"taxonomy":"activity_type","embeddable":true,"href":"https:\/\/www.parispackagingweek.com\/fr\/wp-json\/wp\/v2\/activity_type?post=488275"}],"curies":[{"name":"wp","href":"https:\/\/api.w.org\/{rel}","templated":true}]}}

Podcast My Life in Design : À la rencontre de Davide Mosconi, Partner et Executive Creative Director chez Auge Design

En direct de la Paris Packaging Week, Claire Blyth, fondatrice de Red Setter PR et animatrice du podcast My Life in Design, sera accompagnée de Davide Mosconi, Partner et Executive Creative Director de l’agence de design primée Auge. Davide partagera son parcours, de sa découverte du design jusqu’à la direction d’Auge, une agence régulièrement nommée « agence de design de l’année ».
