{"id":488594,"date":"2025-12-03T09:55:42","date_gmt":"2025-12-03T08:55:42","guid":{"rendered":"https:\/\/www.parispackagingweek.com\/?post_type=activity&#038;p=488594"},"modified":"2026-02-03T15:49:14","modified_gmt":"2026-02-03T14:49:14","slug":"action-collective-en-faveur-du-reemploi-grande-nouvelle-publication","status":"publish","type":"activity","link":"https:\/\/www.parispackagingweek.com\/fr\/session\/action-collective-en-faveur-du-reemploi-grande-nouvelle-publication\/","title":{"rendered":"The Global Commitment 2030 : acc\u00e9l\u00e9rer l\u2019action pour lutter contre les d\u00e9chets plastiques et la pollution"},"content":{"rendered":"\n<p>Rejoignez-nous pour une discussion enrichissante sur la mani\u00e8re dont les entreprises de l\u2019ensemble de la cha\u00eene de valeur des plastiques, y compris de grandes marques et enseignes internationales, renforcent leurs efforts pour r\u00e9duire l\u2019utilisation du plastique d\u2019ici 2030. Constance Granier, de la Fondation Ellen MacArthur, expliquera comment de grandes entreprises se mobilisent \u00e0 travers le Global Commitment afin de favoriser des actions individuelles plus rapides et plus ambitieuses, et comment cette initiative s\u2019inscrit dans un agenda plus large visant \u00e0 acc\u00e9l\u00e9rer la transition vers une \u00e9conomie circulaire gr\u00e2ce \u00e0 l\u2019action collective des entreprises et au plaidoyer commun.<\/p>\n\n\n\n<p>Constance sera rejointe par Carrefour, signataire depuis le premier jour, qui partagera les engagements propres du distributeur ainsi que sa strat\u00e9gie pour impliquer et motiver ses fournisseurs \u00e0 mettre en \u0153uvre des actions concr\u00e8tes et porteuses de sens.<\/p>\n","protected":false},"excerpt":{"rendered":"<p>Rejoignez-nous pour une discussion enrichissante sur la mani\u00e8re dont les entreprises de l\u2019ensemble de la cha\u00eene de valeur des plastiques, y compris de grandes marques et enseignes internationales, renforcent leurs efforts pour r\u00e9duire l\u2019utilisation du plastique d\u2019ici 2030. Constance Granier, de la Fondation Ellen MacArthur, expliquera comment de grandes entreprises se mobilisent \u00e0 travers le [&hellip;]<\/p>\n","protected":false},"featured_media":0,"template":"","meta":{"_seopress_robots_primary_cat":"","_seopress_titles_title":"L\u2019engagement mondial 2030 : acc\u00e9l\u00e9rer l\u2019action pour lutter contre les d\u00e9chets plastiques et la pollution","_seopress_titles_desc":"Rejoignez-nous pour une discussion enrichissante sur la mani\u00e8re dont les entreprises de l\u2019ensemble de la cha\u00eene de valeur des plastiques, y compris de grandes marques et enseignes internationales, renforcent leurs efforts pour r\u00e9duire l\u2019utilisation du plastique d\u2019ici 2030. Constance Granier, de la Fondation Ellen MacArthur, expliquera comment de grandes entreprises se mobilisent \u00e0 travers le Global Commitment afin de favoriser des actions individuelles plus rapides et plus ambitieuses, et comment cette initiative s\u2019inscrit dans un agenda plus large visant \u00e0 acc\u00e9l\u00e9rer la transition vers une \u00e9conomie circulaire gr\u00e2ce \u00e0 l\u2019action collective des entreprises et au plaidoyer commun.","_seopress_robots_index":"","_activity_time_start":"11:50","_activity_time_end":"12:20","_activity_date":"2026-02-05","_activity_price":"0","footnotes":""},"edition":[1084],"location":[1086],"track":[],"activity_type":[],"class_list":["post-488594","activity","type-activity","status-publish","hentry","edition-paris-packaging-week-2026","location-circular-economy-stage-2026"],"_guests":[{"href":"https:\/\/www.parispackagingweek.com\/fr\/wp-json\/wp\/v2\/guest\/493397"},{"href":"https:\/\/www.parispackagingweek.com\/fr\/wp-json\/wp\/v2\/guest\/489548"}],"_sponsors":[],"_cover_image":null,"_links":{"self":[{"href":"https:\/\/www.parispackagingweek.com\/fr\/wp-json\/wp\/v2\/activity\/488594","targetHints":{"allow":["GET"]}}],"collection":[{"href":"https:\/\/www.parispackagingweek.com\/fr\/wp-json\/wp\/v2\/activity"}],"about":[{"href":"https:\/\/www.parispackagingweek.com\/fr\/wp-json\/wp\/v2\/types\/activity"}],"version-history":[{"count":4,"href":"https:\/\/www.parispackagingweek.com\/fr\/wp-json\/wp\/v2\/activity\/488594\/revisions"}],"predecessor-version":[{"id":495043,"href":"https:\/\/www.parispackagingweek.com\/fr\/wp-json\/wp\/v2\/activity\/488594\/revisions\/495043"}],"wp:attachment":[{"href":"https:\/\/www.parispackagingweek.com\/fr\/wp-json\/wp\/v2\/media?parent=488594"}],"wp:term":[{"taxonomy":"edition","embeddable":true,"href":"https:\/\/www.parispackagingweek.com\/fr\/wp-json\/wp\/v2\/edition?post=488594"},{"taxonomy":"location","embeddable":true,"href":"https:\/\/www.parispackagingweek.com\/fr\/wp-json\/wp\/v2\/location?post=488594"},{"taxonomy":"track","embeddable":true,"href":"https:\/\/www.parispackagingweek.com\/fr\/wp-json\/wp\/v2\/track?post=488594"},{"taxonomy":"activity_type","embeddable":true,"href":"https:\/\/www.parispackagingweek.com\/fr\/wp-json\/wp\/v2\/activity_type?post=488594"}],"curies":[{"name":"wp","href":"https:\/\/api.w.org\/{rel}","templated":true}]}}

The Global Commitment 2030 : accélérer l’action pour lutter contre les déchets plastiques et la pollution

<p>Rejoignez-nous pour une discussion enrichissante sur la manière dont les entreprises de l’ensemble de la chaîne de valeur des plastiques, y compris de grandes marques et enseignes internationales, renforcent leurs efforts pour réduire l’utilisation du plastique d’ici 2030. Constance Granier, de la Fondation Ellen MacArthur, expliquera comment de grandes entreprises se mobilisent à travers le Global Commitment afin de favoriser des actions individuelles plus rapides et plus ambitieuses, et comment cette initiative s’inscrit dans un agenda plus large visant à accélérer la transition vers une économie circulaire grâce à l’action collective des entreprises et au plaidoyer commun.</p>



<p>Constance sera rejointe par Carrefour, signataire depuis le premier jour, qui partagera les engagements propres du distributeur ainsi que sa stratégie pour impliquer et motiver ses fournisseurs à mettre en œuvre des actions concrètes et porteuses de sens.</p>

<p>Rejoignez-nous pour une discussion enrichissante sur la manière dont les entreprises de l’ensemble de la chaîne de valeur des plastiques, y compris de grandes marques et enseignes internationales, renforcent leurs efforts pour réduire l’utilisation du plastique d’ici 2030. Constance Granier, de la Fondation Ellen MacArthur, expliquera comment de grandes entreprises se mobilisent à travers le [&hellip;]</p>

L’engagement mondial 2030 : accélérer l’action pour lutter contre les déchets plastiques et la pollution

Rejoignez-nous pour une discussion enrichissante sur la manière dont les entreprises de l’ensemble de la chaîne de valeur des plastiques, y compris de grandes marques et enseignes internationales, renforcent leurs efforts pour réduire l’utilisation du plastique d’ici 2030. Constance Granier, de la Fondation Ellen MacArthur, expliquera comment de grandes entreprises se mobilisent à travers le Global Commitment afin de favoriser des actions individuelles plus rapides et plus ambitieuses, et comment cette initiative s’inscrit dans un agenda plus large visant à accélérer la transition vers une économie circulaire grâce à l’action collective des entreprises et au plaidoyer commun.
