{"id":488845,"date":"2025-12-03T11:33:35","date_gmt":"2025-12-03T10:33:35","guid":{"rendered":"https:\/\/www.parispackagingweek.com\/?post_type=activity&#038;p=488845"},"modified":"2026-01-13T09:45:42","modified_gmt":"2026-01-13T08:45:42","slug":"quand-lingeniosite-de-la-nature-inspire-le-packaging-du-futur","status":"publish","type":"activity","link":"https:\/\/www.parispackagingweek.com\/fr\/session\/quand-lingeniosite-de-la-nature-inspire-le-packaging-du-futur\/","title":{"rendered":"Biomim\u00e9tisme :\u00a0quand l&rsquo;ing\u00e9niosit\u00e9 de la nature inspire le packaging du futur"},"content":{"rendered":"\n<p>Lors de cette conf\u00e9rence, plusieurs exemples de domaines o\u00f9\u00a0<br>le biomim\u00e9tisme est pertinent\u00a0seront abord\u00e9s : \u00e9co-conception, mat\u00e9riaux alternatifs, adh\u00e9sifs et syst\u00e8mes de fixation, colles ultra-r\u00e9sistantes, r\u00e9duction du poids des emballages<\/p>\n","protected":false},"excerpt":{"rendered":"<p>Lors de cette conf\u00e9rence, plusieurs exemples de domaines o\u00f9\u00a0le biomim\u00e9tisme est pertinent\u00a0seront abord\u00e9s : \u00e9co-conception, mat\u00e9riaux alternatifs, adh\u00e9sifs et syst\u00e8mes de fixation, colles ultra-r\u00e9sistantes, r\u00e9duction du poids des emballages<\/p>\n","protected":false},"featured_media":0,"template":"","meta":{"_seopress_robots_primary_cat":"","_seopress_titles_title":"Sidney Rostan | Paris Packaging Week","_seopress_titles_desc":"Lors de cette conf\u00e9rence, plusieurs exemples de domaines o\u00f9 la biomim\u00e9tique est pertinente seront abord\u00e9s :\r\n\u00c9co-conception, mat\u00e9riaux alternatifs, adh\u00e9sifs et syst\u00e8mes de fixation, colles ultra-r\u00e9sistantes, r\u00e9duction du poids des emballages.","_seopress_robots_index":"","_activity_time_start":"15:20","_activity_time_end":"15:40","_activity_date":"2026-02-05","_activity_price":"0","footnotes":""},"edition":[1084],"location":[1086],"track":[],"activity_type":[],"class_list":["post-488845","activity","type-activity","status-publish","hentry","edition-paris-packaging-week-2026","location-circular-economy-stage-2026"],"_guests":[{"href":"https:\/\/www.parispackagingweek.com\/fr\/wp-json\/wp\/v2\/guest\/488849"}],"_sponsors":[],"_cover_image":null,"_links":{"self":[{"href":"https:\/\/www.parispackagingweek.com\/fr\/wp-json\/wp\/v2\/activity\/488845","targetHints":{"allow":["GET"]}}],"collection":[{"href":"https:\/\/www.parispackagingweek.com\/fr\/wp-json\/wp\/v2\/activity"}],"about":[{"href":"https:\/\/www.parispackagingweek.com\/fr\/wp-json\/wp\/v2\/types\/activity"}],"version-history":[{"count":2,"href":"https:\/\/www.parispackagingweek.com\/fr\/wp-json\/wp\/v2\/activity\/488845\/revisions"}],"predecessor-version":[{"id":493297,"href":"https:\/\/www.parispackagingweek.com\/fr\/wp-json\/wp\/v2\/activity\/488845\/revisions\/493297"}],"wp:attachment":[{"href":"https:\/\/www.parispackagingweek.com\/fr\/wp-json\/wp\/v2\/media?parent=488845"}],"wp:term":[{"taxonomy":"edition","embeddable":true,"href":"https:\/\/www.parispackagingweek.com\/fr\/wp-json\/wp\/v2\/edition?post=488845"},{"taxonomy":"location","embeddable":true,"href":"https:\/\/www.parispackagingweek.com\/fr\/wp-json\/wp\/v2\/location?post=488845"},{"taxonomy":"track","embeddable":true,"href":"https:\/\/www.parispackagingweek.com\/fr\/wp-json\/wp\/v2\/track?post=488845"},{"taxonomy":"activity_type","embeddable":true,"href":"https:\/\/www.parispackagingweek.com\/fr\/wp-json\/wp\/v2\/activity_type?post=488845"}],"curies":[{"name":"wp","href":"https:\/\/api.w.org\/{rel}","templated":true}]}}

Biomimétisme : quand l&rsquo;ingéniosité de la nature inspire le packaging du futur

<p>Lors de cette conférence, plusieurs exemples de domaines où <br>le biomimétisme est pertinent seront abordés : éco-conception, matériaux alternatifs, adhésifs et systèmes de fixation, colles ultra-résistantes, réduction du poids des emballages</p>

<p>Lors de cette conférence, plusieurs exemples de domaines où le biomimétisme est pertinent seront abordés : éco-conception, matériaux alternatifs, adhésifs et systèmes de fixation, colles ultra-résistantes, réduction du poids des emballages</p>

Lors de cette conférence, plusieurs exemples de domaines où la biomimétique est pertinente seront abordés :
Éco-conception, matériaux alternatifs, adhésifs et systèmes de fixation, colles ultra-résistantes, réduction du poids des emballages.
