{"id":488878,"date":"2025-12-03T11:56:16","date_gmt":"2025-12-03T10:56:16","guid":{"rendered":"https:\/\/www.parispackagingweek.com\/?post_type=activity&#038;p=488878"},"modified":"2026-01-08T15:25:05","modified_gmt":"2026-01-08T14:25:05","slug":"coalition-consigne-cosmetique-resultats-de-2-ans-de-travaux","status":"publish","type":"activity","link":"https:\/\/www.parispackagingweek.com\/fr\/session\/coalition-consigne-cosmetique-resultats-de-2-ans-de-travaux\/","title":{"rendered":"Coalition Consigne Cosm\u00e9tique : r\u00e9sultats de 2 ans de travaux"},"content":{"rendered":"\n<p>15 marques de soins cosm\u00e9tique se sont engag\u00e9es d\u00e8s 2023 dans une exp\u00e9rimentation grande \u00e9chelle de la consigne pour r\u00e9emploi des emballages : La Boucle Beaut\u00e9 et la Coalition Consigne Cosm\u00e9tique. Deux ans de travaux et de retour terrain plus tard, quels sont les apprentissages ? Les feux sont-ils au vert pour passer \u00e0 l&rsquo;\u00e9chelle ? Quels sont les retours concernant le mod\u00e8le \u00e9conomique, le mod\u00e8le environnemental, l&rsquo;app\u00e9tence consommateur, les contr\u00f4les qualit\u00e9\u2026?<br>Venez partager avec 4 grandes marques participantes les premiers r\u00e9sultats de cette ambitieuse coalition, sans fard.<\/p>\n","protected":false},"excerpt":{"rendered":"<p>15 marques de soins cosm\u00e9tique se sont engag\u00e9es d\u00e8s 2023 dans une exp\u00e9rimentation grande \u00e9chelle de la consigne pour r\u00e9emploi des emballages : La Boucle Beaut\u00e9 et la Coalition Consigne Cosm\u00e9tique. Deux ans de travaux et de retour terrain plus tard, quels sont les apprentissages ? Les feux sont-ils au vert pour passer \u00e0 l&rsquo;\u00e9chelle [&hellip;]<\/p>\n","protected":false},"featured_media":0,"template":"","meta":{"_seopress_robots_primary_cat":"","_seopress_titles_title":"Coalition Consigne Cosm\u00e9tique : r\u00e9sultats de 2 ans de travaux","_seopress_titles_desc":"15 marques de soins cosm\u00e9tique se sont engag\u00e9es d\u00e8s 2023 dans une exp\u00e9rimentation grande \u00e9chelle de la consigne pour r\u00e9emploi des emballages : La Boucle Beaut\u00e9 et la Coalition Consigne Cosm\u00e9tique. Deux ans de travaux et de retour terrain plus tard, quels sont les apprentissages ? Les feux sont-ils au vert pour passer \u00e0 l'\u00e9chelle ? Quels sont les retours concernant le mod\u00e8le \u00e9conomique, le mod\u00e8le environnemental, l'app\u00e9tence consommateur, les contr\u00f4les qualit\u00e9\u2026?\r\nVenez partager avec 4 grandes marques participantes les premiers r\u00e9sultats de cette ambitieuse coalition, sans fard.","_seopress_robots_index":"","_activity_time_start":"10:40","_activity_time_end":"11:30","_activity_date":"2026-02-06","_activity_price":"0","footnotes":""},"edition":[1084],"location":[1086],"track":[],"activity_type":[],"class_list":["post-488878","activity","type-activity","status-publish","hentry","edition-paris-packaging-week-2026","location-circular-economy-stage-2026"],"_guests":[{"href":"https:\/\/www.parispackagingweek.com\/fr\/wp-json\/wp\/v2\/guest\/493431"},{"href":"https:\/\/www.parispackagingweek.com\/fr\/wp-json\/wp\/v2\/guest\/492828"},{"href":"https:\/\/www.parispackagingweek.com\/fr\/wp-json\/wp\/v2\/guest\/492815"},{"href":"https:\/\/www.parispackagingweek.com\/fr\/wp-json\/wp\/v2\/guest\/492377"},{"href":"https:\/\/www.parispackagingweek.com\/fr\/wp-json\/wp\/v2\/guest\/488864"}],"_sponsors":[],"_cover_image":null,"_links":{"self":[{"href":"https:\/\/www.parispackagingweek.com\/fr\/wp-json\/wp\/v2\/activity\/488878","targetHints":{"allow":["GET"]}}],"collection":[{"href":"https:\/\/www.parispackagingweek.com\/fr\/wp-json\/wp\/v2\/activity"}],"about":[{"href":"https:\/\/www.parispackagingweek.com\/fr\/wp-json\/wp\/v2\/types\/activity"}],"version-history":[{"count":3,"href":"https:\/\/www.parispackagingweek.com\/fr\/wp-json\/wp\/v2\/activity\/488878\/revisions"}],"predecessor-version":[{"id":490547,"href":"https:\/\/www.parispackagingweek.com\/fr\/wp-json\/wp\/v2\/activity\/488878\/revisions\/490547"}],"wp:attachment":[{"href":"https:\/\/www.parispackagingweek.com\/fr\/wp-json\/wp\/v2\/media?parent=488878"}],"wp:term":[{"taxonomy":"edition","embeddable":true,"href":"https:\/\/www.parispackagingweek.com\/fr\/wp-json\/wp\/v2\/edition?post=488878"},{"taxonomy":"location","embeddable":true,"href":"https:\/\/www.parispackagingweek.com\/fr\/wp-json\/wp\/v2\/location?post=488878"},{"taxonomy":"track","embeddable":true,"href":"https:\/\/www.parispackagingweek.com\/fr\/wp-json\/wp\/v2\/track?post=488878"},{"taxonomy":"activity_type","embeddable":true,"href":"https:\/\/www.parispackagingweek.com\/fr\/wp-json\/wp\/v2\/activity_type?post=488878"}],"curies":[{"name":"wp","href":"https:\/\/api.w.org\/{rel}","templated":true}]}}

Coalition Consigne Cosmétique : résultats de 2 ans de travaux

<p>15 marques de soins cosmétique se sont engagées dès 2023 dans une expérimentation grande échelle de la consigne pour réemploi des emballages : La Boucle Beauté et la Coalition Consigne Cosmétique. Deux ans de travaux et de retour terrain plus tard, quels sont les apprentissages ? Les feux sont-ils au vert pour passer à l&rsquo;échelle ? Quels sont les retours concernant le modèle économique, le modèle environnemental, l&rsquo;appétence consommateur, les contrôles qualité…?<br>Venez partager avec 4 grandes marques participantes les premiers résultats de cette ambitieuse coalition, sans fard.</p>

<p>15 marques de soins cosmétique se sont engagées dès 2023 dans une expérimentation grande échelle de la consigne pour réemploi des emballages : La Boucle Beauté et la Coalition Consigne Cosmétique. Deux ans de travaux et de retour terrain plus tard, quels sont les apprentissages ? Les feux sont-ils au vert pour passer à l&rsquo;échelle [&hellip;]</p>

15 marques de soins cosmétique se sont engagées dès 2023 dans une expérimentation grande échelle de la consigne pour réemploi des emballages : La Boucle Beauté et la Coalition Consigne Cosmétique. Deux ans de travaux et de retour terrain plus tard, quels sont les apprentissages ? Les feux sont-ils au vert pour passer à l'échelle ? Quels sont les retours concernant le modèle économique, le modèle environnemental, l'appétence consommateur, les contrôles qualité…?
Venez partager avec 4 grandes marques participantes les premiers résultats de cette ambitieuse coalition, sans fard.
