{"id":489204,"date":"2025-12-03T16:20:26","date_gmt":"2025-12-03T15:20:26","guid":{"rendered":"https:\/\/www.parispackagingweek.com\/?post_type=activity&#038;p=489204"},"modified":"2025-12-03T17:04:44","modified_gmt":"2025-12-03T16:04:44","slug":"leadership-eclaire-comment-les-marques-engagees-deviennent-les-icones-de-demain","status":"publish","type":"activity","link":"https:\/\/www.parispackagingweek.com\/fr\/session\/leadership-eclaire-comment-les-marques-engagees-deviennent-les-icones-de-demain\/","title":{"rendered":"Leadership \u00e9clair\u00e9 : comment les marques engag\u00e9es deviennent les ic\u00f4nes de demain.\u00a0"},"content":{"rendered":"\n<p>De l&rsquo;engagement \u00e0 l&rsquo;action, ce qu&rsquo;il faut pour \u00eatre leader des tendances de demain en construisant un monde durable.\u00a0<\/p>\n","protected":false},"excerpt":{"rendered":"<p>De l&rsquo;engagement \u00e0 l&rsquo;action, ce qu&rsquo;il faut pour \u00eatre leader des tendances de demain en construisant un monde durable.\u00a0<\/p>\n","protected":false},"featured_media":0,"template":"","meta":{"_seopress_robots_primary_cat":"","_seopress_titles_title":"Leadership \u00e9clair\u00e9 : comment les marques engag\u00e9es deviennent les ic\u00f4nes de demain.\u00a0","_seopress_titles_desc":"De l'engagement \u00e0 l'action, ce qu'il faut pour \u00eatre leader des tendances de demain en construisant un monde durable.\u00a0","_seopress_robots_index":"","_activity_time_start":"16:00","_activity_time_end":"16:20","_activity_date":"2026-02-05","_activity_price":"0","footnotes":""},"edition":[1084],"location":[1085],"track":[],"activity_type":[],"class_list":["post-489204","activity","type-activity","status-publish","hentry","edition-paris-packaging-week-2026","location-future-innovation-forum-2026"],"_guests":[{"href":"https:\/\/www.parispackagingweek.com\/fr\/wp-json\/wp\/v2\/guest\/489213"}],"_sponsors":[],"_cover_image":null,"_links":{"self":[{"href":"https:\/\/www.parispackagingweek.com\/fr\/wp-json\/wp\/v2\/activity\/489204","targetHints":{"allow":["GET"]}}],"collection":[{"href":"https:\/\/www.parispackagingweek.com\/fr\/wp-json\/wp\/v2\/activity"}],"about":[{"href":"https:\/\/www.parispackagingweek.com\/fr\/wp-json\/wp\/v2\/types\/activity"}],"version-history":[{"count":1,"href":"https:\/\/www.parispackagingweek.com\/fr\/wp-json\/wp\/v2\/activity\/489204\/revisions"}],"predecessor-version":[{"id":489207,"href":"https:\/\/www.parispackagingweek.com\/fr\/wp-json\/wp\/v2\/activity\/489204\/revisions\/489207"}],"wp:attachment":[{"href":"https:\/\/www.parispackagingweek.com\/fr\/wp-json\/wp\/v2\/media?parent=489204"}],"wp:term":[{"taxonomy":"edition","embeddable":true,"href":"https:\/\/www.parispackagingweek.com\/fr\/wp-json\/wp\/v2\/edition?post=489204"},{"taxonomy":"location","embeddable":true,"href":"https:\/\/www.parispackagingweek.com\/fr\/wp-json\/wp\/v2\/location?post=489204"},{"taxonomy":"track","embeddable":true,"href":"https:\/\/www.parispackagingweek.com\/fr\/wp-json\/wp\/v2\/track?post=489204"},{"taxonomy":"activity_type","embeddable":true,"href":"https:\/\/www.parispackagingweek.com\/fr\/wp-json\/wp\/v2\/activity_type?post=489204"}],"curies":[{"name":"wp","href":"https:\/\/api.w.org\/{rel}","templated":true}]}}

Leadership éclairé : comment les marques engagées deviennent les icônes de demain.

<p>De l&rsquo;engagement à l&rsquo;action, ce qu&rsquo;il faut pour être leader des tendances de demain en construisant un monde durable. </p>

De l'engagement à l'action, ce qu'il faut pour être leader des tendances de demain en construisant un monde durable.
