{"id":489632,"date":"2025-12-04T12:36:19","date_gmt":"2025-12-04T11:36:19","guid":{"rendered":"https:\/\/www.parispackagingweek.com\/session\/table-ronde-des-laureats-des-pcd-innovation-awards\/"},"modified":"2026-01-19T10:59:08","modified_gmt":"2026-01-19T09:59:08","slug":"table-ronde-des-laureats-des-pcd-innovation-awards","status":"publish","type":"activity","link":"https:\/\/www.parispackagingweek.com\/fr\/session\/table-ronde-des-laureats-des-pcd-innovation-awards\/","title":{"rendered":"Table Ronde des innovations de l\u2019ann\u00e9e en pr\u00e9sence des gagnants \u2013 PCD Innovation Awards"},"content":{"rendered":"\n<p>Theme: Bringing magic back to packaging with respect for our planet<\/p>\n\n\n\n<p><strong>16h30 \u2013 16h55<\/strong> PARTIE 1 \u2013 <em>Innovation, usage &amp; contraintes industrielles<\/em>&nbsp;<\/p>\n\n\n\n<p>Cat\u00e9gories regroup\u00e9es :<\/p>\n\n\n\n<ul class=\"wp-block-list\">\n<li>Personal Care &amp; Haircare (Premium &amp; Mass Market)<\/li>\n\n\n\n<li>Make-up (Premium &amp; Mass Market)<\/li>\n\n\n\n<li>Skincare (Premium)<\/li>\n<\/ul>\n\n\n\n<p><strong>16h55 \u2013 17h05 C\u00e9r\u00e9monie de remise des certificats \u2013 tous les gagnants des certificats sont invit\u00e9s \u00e0 monter sur sc\u00e8ne.<\/strong><\/p>\n\n\n\n<p><strong>17h05 \u2013 17h30<\/strong> PARTIE 2 \u2013 <em>D\u00e9sir, storytelling &amp; exception<\/em><\/p>\n\n\n\n<p>Cat\u00e9gories regroup\u00e9es :<\/p>\n\n\n\n<ul class=\"wp-block-list\">\n<li>Fragrances (Women)<\/li>\n\n\n\n<li>Limited Edition Pack \u2013 exceptional products &lt; 2000 pieces<\/li>\n\n\n\n<li>Limited Edition Pack \u2013 products sold on the market > 2000 pieces<\/li>\n<\/ul>\n","protected":false},"excerpt":{"rendered":"<p>Theme: Bringing magic back to packaging with respect for our planet 16h30 \u2013 16h55 PARTIE 1 \u2013 Innovation, usage &amp; contraintes industrielles&nbsp; Cat\u00e9gories regroup\u00e9es : 16h55 \u2013 17h05 C\u00e9r\u00e9monie de remise des certificats \u2013 tous les gagnants des certificats sont invit\u00e9s \u00e0 monter sur sc\u00e8ne. 17h05 \u2013 17h30 PARTIE 2 \u2013 D\u00e9sir, storytelling &amp; exception [&hellip;]<\/p>\n","protected":false},"featured_media":492305,"template":"","meta":{"_seopress_robots_primary_cat":"","_seopress_titles_title":"Table ronde des laur\u00e9ats des PCD Innovation Awards","_seopress_titles_desc":"","_seopress_robots_index":"","_activity_time_start":"16:40","_activity_time_end":"17:40","_activity_date":"2026-02-05","_activity_price":"0","footnotes":""},"edition":[1084],"location":[1086],"track":[],"activity_type":[],"class_list":["post-489632","activity","type-activity","status-publish","has-post-thumbnail","hentry","edition-paris-packaging-week-2026","location-circular-economy-stage-2026"],"_guests":[{"href":"https:\/\/www.parispackagingweek.com\/fr\/wp-json\/wp\/v2\/guest\/68561"}],"_sponsors":[],"_cover_image":null,"_links":{"self":[{"href":"https:\/\/www.parispackagingweek.com\/fr\/wp-json\/wp\/v2\/activity\/489632","targetHints":{"allow":["GET"]}}],"collection":[{"href":"https:\/\/www.parispackagingweek.com\/fr\/wp-json\/wp\/v2\/activity"}],"about":[{"href":"https:\/\/www.parispackagingweek.com\/fr\/wp-json\/wp\/v2\/types\/activity"}],"version-history":[{"count":5,"href":"https:\/\/www.parispackagingweek.com\/fr\/wp-json\/wp\/v2\/activity\/489632\/revisions"}],"predecessor-version":[{"id":493527,"href":"https:\/\/www.parispackagingweek.com\/fr\/wp-json\/wp\/v2\/activity\/489632\/revisions\/493527"}],"wp:featuredmedia":[{"embeddable":true,"href":"https:\/\/www.parispackagingweek.com\/fr\/wp-json\/wp\/v2\/media\/492305"}],"wp:attachment":[{"href":"https:\/\/www.parispackagingweek.com\/fr\/wp-json\/wp\/v2\/media?parent=489632"}],"wp:term":[{"taxonomy":"edition","embeddable":true,"href":"https:\/\/www.parispackagingweek.com\/fr\/wp-json\/wp\/v2\/edition?post=489632"},{"taxonomy":"location","embeddable":true,"href":"https:\/\/www.parispackagingweek.com\/fr\/wp-json\/wp\/v2\/location?post=489632"},{"taxonomy":"track","embeddable":true,"href":"https:\/\/www.parispackagingweek.com\/fr\/wp-json\/wp\/v2\/track?post=489632"},{"taxonomy":"activity_type","embeddable":true,"href":"https:\/\/www.parispackagingweek.com\/fr\/wp-json\/wp\/v2\/activity_type?post=489632"}],"curies":[{"name":"wp","href":"https:\/\/api.w.org\/{rel}","templated":true}]}}

Table Ronde des innovations de l’année en présence des gagnants – PCD Innovation Awards

<p>Theme: Bringing magic back to packaging with respect for our planet</p>



<p><strong>16h30 – 16h55</strong> PARTIE 1 – <em>Innovation, usage &amp; contraintes industrielles</em>&nbsp;</p>



<p>Catégories regroupées :</p>



<ul class="wp-block-list">
<li>Personal Care &amp; Haircare (Premium &amp; Mass Market)</li>



<li>Make-up (Premium &amp; Mass Market)</li>



<li>Skincare (Premium)</li>
</ul>



<p><strong>16h55 – 17h05 Cérémonie de remise des certificats – tous les gagnants des certificats sont invités à monter sur scène.</strong></p>



<p><strong>17h05 – 17h30</strong> PARTIE 2 – <em>Désir, storytelling &amp; exception</em></p>



<p>Catégories regroupées :</p>



<ul class="wp-block-list">
<li>Fragrances (Women)</li>



<li>Limited Edition Pack – exceptional products &lt; 2000 pieces</li>



<li>Limited Edition Pack – products sold on the market > 2000 pieces</li>
</ul>

<p>Theme: Bringing magic back to packaging with respect for our planet 16h30 – 16h55 PARTIE 1 – Innovation, usage &amp; contraintes industrielles&nbsp; Catégories regroupées : 16h55 – 17h05 Cérémonie de remise des certificats – tous les gagnants des certificats sont invités à monter sur scène. 17h05 – 17h30 PARTIE 2 – Désir, storytelling &amp; exception [&hellip;]</p>

Table ronde des lauréats des PCD Innovation Awards
