{"id":489689,"date":"2025-12-04T13:41:46","date_gmt":"2025-12-04T12:41:46","guid":{"rendered":"https:\/\/www.parispackagingweek.com\/?post_type=activity&#038;p=489689"},"modified":"2026-01-15T17:08:09","modified_gmt":"2026-01-15T16:08:09","slug":"packaging-premiere-premium-and-luxury-innovation-awards-winners-panel","status":"publish","type":"activity","link":"https:\/\/www.parispackagingweek.com\/fr\/session\/packaging-premiere-premium-and-luxury-innovation-awards-winners-panel\/","title":{"rendered":"Table Ronde des innovations de l\u2019ann\u00e9e en pr\u00e9sence des gagnants \u2013 Packaging Premi\u00e8re Premium and Luxury Innovation Awards"},"content":{"rendered":"\n<p><strong>13h30 \u2013 13h40 <\/strong>PARTIE 1 \u2013 <em>Performance, usage &amp; fonctionnalit\u00e9<\/em><\/p>\n\n\n\n<p>Cat\u00e9gories regroup\u00e9es :<\/p>\n\n\n\n<ul class=\"wp-block-list\">\n<li>Transport Packaging<\/li>\n\n\n\n<li>Sustainable Packaging<\/li>\n\n\n\n<li>Lifestyle Packaging<\/li>\n<\/ul>\n\n\n\n<p><strong>13h40 \u2013 13h50 -Interlude&nbsp;: C\u00e9r\u00e9monie de remise des certificats \u2013 tous les gagnants des certificats sont invit\u00e9s \u00e0 monter sur sc\u00e8ne.<\/strong><\/p>\n\n\n\n<p><strong>13h50 \u2013 14h10 <\/strong>PARTIE 2 \u2013 <em>Valeur, image &amp; usages sp\u00e9cifiques<\/em><\/p>\n\n\n\n<p>Cat\u00e9gories regroup\u00e9es :<\/p>\n\n\n\n<ul class=\"wp-block-list\">\n<li>Fashion &amp; Accessories Packaging<\/li>\n\n\n\n<li>Premium \/ Luxury Jewellery &amp; Watch Packaging<\/li>\n\n\n\n<li>Premium \/ Luxury Tech &amp; Electronics Packaging<\/li>\n\n\n\n<li>Best Fine Food &amp; Gourmet Packaging<\/li>\n\n\n\n<li>Best Gift Boxes, Limited Editions &amp; Collector\u2019s Packaging<\/li>\n\n\n\n<li>Travel Retail &amp; Luxury Experience<\/li>\n<\/ul>\n","protected":false},"excerpt":{"rendered":"<p>13h30 \u2013 13h40 PARTIE 1 \u2013 Performance, usage &amp; fonctionnalit\u00e9 Cat\u00e9gories regroup\u00e9es : 13h40 \u2013 13h50 -Interlude&nbsp;: C\u00e9r\u00e9monie de remise des certificats \u2013 tous les gagnants des certificats sont invit\u00e9s \u00e0 monter sur sc\u00e8ne. 13h50 \u2013 14h10 PARTIE 2 \u2013 Valeur, image &amp; usages sp\u00e9cifiques Cat\u00e9gories regroup\u00e9es :<\/p>\n","protected":false},"featured_media":492303,"template":"","meta":{"_seopress_robots_primary_cat":"","_seopress_titles_title":"Table ronde des laur\u00e9ats des Packaging Premi\u00e8re\u00a0Premium and Luxury\u00a0Innovation Awards","_seopress_titles_desc":"","_seopress_robots_index":"","_activity_time_start":"13:30","_activity_time_end":"14:15","_activity_date":"2026-02-05","_activity_price":"0","footnotes":""},"edition":[1084],"location":[1085],"track":[],"activity_type":[],"class_list":["post-489689","activity","type-activity","status-publish","has-post-thumbnail","hentry","edition-paris-packaging-week-2026","location-future-innovation-forum-2026"],"_guests":[{"href":"https:\/\/www.parispackagingweek.com\/fr\/wp-json\/wp\/v2\/guest\/493663"}],"_sponsors":[],"_cover_image":null,"_links":{"self":[{"href":"https:\/\/www.parispackagingweek.com\/fr\/wp-json\/wp\/v2\/activity\/489689","targetHints":{"allow":["GET"]}}],"collection":[{"href":"https:\/\/www.parispackagingweek.com\/fr\/wp-json\/wp\/v2\/activity"}],"about":[{"href":"https:\/\/www.parispackagingweek.com\/fr\/wp-json\/wp\/v2\/types\/activity"}],"version-history":[{"count":4,"href":"https:\/\/www.parispackagingweek.com\/fr\/wp-json\/wp\/v2\/activity\/489689\/revisions"}],"predecessor-version":[{"id":493525,"href":"https:\/\/www.parispackagingweek.com\/fr\/wp-json\/wp\/v2\/activity\/489689\/revisions\/493525"}],"wp:featuredmedia":[{"embeddable":true,"href":"https:\/\/www.parispackagingweek.com\/fr\/wp-json\/wp\/v2\/media\/492303"}],"wp:attachment":[{"href":"https:\/\/www.parispackagingweek.com\/fr\/wp-json\/wp\/v2\/media?parent=489689"}],"wp:term":[{"taxonomy":"edition","embeddable":true,"href":"https:\/\/www.parispackagingweek.com\/fr\/wp-json\/wp\/v2\/edition?post=489689"},{"taxonomy":"location","embeddable":true,"href":"https:\/\/www.parispackagingweek.com\/fr\/wp-json\/wp\/v2\/location?post=489689"},{"taxonomy":"track","embeddable":true,"href":"https:\/\/www.parispackagingweek.com\/fr\/wp-json\/wp\/v2\/track?post=489689"},{"taxonomy":"activity_type","embeddable":true,"href":"https:\/\/www.parispackagingweek.com\/fr\/wp-json\/wp\/v2\/activity_type?post=489689"}],"curies":[{"name":"wp","href":"https:\/\/api.w.org\/{rel}","templated":true}]}}

Table Ronde des innovations de l’année en présence des gagnants – Packaging Première Premium and Luxury Innovation Awards

<p><strong>13h30 – 13h40 </strong>PARTIE 1 – <em>Performance, usage &amp; fonctionnalité</em></p>



<p>Catégories regroupées :</p>



<ul class="wp-block-list">
<li>Transport Packaging</li>



<li>Sustainable Packaging</li>



<li>Lifestyle Packaging</li>
</ul>



<p><strong>13h40 – 13h50 -Interlude&nbsp;: Cérémonie de remise des certificats – tous les gagnants des certificats sont invités à monter sur scène.</strong></p>



<p><strong>13h50 – 14h10 </strong>PARTIE 2 – <em>Valeur, image &amp; usages spécifiques</em></p>



<p>Catégories regroupées :</p>



<ul class="wp-block-list">
<li>Fashion &amp; Accessories Packaging</li>



<li>Premium / Luxury Jewellery &amp; Watch Packaging</li>



<li>Premium / Luxury Tech &amp; Electronics Packaging</li>



<li>Best Fine Food &amp; Gourmet Packaging</li>



<li>Best Gift Boxes, Limited Editions &amp; Collector’s Packaging</li>



<li>Travel Retail &amp; Luxury Experience</li>
</ul>

<p>13h30 – 13h40 PARTIE 1 – Performance, usage &amp; fonctionnalité Catégories regroupées : 13h40 – 13h50 -Interlude&nbsp;: Cérémonie de remise des certificats – tous les gagnants des certificats sont invités à monter sur scène. 13h50 – 14h10 PARTIE 2 – Valeur, image &amp; usages spécifiques Catégories regroupées :</p>

Table ronde des lauréats des Packaging Première Premium and Luxury Innovation Awards
