{"id":489719,"date":"2025-12-04T13:54:27","date_gmt":"2025-12-04T12:54:27","guid":{"rendered":"https:\/\/www.parispackagingweek.com\/?post_type=activity&#038;p=489719"},"modified":"2025-12-04T16:24:32","modified_gmt":"2025-12-04T15:24:32","slug":"from-data-to-design-leveraging-plm-ai-to-transform-packaging","status":"publish","type":"activity","link":"https:\/\/www.parispackagingweek.com\/fr\/session\/from-data-to-design-leveraging-plm-ai-to-transform-packaging\/","title":{"rendered":"Des donn\u00e9es au design : utiliser le PLM et l\u2019IA pour transformer le packaging"},"content":{"rendered":"\n<p class=\"has-medium-font-size\"><strong>Part 1 : PLM et Innovation chez Danon<\/strong><\/p>\n\n\n\n<p class=\"has-medium-font-size\"><strong>Part 2 : Concevoir le futur du PLM <\/strong><\/p>\n\n\n\n<p class=\"has-medium-font-size\"><strong>Part 3 : Cas phare : l\u2019IA et la recyclabilit\u00e9 des packagings \u00e0 grande \u00e9chelle<\/strong><\/p>\n\n\n\n<p class=\"has-medium-font-size\"><strong>Part 4 : Table ronde  : PLM, IA et durabilit\u00e9<\/strong><\/p>\n\n\n\n<p><\/p>\n","protected":false},"excerpt":{"rendered":"<p>Part 1 : PLM et Innovation chez Danon Part 2 : Concevoir le futur du PLM Part 3 : Cas phare : l\u2019IA et la recyclabilit\u00e9 des packagings \u00e0 grande \u00e9chelle Part 4 : Table ronde : PLM, IA et durabilit\u00e9<\/p>\n","protected":false},"featured_media":0,"template":"","meta":{"_seopress_robots_primary_cat":"","_seopress_titles_title":"Des donn\u00e9es au design : utiliser le PLM et l\u2019IA pour transformer le packaging","_seopress_titles_desc":"Partie 1 : PLM et Innovation chez Danone\r\nPartie 2 : Concevoir le futur du PLM\r\nPartie 3 : Cas phare : l\u2019IA et la recyclabilit\u00e9 des packagings \u00e0 grande \u00e9chelle\r\nPartie 4 : Table ronde sectorielle : PLM, IA et durabilit\u00e9","_seopress_robots_index":"","_activity_time_start":"14:20","_activity_time_end":"15:20","_activity_date":"2026-02-05","_activity_price":"0","footnotes":""},"edition":[1084],"location":[1085],"track":[],"activity_type":[],"class_list":["post-489719","activity","type-activity","status-publish","hentry","edition-paris-packaging-week-2026","location-future-innovation-forum-2026"],"_guests":[{"href":"https:\/\/www.parispackagingweek.com\/fr\/wp-json\/wp\/v2\/guest\/489413"},{"href":"https:\/\/www.parispackagingweek.com\/fr\/wp-json\/wp\/v2\/guest\/489407"},{"href":"https:\/\/www.parispackagingweek.com\/fr\/wp-json\/wp\/v2\/guest\/487646"},{"href":"https:\/\/www.parispackagingweek.com\/fr\/wp-json\/wp\/v2\/guest\/487571"},{"href":"https:\/\/www.parispackagingweek.com\/fr\/wp-json\/wp\/v2\/guest\/487559"}],"_sponsors":[],"_cover_image":null,"_links":{"self":[{"href":"https:\/\/www.parispackagingweek.com\/fr\/wp-json\/wp\/v2\/activity\/489719","targetHints":{"allow":["GET"]}}],"collection":[{"href":"https:\/\/www.parispackagingweek.com\/fr\/wp-json\/wp\/v2\/activity"}],"about":[{"href":"https:\/\/www.parispackagingweek.com\/fr\/wp-json\/wp\/v2\/types\/activity"}],"version-history":[{"count":2,"href":"https:\/\/www.parispackagingweek.com\/fr\/wp-json\/wp\/v2\/activity\/489719\/revisions"}],"predecessor-version":[{"id":489754,"href":"https:\/\/www.parispackagingweek.com\/fr\/wp-json\/wp\/v2\/activity\/489719\/revisions\/489754"}],"wp:attachment":[{"href":"https:\/\/www.parispackagingweek.com\/fr\/wp-json\/wp\/v2\/media?parent=489719"}],"wp:term":[{"taxonomy":"edition","embeddable":true,"href":"https:\/\/www.parispackagingweek.com\/fr\/wp-json\/wp\/v2\/edition?post=489719"},{"taxonomy":"location","embeddable":true,"href":"https:\/\/www.parispackagingweek.com\/fr\/wp-json\/wp\/v2\/location?post=489719"},{"taxonomy":"track","embeddable":true,"href":"https:\/\/www.parispackagingweek.com\/fr\/wp-json\/wp\/v2\/track?post=489719"},{"taxonomy":"activity_type","embeddable":true,"href":"https:\/\/www.parispackagingweek.com\/fr\/wp-json\/wp\/v2\/activity_type?post=489719"}],"curies":[{"name":"wp","href":"https:\/\/api.w.org\/{rel}","templated":true}]}}

Des données au design : utiliser le PLM et l’IA pour transformer le packaging

<p class="has-medium-font-size"><strong>Part 1 : PLM et Innovation chez Danon</strong></p>



<p class="has-medium-font-size"><strong>Part 2 : Concevoir le futur du PLM </strong></p>



<p class="has-medium-font-size"><strong>Part 3 : Cas phare : l’IA et la recyclabilité des packagings à grande échelle</strong></p>



<p class="has-medium-font-size"><strong>Part 4 : Table ronde  : PLM, IA et durabilité</strong></p>



<p></p>

<p>Part 1 : PLM et Innovation chez Danon Part 2 : Concevoir le futur du PLM Part 3 : Cas phare : l’IA et la recyclabilité des packagings à grande échelle Part 4 : Table ronde : PLM, IA et durabilité</p>

Partie 1 : PLM et Innovation chez Danone
Partie 2 : Concevoir le futur du PLM
Partie 3 : Cas phare : l’IA et la recyclabilité des packagings à grande échelle
Partie 4 : Table ronde sectorielle : PLM, IA et durabilité
