{"id":489757,"date":"2025-12-04T14:08:17","date_gmt":"2025-12-04T13:08:17","guid":{"rendered":"https:\/\/www.parispackagingweek.com\/?post_type=activity&#038;p=489757"},"modified":"2026-01-08T10:47:52","modified_gmt":"2026-01-08T09:47:52","slug":"keynote-vitalie-tattinger-ceo-champagne-tattinger","status":"publish","type":"activity","link":"https:\/\/www.parispackagingweek.com\/fr\/session\/keynote-vitalie-tattinger-ceo-champagne-tattinger\/","title":{"rendered":"Keynote : Vitalie Taittinger, CEO Champagne Taittinger"},"content":{"rendered":"\n<p>Pr\u00e9sentatrice : Claire Domergue<\/p>\n\n\n\n<p class=\"has-medium-font-size\"><strong>La vision de Vitalie Taittinger sur l&rsquo;innovation responsable<\/strong><\/p>\n\n\n\n<p>La question de l\u2019environnement, de l\u2019impact et de l&rsquo;innovation s\u2019inscrit pleinement dans la vision globale du champagne Taittinger. Vitalie Taittinger a veill\u00e9 \u00e0 ce que cette r\u00e9flexion soit au c\u0153ur des pr\u00e9occupations de chacun des d\u00e9partements, un engagement qui fait aujourd\u2019hui la fiert\u00e9 de toute l\u2019entreprise. Elle viendra nous partager sa vision et ses engagements.<\/p>\n","protected":false},"excerpt":{"rendered":"<p>Pr\u00e9sentatrice : Claire Domergue La vision de Vitalie Taittinger sur l&rsquo;innovation responsable La question de l\u2019environnement, de l\u2019impact et de l&rsquo;innovation s\u2019inscrit pleinement dans la vision globale du champagne Taittinger. Vitalie Taittinger a veill\u00e9 \u00e0 ce que cette r\u00e9flexion soit au c\u0153ur des pr\u00e9occupations de chacun des d\u00e9partements, un engagement qui fait aujourd\u2019hui la fiert\u00e9 [&hellip;]<\/p>\n","protected":false},"featured_media":0,"template":"","meta":{"_seopress_robots_primary_cat":"","_seopress_titles_title":"Keynote : Vitalie Taittinger, CEO Champagne Tattinger","_seopress_titles_desc":"La question de l\u2019environnement, de l\u2019impact et de l'innovation s\u2019inscrit pleinement dans la vision globale du champagne Taittinger. Vitalie Taittinger a veill\u00e9 \u00e0 ce que cette r\u00e9flexion soit au c\u0153ur des pr\u00e9occupations de chacun des d\u00e9partements, un engagement qui fait aujourd\u2019hui la fiert\u00e9 de toute l\u2019entreprise. Elle viendra nous partager sa vision et ses engagements.","_seopress_robots_index":"","_activity_time_start":"13:00","_activity_time_end":"13:30","_activity_date":"2026-02-06","_activity_price":"0","footnotes":""},"edition":[1084],"location":[1085],"track":[],"activity_type":[],"class_list":["post-489757","activity","type-activity","status-publish","hentry","edition-paris-packaging-week-2026","location-future-innovation-forum-2026"],"_guests":[{"href":"https:\/\/www.parispackagingweek.com\/fr\/wp-json\/wp\/v2\/guest\/487387"},{"href":"https:\/\/www.parispackagingweek.com\/fr\/wp-json\/wp\/v2\/guest\/331034"}],"_sponsors":[],"_cover_image":null,"_links":{"self":[{"href":"https:\/\/www.parispackagingweek.com\/fr\/wp-json\/wp\/v2\/activity\/489757","targetHints":{"allow":["GET"]}}],"collection":[{"href":"https:\/\/www.parispackagingweek.com\/fr\/wp-json\/wp\/v2\/activity"}],"about":[{"href":"https:\/\/www.parispackagingweek.com\/fr\/wp-json\/wp\/v2\/types\/activity"}],"version-history":[{"count":4,"href":"https:\/\/www.parispackagingweek.com\/fr\/wp-json\/wp\/v2\/activity\/489757\/revisions"}],"predecessor-version":[{"id":492691,"href":"https:\/\/www.parispackagingweek.com\/fr\/wp-json\/wp\/v2\/activity\/489757\/revisions\/492691"}],"wp:attachment":[{"href":"https:\/\/www.parispackagingweek.com\/fr\/wp-json\/wp\/v2\/media?parent=489757"}],"wp:term":[{"taxonomy":"edition","embeddable":true,"href":"https:\/\/www.parispackagingweek.com\/fr\/wp-json\/wp\/v2\/edition?post=489757"},{"taxonomy":"location","embeddable":true,"href":"https:\/\/www.parispackagingweek.com\/fr\/wp-json\/wp\/v2\/location?post=489757"},{"taxonomy":"track","embeddable":true,"href":"https:\/\/www.parispackagingweek.com\/fr\/wp-json\/wp\/v2\/track?post=489757"},{"taxonomy":"activity_type","embeddable":true,"href":"https:\/\/www.parispackagingweek.com\/fr\/wp-json\/wp\/v2\/activity_type?post=489757"}],"curies":[{"name":"wp","href":"https:\/\/api.w.org\/{rel}","templated":true}]}}

<p>Présentatrice : Claire Domergue</p>



<p class="has-medium-font-size"><strong>La vision de Vitalie Taittinger sur l&rsquo;innovation responsable</strong></p>



<p>La question de l’environnement, de l’impact et de l&rsquo;innovation s’inscrit pleinement dans la vision globale du champagne Taittinger. Vitalie Taittinger a veillé à ce que cette réflexion soit au cœur des préoccupations de chacun des départements, un engagement qui fait aujourd’hui la fierté de toute l’entreprise. Elle viendra nous partager sa vision et ses engagements.</p>

<p>Présentatrice : Claire Domergue La vision de Vitalie Taittinger sur l&rsquo;innovation responsable La question de l’environnement, de l’impact et de l&rsquo;innovation s’inscrit pleinement dans la vision globale du champagne Taittinger. Vitalie Taittinger a veillé à ce que cette réflexion soit au cœur des préoccupations de chacun des départements, un engagement qui fait aujourd’hui la fierté [&hellip;]</p>

La question de l’environnement, de l’impact et de l'innovation s’inscrit pleinement dans la vision globale du champagne Taittinger. Vitalie Taittinger a veillé à ce que cette réflexion soit au cœur des préoccupations de chacun des départements, un engagement qui fait aujourd’hui la fierté de toute l’entreprise. Elle viendra nous partager sa vision et ses engagements.
