{"id":490676,"date":"2025-12-11T10:37:26","date_gmt":"2025-12-11T09:37:26","guid":{"rendered":"https:\/\/www.parispackagingweek.com\/?post_type=activity&#038;p=490676"},"modified":"2025-12-22T12:21:09","modified_gmt":"2025-12-22T11:21:09","slug":"conference-titre-en-cours-de-finalisation","status":"publish","type":"activity","link":"https:\/\/www.parispackagingweek.com\/fr\/session\/conference-titre-en-cours-de-finalisation\/","title":{"rendered":"Packaging\u00a0&amp; Innovation : comment l\u2019IA, l\u2019\u00e9co-conception et l\u2019acc\u00e9l\u00e9ration technique transforment la beaut\u00e9 de luxe"},"content":{"rendered":"","protected":false},"excerpt":{"rendered":"","protected":false},"featured_media":0,"template":"","meta":{"_seopress_robots_primary_cat":"","_seopress_titles_title":"Packaging & Innovation : comment l\u2019IA, l\u2019\u00e9co-conception et l\u2019acc\u00e9l\u00e9ration technique transforment la beaut\u00e9 de luxe","_seopress_titles_desc":"","_seopress_robots_index":"","_activity_time_start":"16:00","_activity_time_end":"16:30","_activity_date":"2026-02-05","_activity_price":"0","footnotes":""},"edition":[1084],"location":[1086],"track":[],"activity_type":[807],"class_list":["post-490676","activity","type-activity","status-publish","hentry","edition-paris-packaging-week-2026","location-circular-economy-stage-2026","activity_type-circular-economy-stage"],"_guests":[{"href":"https:\/\/www.parispackagingweek.com\/fr\/wp-json\/wp\/v2\/guest\/490681"}],"_sponsors":[],"_cover_image":null,"_links":{"self":[{"href":"https:\/\/www.parispackagingweek.com\/fr\/wp-json\/wp\/v2\/activity\/490676","targetHints":{"allow":["GET"]}}],"collection":[{"href":"https:\/\/www.parispackagingweek.com\/fr\/wp-json\/wp\/v2\/activity"}],"about":[{"href":"https:\/\/www.parispackagingweek.com\/fr\/wp-json\/wp\/v2\/types\/activity"}],"version-history":[{"count":2,"href":"https:\/\/www.parispackagingweek.com\/fr\/wp-json\/wp\/v2\/activity\/490676\/revisions"}],"predecessor-version":[{"id":492190,"href":"https:\/\/www.parispackagingweek.com\/fr\/wp-json\/wp\/v2\/activity\/490676\/revisions\/492190"}],"wp:attachment":[{"href":"https:\/\/www.parispackagingweek.com\/fr\/wp-json\/wp\/v2\/media?parent=490676"}],"wp:term":[{"taxonomy":"edition","embeddable":true,"href":"https:\/\/www.parispackagingweek.com\/fr\/wp-json\/wp\/v2\/edition?post=490676"},{"taxonomy":"location","embeddable":true,"href":"https:\/\/www.parispackagingweek.com\/fr\/wp-json\/wp\/v2\/location?post=490676"},{"taxonomy":"track","embeddable":true,"href":"https:\/\/www.parispackagingweek.com\/fr\/wp-json\/wp\/v2\/track?post=490676"},{"taxonomy":"activity_type","embeddable":true,"href":"https:\/\/www.parispackagingweek.com\/fr\/wp-json\/wp\/v2\/activity_type?post=490676"}],"curies":[{"name":"wp","href":"https:\/\/api.w.org\/{rel}","templated":true}]}}

Packaging &amp; Innovation : comment l’IA, l’éco-conception et l’accélération technique transforment la beauté de luxe

Packaging & Innovation : comment l’IA, l’éco-conception et l’accélération technique transforment la beauté de luxe
