{"id":494049,"date":"2026-01-20T17:57:59","date_gmt":"2026-01-20T16:57:59","guid":{"rendered":"https:\/\/www.parispackagingweek.com\/?post_type=activity&#038;p=494049"},"modified":"2026-01-20T18:08:03","modified_gmt":"2026-01-20T17:08:03","slug":"decouvrez-les-jumeaux-virtuels-pour-des-emballages-durables","status":"publish","type":"activity","link":"https:\/\/www.parispackagingweek.com\/fr\/session\/decouvrez-les-jumeaux-virtuels-pour-des-emballages-durables\/","title":{"rendered":"D\u00e9couvrez les jumeaux virtuels pour des emballages durables\u00a0:"},"content":{"rendered":"\n<p>L\u2019innovation packaging ne se contente plus de r\u00e9volutionner le design : elle commence dans le virtuel. D\u00e9couvrez comment les univers num\u00e9riques transforment l\u2019emballage, de la premi\u00e8re id\u00e9e jusqu\u2019\u00e0 la production durable\u00a0<\/p>\n","protected":false},"excerpt":{"rendered":"<p>L\u2019innovation packaging ne se contente plus de r\u00e9volutionner le design : elle commence dans le virtuel. D\u00e9couvrez comment les univers num\u00e9riques transforment l\u2019emballage, de la premi\u00e8re id\u00e9e jusqu\u2019\u00e0 la production durable\u00a0<\/p>\n","protected":false},"featured_media":0,"template":"","meta":{"_seopress_robots_primary_cat":"","_seopress_titles_title":"D\u00e9couvrez les jumeaux virtuels pour des emballages durables\u00a0:","_seopress_titles_desc":"L\u2019innovation packaging ne se contente plus de r\u00e9volutionner le design : elle commence dans le virtuel. D\u00e9couvrez comment les univers num\u00e9riques transforment l\u2019emballage, de la premi\u00e8re id\u00e9e jusqu\u2019\u00e0 la production durable","_seopress_robots_index":"","_activity_time_start":"09:40","_activity_time_end":"10:00","_activity_date":"2026-02-06","_activity_price":"0","footnotes":""},"edition":[1084],"location":[1089],"track":[],"activity_type":[],"class_list":["post-494049","activity","type-activity","status-publish","hentry","edition-paris-packaging-week-2026","location-discovery-zone-stage-2026"],"_guests":[{"href":"https:\/\/www.parispackagingweek.com\/fr\/wp-json\/wp\/v2\/guest\/494037"}],"_sponsors":[],"_cover_image":null,"_links":{"self":[{"href":"https:\/\/www.parispackagingweek.com\/fr\/wp-json\/wp\/v2\/activity\/494049","targetHints":{"allow":["GET"]}}],"collection":[{"href":"https:\/\/www.parispackagingweek.com\/fr\/wp-json\/wp\/v2\/activity"}],"about":[{"href":"https:\/\/www.parispackagingweek.com\/fr\/wp-json\/wp\/v2\/types\/activity"}],"version-history":[{"count":1,"href":"https:\/\/www.parispackagingweek.com\/fr\/wp-json\/wp\/v2\/activity\/494049\/revisions"}],"predecessor-version":[{"id":494051,"href":"https:\/\/www.parispackagingweek.com\/fr\/wp-json\/wp\/v2\/activity\/494049\/revisions\/494051"}],"wp:attachment":[{"href":"https:\/\/www.parispackagingweek.com\/fr\/wp-json\/wp\/v2\/media?parent=494049"}],"wp:term":[{"taxonomy":"edition","embeddable":true,"href":"https:\/\/www.parispackagingweek.com\/fr\/wp-json\/wp\/v2\/edition?post=494049"},{"taxonomy":"location","embeddable":true,"href":"https:\/\/www.parispackagingweek.com\/fr\/wp-json\/wp\/v2\/location?post=494049"},{"taxonomy":"track","embeddable":true,"href":"https:\/\/www.parispackagingweek.com\/fr\/wp-json\/wp\/v2\/track?post=494049"},{"taxonomy":"activity_type","embeddable":true,"href":"https:\/\/www.parispackagingweek.com\/fr\/wp-json\/wp\/v2\/activity_type?post=494049"}],"curies":[{"name":"wp","href":"https:\/\/api.w.org\/{rel}","templated":true}]}}

Découvrez les jumeaux virtuels pour des emballages durables :

<p>L’innovation packaging ne se contente plus de révolutionner le design : elle commence dans le virtuel. Découvrez comment les univers numériques transforment l’emballage, de la première idée jusqu’à la production durable </p>

L’innovation packaging ne se contente plus de révolutionner le design : elle commence dans le virtuel. Découvrez comment les univers numériques transforment l’emballage, de la première idée jusqu’à la production durable
