{"id":494831,"date":"2026-01-29T16:33:56","date_gmt":"2026-01-29T15:33:56","guid":{"rendered":"https:\/\/www.parispackagingweek.com\/session\/emerald-technology-ventures-the-packaging-collective-accelerer-le-changement-des-aujourdhui\/"},"modified":"2026-01-29T16:33:56","modified_gmt":"2026-01-29T15:33:56","slug":"emerald-technology-ventures-the-packaging-collective-accelerer-le-changement-des-aujourdhui","status":"publish","type":"activity","link":"https:\/\/www.parispackagingweek.com\/fr\/session\/emerald-technology-ventures-the-packaging-collective-accelerer-le-changement-des-aujourdhui\/","title":{"rendered":"Emerald Technology Ventures &#038; The Packaging Collective, acc\u00e9l\u00e9rer le changement d\u00e8s aujourd\u2019hui"},"content":{"rendered":"\n<p>Un collectif industriel soutenu par des capitaux, d\u00e9di\u00e9 \u00e0 l\u2019investissement dans des start-up de l\u2019emballage durable afin d\u2019acc\u00e9l\u00e9rer l\u2019innovation et de d\u00e9ployer des solutions \u00e0 grande \u00e9chelle face \u00e0 nos d\u00e9fis communs majeurs, tout en g\u00e9n\u00e9rant des retours strat\u00e9giques, financiers et \u00e0 impact.<\/p>\n\n<p><\/p>\n","protected":false},"excerpt":{"rendered":"<p>Un collectif industriel soutenu par des capitaux, d\u00e9di\u00e9 \u00e0 l\u2019investissement dans des start-up de l\u2019emballage durable afin d\u2019acc\u00e9l\u00e9rer l\u2019innovation et de d\u00e9ployer des solutions \u00e0 grande \u00e9chelle face \u00e0 nos d\u00e9fis communs majeurs, tout en g\u00e9n\u00e9rant des retours strat\u00e9giques, financiers et \u00e0 impact.<\/p>\n","protected":false},"featured_media":0,"template":"","meta":{"_seopress_robots_primary_cat":"","_seopress_titles_title":"Emerald Technology Ventures & The Packaging Collective, acc\u00e9l\u00e9rer le changement d\u00e8s aujourd\u2019hui","_seopress_titles_desc":"Un collectif industriel soutenu par des capitaux, d\u00e9di\u00e9 \u00e0 l\u2019investissement dans des start-up de l\u2019emballage durable afin d\u2019acc\u00e9l\u00e9rer l\u2019innovation et de d\u00e9ployer des solutions \u00e0 grande \u00e9chelle face \u00e0 nos d\u00e9fis communs majeurs, tout en g\u00e9n\u00e9rant des retours strat\u00e9giques, financiers et \u00e0 impact.","_seopress_robots_index":"","_activity_time_start":"13:45","_activity_time_end":"14:00","_activity_date":"2026-02-05","_activity_price":"","footnotes":""},"edition":[1084],"location":[1089],"track":[],"activity_type":[],"class_list":["post-494831","activity","type-activity","status-publish","hentry","edition-paris-packaging-week-2026","location-discovery-zone-stage-2026"],"_guests":[{"href":"https:\/\/www.parispackagingweek.com\/fr\/wp-json\/wp\/v2\/guest\/494826"}],"_sponsors":[],"_cover_image":null,"_links":{"self":[{"href":"https:\/\/www.parispackagingweek.com\/fr\/wp-json\/wp\/v2\/activity\/494831","targetHints":{"allow":["GET"]}}],"collection":[{"href":"https:\/\/www.parispackagingweek.com\/fr\/wp-json\/wp\/v2\/activity"}],"about":[{"href":"https:\/\/www.parispackagingweek.com\/fr\/wp-json\/wp\/v2\/types\/activity"}],"version-history":[{"count":1,"href":"https:\/\/www.parispackagingweek.com\/fr\/wp-json\/wp\/v2\/activity\/494831\/revisions"}],"predecessor-version":[{"id":494832,"href":"https:\/\/www.parispackagingweek.com\/fr\/wp-json\/wp\/v2\/activity\/494831\/revisions\/494832"}],"wp:attachment":[{"href":"https:\/\/www.parispackagingweek.com\/fr\/wp-json\/wp\/v2\/media?parent=494831"}],"wp:term":[{"taxonomy":"edition","embeddable":true,"href":"https:\/\/www.parispackagingweek.com\/fr\/wp-json\/wp\/v2\/edition?post=494831"},{"taxonomy":"location","embeddable":true,"href":"https:\/\/www.parispackagingweek.com\/fr\/wp-json\/wp\/v2\/location?post=494831"},{"taxonomy":"track","embeddable":true,"href":"https:\/\/www.parispackagingweek.com\/fr\/wp-json\/wp\/v2\/track?post=494831"},{"taxonomy":"activity_type","embeddable":true,"href":"https:\/\/www.parispackagingweek.com\/fr\/wp-json\/wp\/v2\/activity_type?post=494831"}],"curies":[{"name":"wp","href":"https:\/\/api.w.org\/{rel}","templated":true}]}}

Emerald Technology Ventures &#038; The Packaging Collective, accélérer le changement dès aujourd’hui

<p>Un collectif industriel soutenu par des capitaux, dédié à l’investissement dans des start-up de l’emballage durable afin d’accélérer l’innovation et de déployer des solutions à grande échelle face à nos défis communs majeurs, tout en générant des retours stratégiques, financiers et à impact.</p>

<p></p>

<p>Un collectif industriel soutenu par des capitaux, dédié à l’investissement dans des start-up de l’emballage durable afin d’accélérer l’innovation et de déployer des solutions à grande échelle face à nos défis communs majeurs, tout en générant des retours stratégiques, financiers et à impact.</p>

Emerald Technology Ventures & The Packaging Collective, accélérer le changement dès aujourd’hui

Un collectif industriel soutenu par des capitaux, dédié à l’investissement dans des start-up de l’emballage durable afin d’accélérer l’innovation et de déployer des solutions à grande échelle face à nos défis communs majeurs, tout en générant des retours stratégiques, financiers et à impact.
