{"id":494843,"date":"2026-01-29T16:59:33","date_gmt":"2026-01-29T15:59:33","guid":{"rendered":"https:\/\/www.parispackagingweek.com\/session\/solutions-de-pigments-naturels-pour-le-packaging-inspirees-du-savoir-faire-maya\/"},"modified":"2026-01-29T16:59:33","modified_gmt":"2026-01-29T15:59:33","slug":"solutions-de-pigments-naturels-pour-le-packaging-inspirees-du-savoir-faire-maya","status":"publish","type":"activity","link":"https:\/\/www.parispackagingweek.com\/fr\/session\/solutions-de-pigments-naturels-pour-le-packaging-inspirees-du-savoir-faire-maya\/","title":{"rendered":"Solutions de pigments naturels pour le packaging, inspir\u00e9es du savoir-faire maya"},"content":{"rendered":"\n<p>La couleur est un \u00e9l\u00e9ment cl\u00e9 du packaging, influen\u00e7ant \u00e0 la fois la perception des consommateurs et l\u2019identit\u00e9 des marques. Si les pigments synth\u00e9tiques offrent de hautes performances, leur impact environnemental est de plus en plus remis en question, poussant l\u2019industrie \u00e0 se tourner vers des alternatives plus durables \u00e0 base de pigments naturels, malgr\u00e9 leurs limites traditionnelles.<br\/>Inspir\u00e9e du savoir-faire maya, une technologie innovante d\u2019encapsulation naturelle permet de d\u00e9passer ces contraintes en prot\u00e9geant les mol\u00e9cules colorantes organiques. Il devient ainsi possible de d\u00e9velopper des pigments jusqu\u2019\u00e0 100 % naturels, offrant une palette de couleurs plus large, une meilleure r\u00e9sistance aux UV, \u00e0 la chaleur et aux agents chimiques, ainsi qu\u2019une bonne compatibilit\u00e9 avec de nombreux supports.<br\/>Ces pigments peuvent \u00eatre utilis\u00e9s dans un large \u00e9ventail d\u2019applications (plastiques, mat\u00e9riaux recycl\u00e9s et biosourc\u00e9s, papier, rev\u00eatements, encres, impression 3D), ouvrant la voie \u00e0 des solutions d\u2019emballage \u00e0 la fois plus durables et plus performantes.<\/p>\n\n<p><\/p>\n\n<p><\/p>\n","protected":false},"excerpt":{"rendered":"<p>La couleur est un \u00e9l\u00e9ment cl\u00e9 du packaging, influen\u00e7ant \u00e0 la fois la perception des consommateurs et l\u2019identit\u00e9 des marques. Si les pigments synth\u00e9tiques offrent de hautes performances, leur impact environnemental est de plus en plus remis en question, poussant l\u2019industrie \u00e0 se tourner vers des alternatives plus durables \u00e0 base de pigments naturels, malgr\u00e9 [&hellip;]<\/p>\n","protected":false},"featured_media":0,"template":"","meta":{"_seopress_robots_primary_cat":"","_seopress_titles_title":"","_seopress_titles_desc":"","_seopress_robots_index":"","_activity_time_start":"16:45","_activity_time_end":"17:00","_activity_date":"2026-02-05","_activity_price":"","footnotes":""},"edition":[1084],"location":[1089],"track":[],"activity_type":[],"class_list":["post-494843","activity","type-activity","status-publish","hentry","edition-paris-packaging-week-2026","location-discovery-zone-stage-2026"],"_guests":[{"href":"https:\/\/www.parispackagingweek.com\/fr\/wp-json\/wp\/v2\/guest\/494838"}],"_sponsors":[],"_cover_image":null,"_links":{"self":[{"href":"https:\/\/www.parispackagingweek.com\/fr\/wp-json\/wp\/v2\/activity\/494843","targetHints":{"allow":["GET"]}}],"collection":[{"href":"https:\/\/www.parispackagingweek.com\/fr\/wp-json\/wp\/v2\/activity"}],"about":[{"href":"https:\/\/www.parispackagingweek.com\/fr\/wp-json\/wp\/v2\/types\/activity"}],"version-history":[{"count":1,"href":"https:\/\/www.parispackagingweek.com\/fr\/wp-json\/wp\/v2\/activity\/494843\/revisions"}],"predecessor-version":[{"id":494844,"href":"https:\/\/www.parispackagingweek.com\/fr\/wp-json\/wp\/v2\/activity\/494843\/revisions\/494844"}],"wp:attachment":[{"href":"https:\/\/www.parispackagingweek.com\/fr\/wp-json\/wp\/v2\/media?parent=494843"}],"wp:term":[{"taxonomy":"edition","embeddable":true,"href":"https:\/\/www.parispackagingweek.com\/fr\/wp-json\/wp\/v2\/edition?post=494843"},{"taxonomy":"location","embeddable":true,"href":"https:\/\/www.parispackagingweek.com\/fr\/wp-json\/wp\/v2\/location?post=494843"},{"taxonomy":"track","embeddable":true,"href":"https:\/\/www.parispackagingweek.com\/fr\/wp-json\/wp\/v2\/track?post=494843"},{"taxonomy":"activity_type","embeddable":true,"href":"https:\/\/www.parispackagingweek.com\/fr\/wp-json\/wp\/v2\/activity_type?post=494843"}],"curies":[{"name":"wp","href":"https:\/\/api.w.org\/{rel}","templated":true}]}}

Solutions de pigments naturels pour le packaging, inspirées du savoir-faire maya

<p>La couleur est un élément clé du packaging, influençant à la fois la perception des consommateurs et l’identité des marques. Si les pigments synthétiques offrent de hautes performances, leur impact environnemental est de plus en plus remis en question, poussant l’industrie à se tourner vers des alternatives plus durables à base de pigments naturels, malgré leurs limites traditionnelles.<br/>Inspirée du savoir-faire maya, une technologie innovante d’encapsulation naturelle permet de dépasser ces contraintes en protégeant les molécules colorantes organiques. Il devient ainsi possible de développer des pigments jusqu’à 100 % naturels, offrant une palette de couleurs plus large, une meilleure résistance aux UV, à la chaleur et aux agents chimiques, ainsi qu’une bonne compatibilité avec de nombreux supports.<br/>Ces pigments peuvent être utilisés dans un large éventail d’applications (plastiques, matériaux recyclés et biosourcés, papier, revêtements, encres, impression 3D), ouvrant la voie à des solutions d’emballage à la fois plus durables et plus performantes.</p>

<p></p>

<p></p>

<p>La couleur est un élément clé du packaging, influençant à la fois la perception des consommateurs et l’identité des marques. Si les pigments synthétiques offrent de hautes performances, leur impact environnemental est de plus en plus remis en question, poussant l’industrie à se tourner vers des alternatives plus durables à base de pigments naturels, malgré [&hellip;]</p>
