{"id":79794,"date":"2022-05-13T12:24:03","date_gmt":"2022-05-13T10:24:03","guid":{"rendered":"https:\/\/www.parispackagingweek.com\/?post_type=activity&#038;p=79794"},"modified":"2022-05-24T17:26:01","modified_gmt":"2022-05-24T15:26:01","slug":"key-study-and-presentation-avez-vous-tous-les-outils-en-mains-pour-eco-concevoir-vos-boissons-premium-pourquoi-agir-et-comment","status":"publish","type":"activity","link":"https:\/\/www.parispackagingweek.com\/fr\/session\/key-study-and-presentation-avez-vous-tous-les-outils-en-mains-pour-eco-concevoir-vos-boissons-premium-pourquoi-agir-et-comment\/","title":{"rendered":"\u00c9tude de cas : R\u00e9duire et recycler : comment agir ?"},"content":{"rendered":"<p>Mehdi Besbes, Wine &amp; Spirits Market Manager,\u00a0<strong>Adelphe<\/strong><\/p>\n<p>Simon L\u00e9oment, Product Development Manager, <strong>R\u00e9my Cointreau<\/strong><\/p>\n<p>Plus d&rsquo;informations \u00e0 venir<\/p>\n","protected":false},"excerpt":{"rendered":"<p>Mehdi Besbes, Wine &amp; Spirits Market Manager,\u00a0Adelphe Simon L\u00e9oment, Product Development Manager, R\u00e9my Cointreau Plus d&rsquo;informations \u00e0 venir<\/p>\n","protected":false},"featured_media":0,"template":"","meta":{"_seopress_titles_title":"PLD Talks | \u00c9tude de cas : R\u00e9duire et recycler : comment agir ?","_seopress_titles_desc":"Faites le plein d\u2019id\u00e9es sur les tendances design et innovations techniques aux PLD Talks ! Rencontrez des intervenants provenant des plus grandes marques premium et luxe du monde de la boisson ainsi que des agences design.\r\n","_seopress_robots_index":"","_seopress_robots_follow":"","_seopress_robots_imageindex":"","_seopress_robots_snippet":"","_seopress_robots_primary_cat":"","_seopress_robots_breadcrumbs":"","_seopress_robots_freeze_modified_date":"","_seopress_robots_custom_modified_date":"","_seopress_robots_canonical":"","_seopress_social_fb_title":"","_seopress_social_fb_desc":"","_seopress_social_fb_img":"","_seopress_social_fb_img_attachment_id":0,"_seopress_social_fb_img_width":0,"_seopress_social_fb_img_height":0,"_seopress_social_twitter_title":"","_seopress_social_twitter_desc":"","_seopress_social_twitter_img":"","_seopress_social_twitter_img_attachment_id":0,"_seopress_social_twitter_img_width":0,"_seopress_social_twitter_img_height":0,"_seopress_redirections_value":"","_seopress_redirections_enabled":"","_seopress_redirections_enabled_regex":"","_seopress_redirections_logged_status":"both","_seopress_redirections_param":"","_seopress_redirections_type":301,"_seopress_analysis_target_kw":"","_seopress_news_disabled":"","_seopress_video_disabled":"","_seopress_video":[],"_seopress_pro_schemas_manual":[],"_seopress_pro_rich_snippets_disable_all":"","_seopress_pro_rich_snippets_disable":[],"_seopress_pro_schemas":[],"_activity_time_start":"14:45","_activity_time_end":"15:15","_activity_date":"2022-06-29","_activity_price":"0","footnotes":""},"edition":[],"location":[404],"track":[],"activity_type":[418,412],"class_list":["post-79794","activity","type-activity","status-publish","hentry","location-pld-talks","activity_type-premium-drinks","activity_type-sustainability"],"_guests":[{"href":"https:\/\/www.parispackagingweek.com\/fr\/wp-json\/wp\/v2\/guest\/80890"},{"href":"https:\/\/www.parispackagingweek.com\/fr\/wp-json\/wp\/v2\/guest\/80883"}],"_sponsors":[],"_cover_image":null,"_links":{"self":[{"href":"https:\/\/www.parispackagingweek.com\/fr\/wp-json\/wp\/v2\/activity\/79794","targetHints":{"allow":["GET"]}}],"collection":[{"href":"https:\/\/www.parispackagingweek.com\/fr\/wp-json\/wp\/v2\/activity"}],"about":[{"href":"https:\/\/www.parispackagingweek.com\/fr\/wp-json\/wp\/v2\/types\/activity"}],"version-history":[{"count":0,"href":"https:\/\/www.parispackagingweek.com\/fr\/wp-json\/wp\/v2\/activity\/79794\/revisions"}],"wp:attachment":[{"href":"https:\/\/www.parispackagingweek.com\/fr\/wp-json\/wp\/v2\/media?parent=79794"}],"wp:term":[{"taxonomy":"edition","embeddable":true,"href":"https:\/\/www.parispackagingweek.com\/fr\/wp-json\/wp\/v2\/edition?post=79794"},{"taxonomy":"location","embeddable":true,"href":"https:\/\/www.parispackagingweek.com\/fr\/wp-json\/wp\/v2\/location?post=79794"},{"taxonomy":"track","embeddable":true,"href":"https:\/\/www.parispackagingweek.com\/fr\/wp-json\/wp\/v2\/track?post=79794"},{"taxonomy":"activity_type","embeddable":true,"href":"https:\/\/www.parispackagingweek.com\/fr\/wp-json\/wp\/v2\/activity_type?post=79794"}],"curies":[{"name":"wp","href":"https:\/\/api.w.org\/{rel}","templated":true}]}}

Étude de cas : Réduire et recycler : comment agir ?

<p>Mehdi Besbes, Wine &amp; Spirits Market Manager, <strong>Adelphe</strong></p>
<p>Simon Léoment, Product Development Manager, <strong>Rémy Cointreau</strong></p>
<p>Plus d&rsquo;informations à venir</p>

<p>Mehdi Besbes, Wine &amp; Spirits Market Manager, Adelphe Simon Léoment, Product Development Manager, Rémy Cointreau Plus d&rsquo;informations à venir</p>

PLD Talks | Étude de cas : Réduire et recycler : comment agir ?

Faites le plein d’idées sur les tendances design et innovations techniques aux PLD Talks ! Rencontrez des intervenants provenant des plus grandes marques premium et luxe du monde de la boisson ainsi que des agences design.
