{"id":195064,"date":"2022-11-02T17:32:12","date_gmt":"2022-11-02T16:32:12","guid":{"rendered":"https:\/\/www.parispackagingweek.com\/?post_type=guest&#038;p=195064"},"modified":"2023-12-01T15:32:42","modified_gmt":"2023-12-01T14:32:42","slug":"isabelle-sultan-parfums-christian-dior","status":"publish","type":"guest","link":"https:\/\/www.parispackagingweek.com\/fr\/speaker\/isabelle-sultan-parfums-christian-dior\/","title":{"rendered":"Isabelle Sultan, Parfums Christian Dior"},"content":{"rendered":"<p>Chief Sustainability Officer<\/p>\n<p>Isabelle Sultan a pris ses fonctions en tant que Directrice Internationale du D\u00e9veloppement Durable d\u00e9but 2021 au sein de Parfums Christian Dior, filiale du Groupe LVMH. Cette fonction au sein de la Maison lui donne les moyens de positionner cet acteur embl\u00e9matique du luxe dans une d\u00e9marche encore plus affirm\u00e9e de prise en compte de ses impacts. Isabelle a forg\u00e9 sa conviction au cours de son exp\u00e9rience en marketing, innovation et business d\u00e9veloppement sur des marques engag\u00e9es. La transformation des mod\u00e8les \u00e9conomiques conciliant impact et performance a \u00e9t\u00e9 son objectif au sein d\u2019un fonds d\u2019investissement d\u00e9di\u00e9 au d\u00e9veloppement de solutions contre la malnutrition et d\u2019acc\u00e8s \u00e0 l\u2019eau potable. La responsabilit\u00e9 et la capacit\u00e9 des entreprises \u00e0 contribuer \u00e0 un futur d\u00e9sirable ne font pour elle aucun doute.<\/p>\n","protected":false},"excerpt":{"rendered":"<p>Chief Sustainability Officer Isabelle Sultan a pris ses fonctions en tant que Directrice Internationale du D\u00e9veloppement Durable d\u00e9but 2021 au sein de Parfums Christian Dior, filiale du Groupe LVMH. Cette fonction au sein de la Maison lui donne les moyens de positionner cet acteur embl\u00e9matique du luxe dans une d\u00e9marche encore plus affirm\u00e9e de prise [&hellip;]<\/p>\n","protected":false},"featured_media":195067,"template":"","meta":{"_seopress_robots_primary_cat":"","_seopress_titles_title":"","_seopress_titles_desc":"","_seopress_robots_index":"","_company_name":"","_job_title":"","_visit_me":"","_email":"","_linkedin":"","_twitter":"","_facebook":"","_instagram":"","_youtube":"","_imdb":"","footnotes":""},"edition":[585],"guest_type":[600,578],"work":[],"class_list":["post-195064","guest","type-guest","status-publish","has-post-thumbnail","hentry","edition-paris-packaging-week-speakers-2023","guest_type-front-page","guest_type-pcd-speakers-2023"],"_cover_image":null,"_links":{"self":[{"href":"https:\/\/www.parispackagingweek.com\/fr\/wp-json\/wp\/v2\/guest\/195064","targetHints":{"allow":["GET"]}}],"collection":[{"href":"https:\/\/www.parispackagingweek.com\/fr\/wp-json\/wp\/v2\/guest"}],"about":[{"href":"https:\/\/www.parispackagingweek.com\/fr\/wp-json\/wp\/v2\/types\/guest"}],"version-history":[{"count":4,"href":"https:\/\/www.parispackagingweek.com\/fr\/wp-json\/wp\/v2\/guest\/195064\/revisions"}],"predecessor-version":[{"id":270049,"href":"https:\/\/www.parispackagingweek.com\/fr\/wp-json\/wp\/v2\/guest\/195064\/revisions\/270049"}],"wp:featuredmedia":[{"embeddable":true,"href":"https:\/\/www.parispackagingweek.com\/fr\/wp-json\/wp\/v2\/media\/195067"}],"wp:attachment":[{"href":"https:\/\/www.parispackagingweek.com\/fr\/wp-json\/wp\/v2\/media?parent=195064"}],"wp:term":[{"taxonomy":"edition","embeddable":true,"href":"https:\/\/www.parispackagingweek.com\/fr\/wp-json\/wp\/v2\/edition?post=195064"},{"taxonomy":"guest_type","embeddable":true,"href":"https:\/\/www.parispackagingweek.com\/fr\/wp-json\/wp\/v2\/guest_type?post=195064"},{"taxonomy":"work","embeddable":true,"href":"https:\/\/www.parispackagingweek.com\/fr\/wp-json\/wp\/v2\/work?post=195064"}],"curies":[{"name":"wp","href":"https:\/\/api.w.org\/{rel}","templated":true}]}}

<p>Chief Sustainability Officer</p>
<p>Isabelle Sultan a pris ses fonctions en tant que Directrice Internationale du Développement Durable début 2021 au sein de Parfums Christian Dior, filiale du Groupe LVMH. Cette fonction au sein de la Maison lui donne les moyens de positionner cet acteur emblématique du luxe dans une démarche encore plus affirmée de prise en compte de ses impacts. Isabelle a forgé sa conviction au cours de son expérience en marketing, innovation et business développement sur des marques engagées. La transformation des modèles économiques conciliant impact et performance a été son objectif au sein d’un fonds d’investissement dédié au développement de solutions contre la malnutrition et d’accès à l’eau potable. La responsabilité et la capacité des entreprises à contribuer à un futur désirable ne font pour elle aucun doute.</p>

<p>Chief Sustainability Officer Isabelle Sultan a pris ses fonctions en tant que Directrice Internationale du Développement Durable début 2021 au sein de Parfums Christian Dior, filiale du Groupe LVMH. Cette fonction au sein de la Maison lui donne les moyens de positionner cet acteur emblématique du luxe dans une démarche encore plus affirmée de prise [&hellip;]</p>
