{"id":200809,"date":"2022-11-10T10:23:07","date_gmt":"2022-11-10T09:23:07","guid":{"rendered":"https:\/\/www.parispackagingweek.com\/?post_type=guest&#038;p=200809"},"modified":"2022-11-10T10:23:07","modified_gmt":"2022-11-10T09:23:07","slug":"brad-barron-alternative-packaging-solutions","status":"publish","type":"guest","link":"https:\/\/www.parispackagingweek.com\/fr\/speaker\/brad-barron-alternative-packaging-solutions\/","title":{"rendered":"Brad Barron, Alternative Packaging Solutions"},"content":{"rendered":"<p>Chief Innovation Officer<\/p>\n<p>Brad a rejoint APS apr\u00e8s 25 ans chez Procter &amp; Gamble, o\u00f9 il a dirig\u00e9 l&rsquo;innovation en mati\u00e8re d&#8217;emballage pour la division Global Fabric &amp; Home Care. Il s&rsquo;est fait le champion des syst\u00e8mes de livraison r\u00e9volutionnaires, de la cha\u00eene d&rsquo;approvisionnement, de l&rsquo;innovation en mati\u00e8re de dispositifs et de la connaissance des consommateurs pour des marques embl\u00e9matiques telles que Tide et Febreze aux \u00c9tats-Unis, en Europe et en Chine.<\/p>\n","protected":false},"excerpt":{"rendered":"<p>Chief Innovation Officer Brad a rejoint APS apr\u00e8s 25 ans chez Procter &amp; Gamble, o\u00f9 il a dirig\u00e9 l&rsquo;innovation en mati\u00e8re d&#8217;emballage pour la division Global Fabric &amp; Home Care. Il s&rsquo;est fait le champion des syst\u00e8mes de livraison r\u00e9volutionnaires, de la cha\u00eene d&rsquo;approvisionnement, de l&rsquo;innovation en mati\u00e8re de dispositifs et de la connaissance des [&hellip;]<\/p>\n","protected":false},"featured_media":200813,"template":"","meta":{"_seopress_robots_primary_cat":"","_seopress_titles_title":"","_seopress_titles_desc":"","_seopress_robots_index":"","_company_name":"","_job_title":"","_visit_me":"","_email":"","_linkedin":"","_twitter":"","_facebook":"","_instagram":"","_youtube":"","_imdb":"","footnotes":""},"edition":[585],"guest_type":[577],"work":[],"class_list":["post-200809","guest","type-guest","status-publish","has-post-thumbnail","hentry","edition-paris-packaging-week-speakers-2023","guest_type-adf-speakers-2023"],"_cover_image":null,"_links":{"self":[{"href":"https:\/\/www.parispackagingweek.com\/fr\/wp-json\/wp\/v2\/guest\/200809","targetHints":{"allow":["GET"]}}],"collection":[{"href":"https:\/\/www.parispackagingweek.com\/fr\/wp-json\/wp\/v2\/guest"}],"about":[{"href":"https:\/\/www.parispackagingweek.com\/fr\/wp-json\/wp\/v2\/types\/guest"}],"version-history":[{"count":1,"href":"https:\/\/www.parispackagingweek.com\/fr\/wp-json\/wp\/v2\/guest\/200809\/revisions"}],"predecessor-version":[{"id":200818,"href":"https:\/\/www.parispackagingweek.com\/fr\/wp-json\/wp\/v2\/guest\/200809\/revisions\/200818"}],"wp:featuredmedia":[{"embeddable":true,"href":"https:\/\/www.parispackagingweek.com\/fr\/wp-json\/wp\/v2\/media\/200813"}],"wp:attachment":[{"href":"https:\/\/www.parispackagingweek.com\/fr\/wp-json\/wp\/v2\/media?parent=200809"}],"wp:term":[{"taxonomy":"edition","embeddable":true,"href":"https:\/\/www.parispackagingweek.com\/fr\/wp-json\/wp\/v2\/edition?post=200809"},{"taxonomy":"guest_type","embeddable":true,"href":"https:\/\/www.parispackagingweek.com\/fr\/wp-json\/wp\/v2\/guest_type?post=200809"},{"taxonomy":"work","embeddable":true,"href":"https:\/\/www.parispackagingweek.com\/fr\/wp-json\/wp\/v2\/work?post=200809"}],"curies":[{"name":"wp","href":"https:\/\/api.w.org\/{rel}","templated":true}]}}

<p>Chief Innovation Officer</p>
<p>Brad a rejoint APS après 25 ans chez Procter &amp; Gamble, où il a dirigé l&rsquo;innovation en matière d&#8217;emballage pour la division Global Fabric &amp; Home Care. Il s&rsquo;est fait le champion des systèmes de livraison révolutionnaires, de la chaîne d&rsquo;approvisionnement, de l&rsquo;innovation en matière de dispositifs et de la connaissance des consommateurs pour des marques emblématiques telles que Tide et Febreze aux États-Unis, en Europe et en Chine.</p>

<p>Chief Innovation Officer Brad a rejoint APS après 25 ans chez Procter &amp; Gamble, où il a dirigé l&rsquo;innovation en matière d&#8217;emballage pour la division Global Fabric &amp; Home Care. Il s&rsquo;est fait le champion des systèmes de livraison révolutionnaires, de la chaîne d&rsquo;approvisionnement, de l&rsquo;innovation en matière de dispositifs et de la connaissance des [&hellip;]</p>
