{"id":200816,"date":"2022-11-10T10:24:04","date_gmt":"2022-11-10T09:24:04","guid":{"rendered":"https:\/\/www.parispackagingweek.com\/?post_type=guest&#038;p=200816"},"modified":"2022-11-10T10:24:04","modified_gmt":"2022-11-10T09:24:04","slug":"kurt-wolschleger-plastipak","status":"publish","type":"guest","link":"https:\/\/www.parispackagingweek.com\/fr\/speaker\/kurt-wolschleger-plastipak\/","title":{"rendered":"Kurt Wolschleger, Plastipak"},"content":{"rendered":"<p>Vice-President NA Consumer Cleaning, Food and Global Aerosols<\/p>\n<p>Kurt a plus de 25 ans dans le secteur de l&#8217;emballage \u00e0 divers postes de vente et de marketing chez Plastipak Packaging. Supervision commerciale des cat\u00e9gories nettoyage grand public et alimentation pour l&rsquo;Am\u00e9rique du Nord, des op\u00e9rations de co-fabrication en Chine et des a\u00e9rosols en plastique au niveau mondial.<\/p>\n","protected":false},"excerpt":{"rendered":"<p>Vice-President NA Consumer Cleaning, Food and Global Aerosols Kurt a plus de 25 ans dans le secteur de l&#8217;emballage \u00e0 divers postes de vente et de marketing chez Plastipak Packaging. Supervision commerciale des cat\u00e9gories nettoyage grand public et alimentation pour l&rsquo;Am\u00e9rique du Nord, des op\u00e9rations de co-fabrication en Chine et des a\u00e9rosols en plastique au [&hellip;]<\/p>\n","protected":false},"featured_media":200821,"template":"","meta":{"_seopress_robots_primary_cat":"","_seopress_titles_title":"ADF Talks 2023 | Kurt Wolschleger, Plastipak","_seopress_titles_desc":"","_seopress_robots_index":"","_company_name":"","_job_title":"","_visit_me":"","_email":"","_linkedin":"https:\/\/www.linkedin.com\/in\/kurt-wolschleger-4755a74b","_twitter":"","_facebook":"","_instagram":"","_youtube":"","_imdb":"","footnotes":""},"edition":[585],"guest_type":[577],"work":[],"class_list":["post-200816","guest","type-guest","status-publish","has-post-thumbnail","hentry","edition-paris-packaging-week-speakers-2023","guest_type-adf-speakers-2023"],"_cover_image":null,"_links":{"self":[{"href":"https:\/\/www.parispackagingweek.com\/fr\/wp-json\/wp\/v2\/guest\/200816","targetHints":{"allow":["GET"]}}],"collection":[{"href":"https:\/\/www.parispackagingweek.com\/fr\/wp-json\/wp\/v2\/guest"}],"about":[{"href":"https:\/\/www.parispackagingweek.com\/fr\/wp-json\/wp\/v2\/types\/guest"}],"version-history":[{"count":1,"href":"https:\/\/www.parispackagingweek.com\/fr\/wp-json\/wp\/v2\/guest\/200816\/revisions"}],"predecessor-version":[{"id":200823,"href":"https:\/\/www.parispackagingweek.com\/fr\/wp-json\/wp\/v2\/guest\/200816\/revisions\/200823"}],"wp:featuredmedia":[{"embeddable":true,"href":"https:\/\/www.parispackagingweek.com\/fr\/wp-json\/wp\/v2\/media\/200821"}],"wp:attachment":[{"href":"https:\/\/www.parispackagingweek.com\/fr\/wp-json\/wp\/v2\/media?parent=200816"}],"wp:term":[{"taxonomy":"edition","embeddable":true,"href":"https:\/\/www.parispackagingweek.com\/fr\/wp-json\/wp\/v2\/edition?post=200816"},{"taxonomy":"guest_type","embeddable":true,"href":"https:\/\/www.parispackagingweek.com\/fr\/wp-json\/wp\/v2\/guest_type?post=200816"},{"taxonomy":"work","embeddable":true,"href":"https:\/\/www.parispackagingweek.com\/fr\/wp-json\/wp\/v2\/work?post=200816"}],"curies":[{"name":"wp","href":"https:\/\/api.w.org\/{rel}","templated":true}]}}

<p>Vice-President NA Consumer Cleaning, Food and Global Aerosols</p>
<p>Kurt a plus de 25 ans dans le secteur de l&#8217;emballage à divers postes de vente et de marketing chez Plastipak Packaging. Supervision commerciale des catégories nettoyage grand public et alimentation pour l&rsquo;Amérique du Nord, des opérations de co-fabrication en Chine et des aérosols en plastique au niveau mondial.</p>

<p>Vice-President NA Consumer Cleaning, Food and Global Aerosols Kurt a plus de 25 ans dans le secteur de l&#8217;emballage à divers postes de vente et de marketing chez Plastipak Packaging. Supervision commerciale des catégories nettoyage grand public et alimentation pour l&rsquo;Amérique du Nord, des opérations de co-fabrication en Chine et des aérosols en plastique au [&hellip;]</p>
