{"id":209628,"date":"2022-11-21T10:16:38","date_gmt":"2022-11-21T09:16:38","guid":{"rendered":"https:\/\/www.parispackagingweek.com\/?post_type=guest&#038;p=209628"},"modified":"2023-12-01T15:31:30","modified_gmt":"2023-12-01T14:31:30","slug":"diana-verde-nieto-positive-luxury","status":"publish","type":"guest","link":"https:\/\/www.parispackagingweek.com\/fr\/speaker\/diana-verde-nieto-positive-luxury\/","title":{"rendered":"Diana Verde Nieto, Positive Luxury"},"content":{"rendered":"<p>Co- founder<\/p>\n<p>Diana Verde Nieto est la cofondatrice de Positive Luxury, une soci\u00e9t\u00e9 qui aide les entreprises \u00e0 s&rsquo;adapter et \u00e0 faire la transition vers une nouvelle \u00e9conomie durable en \u00e9valuant leurs performances ESG, ce qui leur permet de pr\u00e9voir les risques sociaux et environnementaux et d&rsquo;assurer l&rsquo;avenir de leurs activit\u00e9s. Diana est une pionni\u00e8re de l&rsquo;ESG et une figure mondialement reconnue dans le domaine de la durabilit\u00e9. Diana est titulaire d&rsquo;un dipl\u00f4me en leadership mondial et en politique publique de la Harvard Kennedy School. Elle a \u00e9t\u00e9 form\u00e9e par l&rsquo;ancien vice-pr\u00e9sident des \u00c9tats-Unis, Al Gore, \u00e0 l&rsquo;Alliance pour la Protection du Climat et a ensuite \u00e9t\u00e9 honor\u00e9e par le Forum \u00c9conomique Mondial en tant que jeune leader mondial. Diana est membre de plusieurs conseils d&rsquo;administration, dont celui de BA&amp;SH et de Grass Roots Soccer, une organisation de sant\u00e9 des adolescents qui exploite le pouvoir du football pour \u00e9duquer, inspirer et mobiliser les jeunes des pays en d\u00e9veloppement.<\/p>\n","protected":false},"excerpt":{"rendered":"<p>Co- founder Diana Verde Nieto est la cofondatrice de Positive Luxury, une soci\u00e9t\u00e9 qui aide les entreprises \u00e0 s&rsquo;adapter et \u00e0 faire la transition vers une nouvelle \u00e9conomie durable en \u00e9valuant leurs performances ESG, ce qui leur permet de pr\u00e9voir les risques sociaux et environnementaux et d&rsquo;assurer l&rsquo;avenir de leurs activit\u00e9s. Diana est une pionni\u00e8re [&hellip;]<\/p>\n","protected":false},"featured_media":209626,"template":"","meta":{"_seopress_robots_primary_cat":"","_seopress_titles_title":"Packaging Premi\u00e8re Paris  | Diana Verde Nieto, Positive Luxury","_seopress_titles_desc":"","_seopress_robots_index":"","_company_name":"","_job_title":"","_visit_me":"","_email":"","_linkedin":"","_twitter":"","_facebook":"","_instagram":"","_youtube":"","_imdb":"","footnotes":""},"edition":[585,744],"guest_type":[600,728],"work":[],"class_list":["post-209628","guest","type-guest","status-publish","has-post-thumbnail","hentry","edition-paris-packaging-week-speakers-2023","edition-paris-packaging-week-speakers-2024","guest_type-front-page","guest_type-pp-ad-board"],"_cover_image":null,"_links":{"self":[{"href":"https:\/\/www.parispackagingweek.com\/fr\/wp-json\/wp\/v2\/guest\/209628","targetHints":{"allow":["GET"]}}],"collection":[{"href":"https:\/\/www.parispackagingweek.com\/fr\/wp-json\/wp\/v2\/guest"}],"about":[{"href":"https:\/\/www.parispackagingweek.com\/fr\/wp-json\/wp\/v2\/types\/guest"}],"version-history":[{"count":1,"href":"https:\/\/www.parispackagingweek.com\/fr\/wp-json\/wp\/v2\/guest\/209628\/revisions"}],"predecessor-version":[{"id":209632,"href":"https:\/\/www.parispackagingweek.com\/fr\/wp-json\/wp\/v2\/guest\/209628\/revisions\/209632"}],"wp:featuredmedia":[{"embeddable":true,"href":"https:\/\/www.parispackagingweek.com\/fr\/wp-json\/wp\/v2\/media\/209626"}],"wp:attachment":[{"href":"https:\/\/www.parispackagingweek.com\/fr\/wp-json\/wp\/v2\/media?parent=209628"}],"wp:term":[{"taxonomy":"edition","embeddable":true,"href":"https:\/\/www.parispackagingweek.com\/fr\/wp-json\/wp\/v2\/edition?post=209628"},{"taxonomy":"guest_type","embeddable":true,"href":"https:\/\/www.parispackagingweek.com\/fr\/wp-json\/wp\/v2\/guest_type?post=209628"},{"taxonomy":"work","embeddable":true,"href":"https:\/\/www.parispackagingweek.com\/fr\/wp-json\/wp\/v2\/work?post=209628"}],"curies":[{"name":"wp","href":"https:\/\/api.w.org\/{rel}","templated":true}]}}

<p>Co- founder</p>
<p>Diana Verde Nieto est la cofondatrice de Positive Luxury, une société qui aide les entreprises à s&rsquo;adapter et à faire la transition vers une nouvelle économie durable en évaluant leurs performances ESG, ce qui leur permet de prévoir les risques sociaux et environnementaux et d&rsquo;assurer l&rsquo;avenir de leurs activités. Diana est une pionnière de l&rsquo;ESG et une figure mondialement reconnue dans le domaine de la durabilité. Diana est titulaire d&rsquo;un diplôme en leadership mondial et en politique publique de la Harvard Kennedy School. Elle a été formée par l&rsquo;ancien vice-président des États-Unis, Al Gore, à l&rsquo;Alliance pour la Protection du Climat et a ensuite été honorée par le Forum Économique Mondial en tant que jeune leader mondial. Diana est membre de plusieurs conseils d&rsquo;administration, dont celui de BA&amp;SH et de Grass Roots Soccer, une organisation de santé des adolescents qui exploite le pouvoir du football pour éduquer, inspirer et mobiliser les jeunes des pays en développement.</p>

<p>Co- founder Diana Verde Nieto est la cofondatrice de Positive Luxury, une société qui aide les entreprises à s&rsquo;adapter et à faire la transition vers une nouvelle économie durable en évaluant leurs performances ESG, ce qui leur permet de prévoir les risques sociaux et environnementaux et d&rsquo;assurer l&rsquo;avenir de leurs activités. Diana est une pionnière [&hellip;]</p>

Packaging Première Paris  | Diana Verde Nieto, Positive Luxury
