{"id":209633,"date":"2022-11-21T10:21:13","date_gmt":"2022-11-21T09:21:13","guid":{"rendered":"https:\/\/www.parispackagingweek.com\/?post_type=guest&#038;p=209633"},"modified":"2026-01-16T16:19:11","modified_gmt":"2026-01-16T15:19:11","slug":"sebastien-ehret-servaire-co-2","status":"publish","type":"guest","link":"https:\/\/www.parispackagingweek.com\/fr\/speaker\/sebastien-ehret-servaire-co-2\/","title":{"rendered":"S\u00e9bastien Ehret"},"content":{"rendered":"<p>S\u00e9bastien Ehret est directeur g\u00e9n\u00e9ral de l&rsquo;agence Servaire &amp; Co. Associ\u00e9 de S\u00e9bastien Servaire, il accompagne depuis plus de 10 ans les clients de l&rsquo;agence dans le d\u00e9veloppement de leurs projets cr\u00e9atifs.<\/p>\n","protected":false},"excerpt":{"rendered":"<p>S\u00e9bastien Ehret est directeur g\u00e9n\u00e9ral de l&rsquo;agence Servaire &amp; Co. Associ\u00e9 de S\u00e9bastien Servaire, il accompagne depuis plus de 10 ans les clients de l&rsquo;agence dans le d\u00e9veloppement de leurs projets cr\u00e9atifs.<\/p>\n","protected":false},"featured_media":493117,"template":"","meta":{"_seopress_robots_primary_cat":"","_seopress_titles_title":"","_seopress_titles_desc":"","_seopress_robots_index":"","_company_name":"Servaire & Co","_job_title":"Chief Executive Officer","_visit_me":"","_email":"","_linkedin":"","_twitter":"","_facebook":"","_instagram":"","_youtube":"","_imdb":"","footnotes":""},"edition":[1084],"guest_type":[1082],"work":[],"class_list":["post-209633","guest","type-guest","status-publish","has-post-thumbnail","hentry","edition-paris-packaging-week-2026","guest_type-pentawards-festival-stage-2026"],"_cover_image":null,"_links":{"self":[{"href":"https:\/\/www.parispackagingweek.com\/fr\/wp-json\/wp\/v2\/guest\/209633","targetHints":{"allow":["GET"]}}],"collection":[{"href":"https:\/\/www.parispackagingweek.com\/fr\/wp-json\/wp\/v2\/guest"}],"about":[{"href":"https:\/\/www.parispackagingweek.com\/fr\/wp-json\/wp\/v2\/types\/guest"}],"version-history":[{"count":4,"href":"https:\/\/www.parispackagingweek.com\/fr\/wp-json\/wp\/v2\/guest\/209633\/revisions"}],"predecessor-version":[{"id":493816,"href":"https:\/\/www.parispackagingweek.com\/fr\/wp-json\/wp\/v2\/guest\/209633\/revisions\/493816"}],"wp:featuredmedia":[{"embeddable":true,"href":"https:\/\/www.parispackagingweek.com\/fr\/wp-json\/wp\/v2\/media\/493117"}],"wp:attachment":[{"href":"https:\/\/www.parispackagingweek.com\/fr\/wp-json\/wp\/v2\/media?parent=209633"}],"wp:term":[{"taxonomy":"edition","embeddable":true,"href":"https:\/\/www.parispackagingweek.com\/fr\/wp-json\/wp\/v2\/edition?post=209633"},{"taxonomy":"guest_type","embeddable":true,"href":"https:\/\/www.parispackagingweek.com\/fr\/wp-json\/wp\/v2\/guest_type?post=209633"},{"taxonomy":"work","embeddable":true,"href":"https:\/\/www.parispackagingweek.com\/fr\/wp-json\/wp\/v2\/work?post=209633"}],"curies":[{"name":"wp","href":"https:\/\/api.w.org\/{rel}","templated":true}]}}

Sébastien Ehret

<p>Sébastien Ehret est directeur général de l&rsquo;agence Servaire &amp; Co. Associé de Sébastien Servaire, il accompagne depuis plus de 10 ans les clients de l&rsquo;agence dans le développement de leurs projets créatifs.</p>
