{"id":209658,"date":"2022-11-21T14:38:31","date_gmt":"2022-11-21T13:38:31","guid":{"rendered":"https:\/\/www.parispackagingweek.com\/?post_type=guest&#038;p=209658"},"modified":"2022-11-21T14:38:31","modified_gmt":"2022-11-21T13:38:31","slug":"tom-szaky-terracycle","status":"publish","type":"guest","link":"https:\/\/www.parispackagingweek.com\/fr\/speaker\/tom-szaky-terracycle\/","title":{"rendered":"Tom Szaky, TerraCycle"},"content":{"rendered":"<p>Fondateur et PDG<\/p>\n<p>Tom Szaky est le fondateur et le PDG de TerraCycle, un leader international dans le domaine des solutions innovantes en mati\u00e8re de durabilit\u00e9, qui cr\u00e9e et exploite des plateformes in\u00e9dites dans le domaine du recyclage, des mat\u00e9riaux recycl\u00e9s et de la r\u00e9utilisation. Dans 21 pays, TerraCycle a pour mission de repenser les d\u00e9chets et de d\u00e9velopper des solutions pratiques pour les d\u00e9fis complexes d&rsquo;aujourd&rsquo;hui en mati\u00e8re de d\u00e9chets. L&rsquo;entreprise engage une vaste communaut\u00e9 multipartite \u00e0 travers un large \u00e9ventail de programmes accessibles, des entreprises Fortune 500 aux \u00e9coles et aux particuliers.<\/p>\n<p>Tom et TerraCycle ont re\u00e7u des centaines de prix sociaux, environnementaux et commerciaux, ainsi que la reconnaissance de toute une s\u00e9rie d&rsquo;organisations, dont les Nations unies, le Forum \u00e9conomique mondial, le magazine Fortune, le Time Magazine et la Chambre de commerce des \u00c9tats-Unis.<\/p>\n<p>Tom est l&rsquo;auteur de quatre livres, Revolution in a Bottle, Outsmart Waste, Make Garbage Great et The Future of Packaging. Tom a cr\u00e9\u00e9, produit et jou\u00e9 dans l&rsquo;\u00e9mission de t\u00e9l\u00e9r\u00e9alit\u00e9 de TerraCycle, \u00ab\u00a0\u00a0\u00bbHuman Resources\u00a0\u00bb\u00a0\u00bb, diffus\u00e9e sur Pivot de 2014 \u00e0 2016 et syndiqu\u00e9e dans plus de 20 march\u00e9s \u00e9trangers sur Amazon et iTunes.<\/p>\n","protected":false},"excerpt":{"rendered":"<p>Fondateur et PDG Tom Szaky est le fondateur et le PDG de TerraCycle, un leader international dans le domaine des solutions innovantes en mati\u00e8re de durabilit\u00e9, qui cr\u00e9e et exploite des plateformes in\u00e9dites dans le domaine du recyclage, des mat\u00e9riaux recycl\u00e9s et de la r\u00e9utilisation. Dans 21 pays, TerraCycle a pour mission de repenser les [&hellip;]<\/p>\n","protected":false},"featured_media":209885,"template":"","meta":{"_seopress_robots_primary_cat":"","_seopress_titles_title":"PCD Talks 2023 | Tom Szaky, TerraCycle","_seopress_titles_desc":"","_seopress_robots_index":"","_company_name":"","_job_title":"","_visit_me":"","_email":"","_linkedin":"https:\/\/www.linkedin.com\/in\/tomszaky?trk=public_post_share-update_actor-image","_twitter":"","_facebook":"","_instagram":"","_youtube":"","_imdb":"","footnotes":""},"edition":[585],"guest_type":[578],"work":[],"class_list":["post-209658","guest","type-guest","status-publish","has-post-thumbnail","hentry","edition-paris-packaging-week-speakers-2023","guest_type-pcd-speakers-2023"],"_cover_image":null,"_links":{"self":[{"href":"https:\/\/www.parispackagingweek.com\/fr\/wp-json\/wp\/v2\/guest\/209658","targetHints":{"allow":["GET"]}}],"collection":[{"href":"https:\/\/www.parispackagingweek.com\/fr\/wp-json\/wp\/v2\/guest"}],"about":[{"href":"https:\/\/www.parispackagingweek.com\/fr\/wp-json\/wp\/v2\/types\/guest"}],"version-history":[{"count":1,"href":"https:\/\/www.parispackagingweek.com\/fr\/wp-json\/wp\/v2\/guest\/209658\/revisions"}],"predecessor-version":[{"id":209660,"href":"https:\/\/www.parispackagingweek.com\/fr\/wp-json\/wp\/v2\/guest\/209658\/revisions\/209660"}],"wp:featuredmedia":[{"embeddable":true,"href":"https:\/\/www.parispackagingweek.com\/fr\/wp-json\/wp\/v2\/media\/209885"}],"wp:attachment":[{"href":"https:\/\/www.parispackagingweek.com\/fr\/wp-json\/wp\/v2\/media?parent=209658"}],"wp:term":[{"taxonomy":"edition","embeddable":true,"href":"https:\/\/www.parispackagingweek.com\/fr\/wp-json\/wp\/v2\/edition?post=209658"},{"taxonomy":"guest_type","embeddable":true,"href":"https:\/\/www.parispackagingweek.com\/fr\/wp-json\/wp\/v2\/guest_type?post=209658"},{"taxonomy":"work","embeddable":true,"href":"https:\/\/www.parispackagingweek.com\/fr\/wp-json\/wp\/v2\/work?post=209658"}],"curies":[{"name":"wp","href":"https:\/\/api.w.org\/{rel}","templated":true}]}}

<p>Fondateur et PDG</p>
<p>Tom Szaky est le fondateur et le PDG de TerraCycle, un leader international dans le domaine des solutions innovantes en matière de durabilité, qui crée et exploite des plateformes inédites dans le domaine du recyclage, des matériaux recyclés et de la réutilisation. Dans 21 pays, TerraCycle a pour mission de repenser les déchets et de développer des solutions pratiques pour les défis complexes d&rsquo;aujourd&rsquo;hui en matière de déchets. L&rsquo;entreprise engage une vaste communauté multipartite à travers un large éventail de programmes accessibles, des entreprises Fortune 500 aux écoles et aux particuliers.</p>
<p>Tom et TerraCycle ont reçu des centaines de prix sociaux, environnementaux et commerciaux, ainsi que la reconnaissance de toute une série d&rsquo;organisations, dont les Nations unies, le Forum économique mondial, le magazine Fortune, le Time Magazine et la Chambre de commerce des États-Unis.</p>
<p>Tom est l&rsquo;auteur de quatre livres, Revolution in a Bottle, Outsmart Waste, Make Garbage Great et The Future of Packaging. Tom a créé, produit et joué dans l&rsquo;émission de téléréalité de TerraCycle, «  »Human Resources » », diffusée sur Pivot de 2014 à 2016 et syndiquée dans plus de 20 marchés étrangers sur Amazon et iTunes.</p>

<p>Fondateur et PDG Tom Szaky est le fondateur et le PDG de TerraCycle, un leader international dans le domaine des solutions innovantes en matière de durabilité, qui crée et exploite des plateformes inédites dans le domaine du recyclage, des matériaux recyclés et de la réutilisation. Dans 21 pays, TerraCycle a pour mission de repenser les [&hellip;]</p>
