{"id":209895,"date":"2022-11-21T14:42:34","date_gmt":"2022-11-21T13:42:34","guid":{"rendered":"https:\/\/www.parispackagingweek.com\/?post_type=guest&#038;p=209895"},"modified":"2022-11-21T14:42:34","modified_gmt":"2022-11-21T13:42:34","slug":"victor-huart-metropack","status":"publish","type":"guest","link":"https:\/\/www.parispackagingweek.com\/fr\/speaker\/victor-huart-metropack\/","title":{"rendered":"Victor Huart, Metropack"},"content":{"rendered":"<p>Responsable recherche et d\u00e9veloppement<\/p>\n<p>Victor HUART est Ing\u00e9nieur Packaging, dipl\u00f4m\u00e9 de l\u2019ESIReims (ex ESIEC) en 2012, et Docteur en g\u00e9nie des proc\u00e9d\u00e9s, depuis 2016, sp\u00e9cialis\u00e9 dans la s\u00e9curit\u00e9 et le risque industriel du transport.<br \/>\nAu cours de ses recherches, Victor a travaill\u00e9, entre autres, sur l\u2019estimation du dommage par fatigue par m\u00e9thode spectrale li\u00e9 aux vibrations du transport, et sur la r\u00e9duction du temps de simulation en laboratoire.<br \/>\nEn 2015, il a obtenu le prix de la recherche la plus prometteuse IAPRI (International Association of Packaging Research Institute).<br \/>\nAujourd\u2019hui responsable du d\u00e9partement Recherche et D\u00e9veloppement au sein du laboratoire Metropack, Victor HUART r\u00e9alise des audits scientifiques de circuits de distribution et travaille avec une \u00e9quipe de doctorants sur de nouvelles m\u00e9thodes d\u2019analyse et de simulations des contraintes physiques et climatiques de ces circuits.<br \/>\nEn parall\u00e8le de son activit\u00e9 au sein du laboratoire Metropack, Victor est juge de publication dans des journaux scientifiques tels que Packaging Technology and Science, et membre de la commission AFNOR (Association Fran\u00e7aise de Normalisation) Emballage.<\/p>\n","protected":false},"excerpt":{"rendered":"<p>Responsable recherche et d\u00e9veloppement Victor HUART est Ing\u00e9nieur Packaging, dipl\u00f4m\u00e9 de l\u2019ESIReims (ex ESIEC) en 2012, et Docteur en g\u00e9nie des proc\u00e9d\u00e9s, depuis 2016, sp\u00e9cialis\u00e9 dans la s\u00e9curit\u00e9 et le risque industriel du transport. Au cours de ses recherches, Victor a travaill\u00e9, entre autres, sur l\u2019estimation du dommage par fatigue par m\u00e9thode spectrale li\u00e9 aux [&hellip;]<\/p>\n","protected":false},"featured_media":209898,"template":"","meta":{"_seopress_robots_primary_cat":"","_seopress_titles_title":"PLD Talks 2023 | Victor Huart, Metropack","_seopress_titles_desc":"","_seopress_robots_index":"","_company_name":"","_job_title":"","_visit_me":"","_email":"","_linkedin":"https:\/\/fr.linkedin.com\/in\/victor-huart-phd","_twitter":"","_facebook":"","_instagram":"","_youtube":"","_imdb":"","footnotes":""},"edition":[585],"guest_type":[],"work":[],"class_list":["post-209895","guest","type-guest","status-publish","has-post-thumbnail","hentry","edition-paris-packaging-week-speakers-2023"],"_cover_image":null,"_links":{"self":[{"href":"https:\/\/www.parispackagingweek.com\/fr\/wp-json\/wp\/v2\/guest\/209895","targetHints":{"allow":["GET"]}}],"collection":[{"href":"https:\/\/www.parispackagingweek.com\/fr\/wp-json\/wp\/v2\/guest"}],"about":[{"href":"https:\/\/www.parispackagingweek.com\/fr\/wp-json\/wp\/v2\/types\/guest"}],"version-history":[{"count":1,"href":"https:\/\/www.parispackagingweek.com\/fr\/wp-json\/wp\/v2\/guest\/209895\/revisions"}],"predecessor-version":[{"id":209897,"href":"https:\/\/www.parispackagingweek.com\/fr\/wp-json\/wp\/v2\/guest\/209895\/revisions\/209897"}],"wp:featuredmedia":[{"embeddable":true,"href":"https:\/\/www.parispackagingweek.com\/fr\/wp-json\/wp\/v2\/media\/209898"}],"wp:attachment":[{"href":"https:\/\/www.parispackagingweek.com\/fr\/wp-json\/wp\/v2\/media?parent=209895"}],"wp:term":[{"taxonomy":"edition","embeddable":true,"href":"https:\/\/www.parispackagingweek.com\/fr\/wp-json\/wp\/v2\/edition?post=209895"},{"taxonomy":"guest_type","embeddable":true,"href":"https:\/\/www.parispackagingweek.com\/fr\/wp-json\/wp\/v2\/guest_type?post=209895"},{"taxonomy":"work","embeddable":true,"href":"https:\/\/www.parispackagingweek.com\/fr\/wp-json\/wp\/v2\/work?post=209895"}],"curies":[{"name":"wp","href":"https:\/\/api.w.org\/{rel}","templated":true}]}}

<p>Responsable recherche et développement</p>
<p>Victor HUART est Ingénieur Packaging, diplômé de l’ESIReims (ex ESIEC) en 2012, et Docteur en génie des procédés, depuis 2016, spécialisé dans la sécurité et le risque industriel du transport.<br />
Au cours de ses recherches, Victor a travaillé, entre autres, sur l’estimation du dommage par fatigue par méthode spectrale lié aux vibrations du transport, et sur la réduction du temps de simulation en laboratoire.<br />
En 2015, il a obtenu le prix de la recherche la plus prometteuse IAPRI (International Association of Packaging Research Institute).<br />
Aujourd’hui responsable du département Recherche et Développement au sein du laboratoire Metropack, Victor HUART réalise des audits scientifiques de circuits de distribution et travaille avec une équipe de doctorants sur de nouvelles méthodes d’analyse et de simulations des contraintes physiques et climatiques de ces circuits.<br />
En parallèle de son activité au sein du laboratoire Metropack, Victor est juge de publication dans des journaux scientifiques tels que Packaging Technology and Science, et membre de la commission AFNOR (Association Française de Normalisation) Emballage.</p>

<p>Responsable recherche et développement Victor HUART est Ingénieur Packaging, diplômé de l’ESIReims (ex ESIEC) en 2012, et Docteur en génie des procédés, depuis 2016, spécialisé dans la sécurité et le risque industriel du transport. Au cours de ses recherches, Victor a travaillé, entre autres, sur l’estimation du dommage par fatigue par méthode spectrale lié aux [&hellip;]</p>
