{"id":215439,"date":"2022-12-07T10:02:40","date_gmt":"2022-12-07T09:02:40","guid":{"rendered":"https:\/\/www.parispackagingweek.com\/?post_type=guest&#038;p=215439"},"modified":"2022-12-07T10:02:40","modified_gmt":"2022-12-07T09:02:40","slug":"dr-mark-ernst-nosco-couture","status":"publish","type":"guest","link":"https:\/\/www.parispackagingweek.com\/fr\/speaker\/dr-mark-ernst-nosco-couture\/","title":{"rendered":"Dr. Mark Ernst, NosCo Couture"},"content":{"rendered":"<p>Propri\u00e9taire<\/p>\n<p>N\u00e9 en 1969<br \/>\n-citoyen allemand<br \/>\n-R\u00e9sidence en Suisse et au Portugal<br \/>\n-1989-1995 \u00c9tudes d&rsquo;ing\u00e9nieur industriel \/ docteur Universit\u00e9 de Stuttgart Allemagne<br \/>\n-1995-2013 Schuler AG, G\u00f6ppingen Allemagne, diff\u00e9rents postes de direction (leader mondial du march\u00e9 des syst\u00e8mes de formage des m\u00e9taux).<br \/>\nLes sept derni\u00e8res ann\u00e9es, membre du conseil d&rsquo;administration du groupe.<br \/>\n-2013-2019 Coindu SA, Famalicao Portugal \/ PDG (fournisseur automobile de housses de si\u00e8ges haut de gamme).<br \/>\n-2016 jusqu&rsquo;\u00e0 aujourd&rsquo;hui propri\u00e9taire et CEO NosCo Couture (D\u00e9veloppement et production de sacs de mode de luxe)<\/p>\n","protected":false},"excerpt":{"rendered":"<p>Propri\u00e9taire N\u00e9 en 1969 -citoyen allemand -R\u00e9sidence en Suisse et au Portugal -1989-1995 \u00c9tudes d&rsquo;ing\u00e9nieur industriel \/ docteur Universit\u00e9 de Stuttgart Allemagne -1995-2013 Schuler AG, G\u00f6ppingen Allemagne, diff\u00e9rents postes de direction (leader mondial du march\u00e9 des syst\u00e8mes de formage des m\u00e9taux). Les sept derni\u00e8res ann\u00e9es, membre du conseil d&rsquo;administration du groupe. -2013-2019 Coindu SA, Famalicao [&hellip;]<\/p>\n","protected":false},"featured_media":215437,"template":"","meta":{"_seopress_robots_primary_cat":"","_seopress_titles_title":"","_seopress_titles_desc":"","_seopress_robots_index":"","_company_name":"","_job_title":"","_visit_me":"","_email":"","_linkedin":"","_twitter":"","_facebook":"","_instagram":"","_youtube":"","_imdb":"","footnotes":""},"edition":[585],"guest_type":[],"work":[],"class_list":["post-215439","guest","type-guest","status-publish","has-post-thumbnail","hentry","edition-paris-packaging-week-speakers-2023"],"_cover_image":null,"_links":{"self":[{"href":"https:\/\/www.parispackagingweek.com\/fr\/wp-json\/wp\/v2\/guest\/215439","targetHints":{"allow":["GET"]}}],"collection":[{"href":"https:\/\/www.parispackagingweek.com\/fr\/wp-json\/wp\/v2\/guest"}],"about":[{"href":"https:\/\/www.parispackagingweek.com\/fr\/wp-json\/wp\/v2\/types\/guest"}],"version-history":[{"count":1,"href":"https:\/\/www.parispackagingweek.com\/fr\/wp-json\/wp\/v2\/guest\/215439\/revisions"}],"predecessor-version":[{"id":215441,"href":"https:\/\/www.parispackagingweek.com\/fr\/wp-json\/wp\/v2\/guest\/215439\/revisions\/215441"}],"wp:featuredmedia":[{"embeddable":true,"href":"https:\/\/www.parispackagingweek.com\/fr\/wp-json\/wp\/v2\/media\/215437"}],"wp:attachment":[{"href":"https:\/\/www.parispackagingweek.com\/fr\/wp-json\/wp\/v2\/media?parent=215439"}],"wp:term":[{"taxonomy":"edition","embeddable":true,"href":"https:\/\/www.parispackagingweek.com\/fr\/wp-json\/wp\/v2\/edition?post=215439"},{"taxonomy":"guest_type","embeddable":true,"href":"https:\/\/www.parispackagingweek.com\/fr\/wp-json\/wp\/v2\/guest_type?post=215439"},{"taxonomy":"work","embeddable":true,"href":"https:\/\/www.parispackagingweek.com\/fr\/wp-json\/wp\/v2\/work?post=215439"}],"curies":[{"name":"wp","href":"https:\/\/api.w.org\/{rel}","templated":true}]}}

<p>Propriétaire</p>
<p>Né en 1969<br />
-citoyen allemand<br />
-Résidence en Suisse et au Portugal<br />
-1989-1995 Études d&rsquo;ingénieur industriel / docteur Université de Stuttgart Allemagne<br />
-1995-2013 Schuler AG, Göppingen Allemagne, différents postes de direction (leader mondial du marché des systèmes de formage des métaux).<br />
Les sept dernières années, membre du conseil d&rsquo;administration du groupe.<br />
-2013-2019 Coindu SA, Famalicao Portugal / PDG (fournisseur automobile de housses de sièges haut de gamme).<br />
-2016 jusqu&rsquo;à aujourd&rsquo;hui propriétaire et CEO NosCo Couture (Développement et production de sacs de mode de luxe)</p>

<p>Propriétaire Né en 1969 -citoyen allemand -Résidence en Suisse et au Portugal -1989-1995 Études d&rsquo;ingénieur industriel / docteur Université de Stuttgart Allemagne -1995-2013 Schuler AG, Göppingen Allemagne, différents postes de direction (leader mondial du marché des systèmes de formage des métaux). Les sept dernières années, membre du conseil d&rsquo;administration du groupe. -2013-2019 Coindu SA, Famalicao [&hellip;]</p>
