{"id":217055,"date":"2022-12-07T11:14:57","date_gmt":"2022-12-07T10:14:57","guid":{"rendered":"https:\/\/www.parispackagingweek.com\/?post_type=guest&#038;p=217055"},"modified":"2022-12-12T20:20:21","modified_gmt":"2022-12-12T19:20:21","slug":"anne-mechteld-mosman-reuver-medspray","status":"publish","type":"guest","link":"https:\/\/www.parispackagingweek.com\/fr\/speaker\/anne-mechteld-mosman-reuver-medspray\/","title":{"rendered":"Anne Mechteld Mosman-Reuver, Medspray"},"content":{"rendered":"<p>Sales Marketing Manager<\/p>\n<p>Anne Mechteld est Sales Marketing Manager &amp; Key Account Manager chez Medspray. Elle a une formation m\u00e9dicale et une expertise commerciale et marketing. Anne Mechteld a rejoint Medspray en 2012. Elle a commenc\u00e9 comme chef de projet pour des projets pharmaceutiques. Elle dirige les activit\u00e9s visant \u00e0 explorer et d\u00e9velopper les possibilit\u00e9s de la technologie de Medspray dans le domaine de la beaut\u00e9, de la maison et des soins personnels, ainsi que de nouveaux champs d&rsquo;application \u00e0 explorer.<\/p>\n","protected":false},"excerpt":{"rendered":"<p>Sales Marketing Manager Anne Mechteld est Sales Marketing Manager &amp; Key Account Manager chez Medspray. Elle a une formation m\u00e9dicale et une expertise commerciale et marketing. Anne Mechteld a rejoint Medspray en 2012. Elle a commenc\u00e9 comme chef de projet pour des projets pharmaceutiques. Elle dirige les activit\u00e9s visant \u00e0 explorer et d\u00e9velopper les possibilit\u00e9s [&hellip;]<\/p>\n","protected":false},"featured_media":217053,"template":"","meta":{"_seopress_robots_primary_cat":"","_seopress_titles_title":"ADF Talks 2023 | Anne Mechteld Mosman-Reuver, Medspray","_seopress_titles_desc":"","_seopress_robots_index":"","_company_name":"","_job_title":"","_visit_me":"","_email":"","_linkedin":"","_twitter":"","_facebook":"","_instagram":"","_youtube":"","_imdb":"","footnotes":""},"edition":[585],"guest_type":[577],"work":[],"class_list":["post-217055","guest","type-guest","status-publish","has-post-thumbnail","hentry","edition-paris-packaging-week-speakers-2023","guest_type-adf-speakers-2023"],"_cover_image":null,"_links":{"self":[{"href":"https:\/\/www.parispackagingweek.com\/fr\/wp-json\/wp\/v2\/guest\/217055","targetHints":{"allow":["GET"]}}],"collection":[{"href":"https:\/\/www.parispackagingweek.com\/fr\/wp-json\/wp\/v2\/guest"}],"about":[{"href":"https:\/\/www.parispackagingweek.com\/fr\/wp-json\/wp\/v2\/types\/guest"}],"version-history":[{"count":2,"href":"https:\/\/www.parispackagingweek.com\/fr\/wp-json\/wp\/v2\/guest\/217055\/revisions"}],"predecessor-version":[{"id":219572,"href":"https:\/\/www.parispackagingweek.com\/fr\/wp-json\/wp\/v2\/guest\/217055\/revisions\/219572"}],"wp:featuredmedia":[{"embeddable":true,"href":"https:\/\/www.parispackagingweek.com\/fr\/wp-json\/wp\/v2\/media\/217053"}],"wp:attachment":[{"href":"https:\/\/www.parispackagingweek.com\/fr\/wp-json\/wp\/v2\/media?parent=217055"}],"wp:term":[{"taxonomy":"edition","embeddable":true,"href":"https:\/\/www.parispackagingweek.com\/fr\/wp-json\/wp\/v2\/edition?post=217055"},{"taxonomy":"guest_type","embeddable":true,"href":"https:\/\/www.parispackagingweek.com\/fr\/wp-json\/wp\/v2\/guest_type?post=217055"},{"taxonomy":"work","embeddable":true,"href":"https:\/\/www.parispackagingweek.com\/fr\/wp-json\/wp\/v2\/work?post=217055"}],"curies":[{"name":"wp","href":"https:\/\/api.w.org\/{rel}","templated":true}]}}

<p>Sales Marketing Manager</p>
<p>Anne Mechteld est Sales Marketing Manager &amp; Key Account Manager chez Medspray. Elle a une formation médicale et une expertise commerciale et marketing. Anne Mechteld a rejoint Medspray en 2012. Elle a commencé comme chef de projet pour des projets pharmaceutiques. Elle dirige les activités visant à explorer et développer les possibilités de la technologie de Medspray dans le domaine de la beauté, de la maison et des soins personnels, ainsi que de nouveaux champs d&rsquo;application à explorer.</p>

<p>Sales Marketing Manager Anne Mechteld est Sales Marketing Manager &amp; Key Account Manager chez Medspray. Elle a une formation médicale et une expertise commerciale et marketing. Anne Mechteld a rejoint Medspray en 2012. Elle a commencé comme chef de projet pour des projets pharmaceutiques. Elle dirige les activités visant à explorer et développer les possibilités [&hellip;]</p>
