{"id":217097,"date":"2022-12-07T12:35:00","date_gmt":"2022-12-07T11:35:00","guid":{"rendered":"https:\/\/www.parispackagingweek.com\/?post_type=guest&#038;p=217097"},"modified":"2022-12-12T22:19:51","modified_gmt":"2022-12-12T21:19:51","slug":"gerard-laize","status":"publish","type":"guest","link":"https:\/\/www.parispackagingweek.com\/fr\/speaker\/gerard-laize\/","title":{"rendered":"G\u00e9rard Laiz\u00e9, Designer\u2019sElection"},"content":{"rendered":"<p>G\u00e9rard Laiz\u00e9 est aujourd\u2019hui Pr\u00e9sident fondateur de Designer\u2019sElection, conseil en prospective et en strat\u00e9gie de l\u2019innovation. Il fut directeur g\u00e9n\u00e9ral du VIA (Valorisation de l\u2019innovation et de la cr\u00e9ation dans l\u2019am\u00e9nagement et l\u2019ameublement des espaces de vie) de novembre 1994 \u00e0 juillet 2015. Il a \u00e9galement exerc\u00e9 des fonctions de directeur marketing dans l\u2019industrie et la distribution, en France et \u00e0 l\u2019\u00e9tranger pendant plus de vingt ans. Ses travaux de r\u00e9flexion prospective font l\u2019objet de publications et de conf\u00e9rences dans diverses \u00e9coles de commerce et de cr\u00e9ation, universit\u00e9s, conventions et r\u00e9unions professionnelles, en France et \u00e0 l\u2019international. Il est l\u2019auteur de nombreux ouvrages, notamment dans les collections \u00ab Domovision \u00bb et \u00ab Design &amp; \u00bb. Il a assur\u00e9 le commissariat de plus de 150 expositions valorisant la cr\u00e9ativit\u00e9 et l\u2019esprit Fran\u00e7ais dans de nombreux pays du monde. Il a \u00e9t\u00e9 par ailleurs, membre de l\u2019Institut National des M\u00e9tiers d\u2019Art, membre du Comit\u00e9 de l\u2019Innovation de l\u2019Institut Paul Bocuse et membre du Conseil des affaires acad\u00e9miques de l\u2019IFM. Il est toujours membre de la Commission consultative d\u2019acquisition du Mobilier National et des Manufactures nationales.<\/p>\n","protected":false},"excerpt":{"rendered":"<p>G\u00e9rard Laiz\u00e9 est aujourd\u2019hui Pr\u00e9sident fondateur de Designer\u2019sElection, conseil en prospective et en strat\u00e9gie de l\u2019innovation. Il fut directeur g\u00e9n\u00e9ral du VIA (Valorisation de l\u2019innovation et de la cr\u00e9ation dans l\u2019am\u00e9nagement et l\u2019ameublement des espaces de vie) de novembre 1994 \u00e0 juillet 2015. Il a \u00e9galement exerc\u00e9 des fonctions de directeur marketing dans l\u2019industrie et [&hellip;]<\/p>\n","protected":false},"featured_media":218380,"template":"","meta":{"_seopress_robots_primary_cat":"","_seopress_titles_title":"Packaging Premi\u00e8re Talks 2023 | G\u00e9rard Laiz\u00e9, Designer\u2019sElection","_seopress_titles_desc":"","_seopress_robots_index":"","_company_name":"","_job_title":"","_visit_me":"","_email":"","_linkedin":"","_twitter":"","_facebook":"","_instagram":"","_youtube":"","_imdb":"","footnotes":""},"edition":[585],"guest_type":[],"work":[],"class_list":["post-217097","guest","type-guest","status-publish","has-post-thumbnail","hentry","edition-paris-packaging-week-speakers-2023"],"_cover_image":null,"_links":{"self":[{"href":"https:\/\/www.parispackagingweek.com\/fr\/wp-json\/wp\/v2\/guest\/217097","targetHints":{"allow":["GET"]}}],"collection":[{"href":"https:\/\/www.parispackagingweek.com\/fr\/wp-json\/wp\/v2\/guest"}],"about":[{"href":"https:\/\/www.parispackagingweek.com\/fr\/wp-json\/wp\/v2\/types\/guest"}],"version-history":[{"count":3,"href":"https:\/\/www.parispackagingweek.com\/fr\/wp-json\/wp\/v2\/guest\/217097\/revisions"}],"predecessor-version":[{"id":219680,"href":"https:\/\/www.parispackagingweek.com\/fr\/wp-json\/wp\/v2\/guest\/217097\/revisions\/219680"}],"wp:featuredmedia":[{"embeddable":true,"href":"https:\/\/www.parispackagingweek.com\/fr\/wp-json\/wp\/v2\/media\/218380"}],"wp:attachment":[{"href":"https:\/\/www.parispackagingweek.com\/fr\/wp-json\/wp\/v2\/media?parent=217097"}],"wp:term":[{"taxonomy":"edition","embeddable":true,"href":"https:\/\/www.parispackagingweek.com\/fr\/wp-json\/wp\/v2\/edition?post=217097"},{"taxonomy":"guest_type","embeddable":true,"href":"https:\/\/www.parispackagingweek.com\/fr\/wp-json\/wp\/v2\/guest_type?post=217097"},{"taxonomy":"work","embeddable":true,"href":"https:\/\/www.parispackagingweek.com\/fr\/wp-json\/wp\/v2\/work?post=217097"}],"curies":[{"name":"wp","href":"https:\/\/api.w.org\/{rel}","templated":true}]}}

Gérard Laizé, Designer’sElection

<p>Gérard Laizé est aujourd’hui Président fondateur de Designer’sElection, conseil en prospective et en stratégie de l’innovation. Il fut directeur général du VIA (Valorisation de l’innovation et de la création dans l’aménagement et l’ameublement des espaces de vie) de novembre 1994 à juillet 2015. Il a également exercé des fonctions de directeur marketing dans l’industrie et la distribution, en France et à l’étranger pendant plus de vingt ans. Ses travaux de réflexion prospective font l’objet de publications et de conférences dans diverses écoles de commerce et de création, universités, conventions et réunions professionnelles, en France et à l’international. Il est l’auteur de nombreux ouvrages, notamment dans les collections « Domovision » et « Design &amp; ». Il a assuré le commissariat de plus de 150 expositions valorisant la créativité et l’esprit Français dans de nombreux pays du monde. Il a été par ailleurs, membre de l’Institut National des Métiers d’Art, membre du Comité de l’Innovation de l’Institut Paul Bocuse et membre du Conseil des affaires académiques de l’IFM. Il est toujours membre de la Commission consultative d’acquisition du Mobilier National et des Manufactures nationales.</p>

<p>Gérard Laizé est aujourd’hui Président fondateur de Designer’sElection, conseil en prospective et en stratégie de l’innovation. Il fut directeur général du VIA (Valorisation de l’innovation et de la création dans l’aménagement et l’ameublement des espaces de vie) de novembre 1994 à juillet 2015. Il a également exercé des fonctions de directeur marketing dans l’industrie et [&hellip;]</p>

Packaging Première Talks 2023 | Gérard Laizé, Designer’sElection
