{"id":217111,"date":"2022-12-07T12:41:46","date_gmt":"2022-12-07T11:41:46","guid":{"rendered":"https:\/\/www.parispackagingweek.com\/?post_type=guest&#038;p=217111"},"modified":"2022-12-12T20:12:32","modified_gmt":"2022-12-12T19:12:32","slug":"hector-lapre-loreal-packaging-science-center","status":"publish","type":"guest","link":"https:\/\/www.parispackagingweek.com\/fr\/speaker\/hector-lapre-loreal-packaging-science-center\/","title":{"rendered":"Hector Lapre, L&rsquo;Or\u00e9al &#8211; Packaging Science Center"},"content":{"rendered":"<p>Dispensers &amp; Applicators Expert<\/p>\n<p>Apr\u00e8s une \u00e9cole d&rsquo;ing\u00e9nieur en chimie (Chimie ParisTech), j&rsquo;ai \u00e9tudi\u00e9 le design et l&rsquo;innovation pour appr\u00e9hender la centricit\u00e9 du consommateur et l&rsquo;innovation produit. Cela m&rsquo;a conduit \u00e0 rejoindre L&rsquo;Or\u00e9al, o\u00f9 j&rsquo;ai d\u00e9couvert les produits de distribution et commenc\u00e9 \u00e0 les \u00e9tudier en tant que domaine de recherche, pour aborder les questions de durabilit\u00e9, de performance et d&rsquo;exp\u00e9rience consommateur.<\/p>\n","protected":false},"excerpt":{"rendered":"<p>Dispensers &amp; Applicators Expert Apr\u00e8s une \u00e9cole d&rsquo;ing\u00e9nieur en chimie (Chimie ParisTech), j&rsquo;ai \u00e9tudi\u00e9 le design et l&rsquo;innovation pour appr\u00e9hender la centricit\u00e9 du consommateur et l&rsquo;innovation produit. Cela m&rsquo;a conduit \u00e0 rejoindre L&rsquo;Or\u00e9al, o\u00f9 j&rsquo;ai d\u00e9couvert les produits de distribution et commenc\u00e9 \u00e0 les \u00e9tudier en tant que domaine de recherche, pour aborder les questions [&hellip;]<\/p>\n","protected":false},"featured_media":219461,"template":"","meta":{"_seopress_robots_primary_cat":"","_seopress_titles_title":"ADF Talks 2023 | Hector Lapre, L&#039;Or\u00e9al - Packaging Science Center","_seopress_titles_desc":"","_seopress_robots_index":"","_company_name":"","_job_title":"","_visit_me":"","_email":"","_linkedin":"","_twitter":"","_facebook":"","_instagram":"","_youtube":"","_imdb":"","footnotes":""},"edition":[585],"guest_type":[577],"work":[],"class_list":["post-217111","guest","type-guest","status-publish","has-post-thumbnail","hentry","edition-paris-packaging-week-speakers-2023","guest_type-adf-speakers-2023"],"_cover_image":null,"_links":{"self":[{"href":"https:\/\/www.parispackagingweek.com\/fr\/wp-json\/wp\/v2\/guest\/217111","targetHints":{"allow":["GET"]}}],"collection":[{"href":"https:\/\/www.parispackagingweek.com\/fr\/wp-json\/wp\/v2\/guest"}],"about":[{"href":"https:\/\/www.parispackagingweek.com\/fr\/wp-json\/wp\/v2\/types\/guest"}],"version-history":[{"count":2,"href":"https:\/\/www.parispackagingweek.com\/fr\/wp-json\/wp\/v2\/guest\/217111\/revisions"}],"predecessor-version":[{"id":219570,"href":"https:\/\/www.parispackagingweek.com\/fr\/wp-json\/wp\/v2\/guest\/217111\/revisions\/219570"}],"wp:featuredmedia":[{"embeddable":true,"href":"https:\/\/www.parispackagingweek.com\/fr\/wp-json\/wp\/v2\/media\/219461"}],"wp:attachment":[{"href":"https:\/\/www.parispackagingweek.com\/fr\/wp-json\/wp\/v2\/media?parent=217111"}],"wp:term":[{"taxonomy":"edition","embeddable":true,"href":"https:\/\/www.parispackagingweek.com\/fr\/wp-json\/wp\/v2\/edition?post=217111"},{"taxonomy":"guest_type","embeddable":true,"href":"https:\/\/www.parispackagingweek.com\/fr\/wp-json\/wp\/v2\/guest_type?post=217111"},{"taxonomy":"work","embeddable":true,"href":"https:\/\/www.parispackagingweek.com\/fr\/wp-json\/wp\/v2\/work?post=217111"}],"curies":[{"name":"wp","href":"https:\/\/api.w.org\/{rel}","templated":true}]}}

Hector Lapre, L&rsquo;Oréal &#8211; Packaging Science Center

<p>Dispensers &amp; Applicators Expert</p>
<p>Après une école d&rsquo;ingénieur en chimie (Chimie ParisTech), j&rsquo;ai étudié le design et l&rsquo;innovation pour appréhender la centricité du consommateur et l&rsquo;innovation produit. Cela m&rsquo;a conduit à rejoindre L&rsquo;Oréal, où j&rsquo;ai découvert les produits de distribution et commencé à les étudier en tant que domaine de recherche, pour aborder les questions de durabilité, de performance et d&rsquo;expérience consommateur.</p>

<p>Dispensers &amp; Applicators Expert Après une école d&rsquo;ingénieur en chimie (Chimie ParisTech), j&rsquo;ai étudié le design et l&rsquo;innovation pour appréhender la centricité du consommateur et l&rsquo;innovation produit. Cela m&rsquo;a conduit à rejoindre L&rsquo;Oréal, où j&rsquo;ai découvert les produits de distribution et commencé à les étudier en tant que domaine de recherche, pour aborder les questions [&hellip;]</p>

ADF Talks 2023 | Hector Lapre, L&#039;Oréal - Packaging Science Center
