{"id":217474,"date":"2022-12-07T19:12:15","date_gmt":"2022-12-07T18:12:15","guid":{"rendered":"https:\/\/www.parispackagingweek.com\/?post_type=guest&#038;p=217474"},"modified":"2022-12-07T19:12:15","modified_gmt":"2022-12-07T18:12:15","slug":"samuel-joachim-verescence","status":"publish","type":"guest","link":"https:\/\/www.parispackagingweek.com\/fr\/speaker\/samuel-joachim-verescence\/","title":{"rendered":"Samuel Joachim, Verescence"},"content":{"rendered":"<p>Directeur Innovation &amp; Development<\/p>\n<p>Samuel Joachim est Directeur Innovation &amp; D\u00e9veloppement et membre du COMEX de Verescence, leader mondial du flaconnage parfums et cosm\u00e9tiques de luxe avec 7 sites de production dans le monde en France, en Espagne, aux \u00c9tats-Unis et en Cor\u00e9e du Sud.<\/p>\n<p>Ing\u00e9nieur de Polytech\u2018Lille, Samuel commence sa carri\u00e8re en 1994 en tant que Chef de Projet puis responsable Qualit\u00e9 du site Saint-Gobain Desjonqu\u00e8res de Mers-les-Bains. Il part ensuite en Allemagne, dans le secteur Pharmaceutique \u00e0 la Direction Qualit\u00e9 de Saint-Gobain Kipfenberg. En 2002, chez Pechiney il est Directeur Qualit\u00e9 des 5 usines de l\u2019entit\u00e9 Techpack America \u00e0 New York. Dipl\u00f4m\u00e9 de l\u2019Executive MBA ESSEC Mannheim en 2008, il rejoint le Groupe Italien Bormioli Rocco et s\u2019occupe de la qualit\u00e9 du d\u00e9veloppement et des parach\u00e8vements. Puis en 2013, il retrouve Verescence pour la Direction de l\u2019Innovation et du D\u00e9veloppement de Nouveaux Produits.<\/p>\n","protected":false},"excerpt":{"rendered":"<p>Directeur Innovation &amp; Development Samuel Joachim est Directeur Innovation &amp; D\u00e9veloppement et membre du COMEX de Verescence, leader mondial du flaconnage parfums et cosm\u00e9tiques de luxe avec 7 sites de production dans le monde en France, en Espagne, aux \u00c9tats-Unis et en Cor\u00e9e du Sud. Ing\u00e9nieur de Polytech\u2018Lille, Samuel commence sa carri\u00e8re en 1994 en [&hellip;]<\/p>\n","protected":false},"featured_media":217477,"template":"","meta":{"_seopress_robots_primary_cat":"","_seopress_titles_title":"PCD Talks 2023 | Samuel Joachim, Verescence","_seopress_titles_desc":"","_seopress_robots_index":"","_company_name":"","_job_title":"","_visit_me":"","_email":"","_linkedin":"https:\/\/fr.linkedin.com\/in\/samuel-joachim-8157116","_twitter":"","_facebook":"","_instagram":"","_youtube":"","_imdb":"","footnotes":""},"edition":[585],"guest_type":[578],"work":[],"class_list":["post-217474","guest","type-guest","status-publish","has-post-thumbnail","hentry","edition-paris-packaging-week-speakers-2023","guest_type-pcd-speakers-2023"],"_cover_image":null,"_links":{"self":[{"href":"https:\/\/www.parispackagingweek.com\/fr\/wp-json\/wp\/v2\/guest\/217474","targetHints":{"allow":["GET"]}}],"collection":[{"href":"https:\/\/www.parispackagingweek.com\/fr\/wp-json\/wp\/v2\/guest"}],"about":[{"href":"https:\/\/www.parispackagingweek.com\/fr\/wp-json\/wp\/v2\/types\/guest"}],"version-history":[{"count":1,"href":"https:\/\/www.parispackagingweek.com\/fr\/wp-json\/wp\/v2\/guest\/217474\/revisions"}],"predecessor-version":[{"id":217476,"href":"https:\/\/www.parispackagingweek.com\/fr\/wp-json\/wp\/v2\/guest\/217474\/revisions\/217476"}],"wp:featuredmedia":[{"embeddable":true,"href":"https:\/\/www.parispackagingweek.com\/fr\/wp-json\/wp\/v2\/media\/217477"}],"wp:attachment":[{"href":"https:\/\/www.parispackagingweek.com\/fr\/wp-json\/wp\/v2\/media?parent=217474"}],"wp:term":[{"taxonomy":"edition","embeddable":true,"href":"https:\/\/www.parispackagingweek.com\/fr\/wp-json\/wp\/v2\/edition?post=217474"},{"taxonomy":"guest_type","embeddable":true,"href":"https:\/\/www.parispackagingweek.com\/fr\/wp-json\/wp\/v2\/guest_type?post=217474"},{"taxonomy":"work","embeddable":true,"href":"https:\/\/www.parispackagingweek.com\/fr\/wp-json\/wp\/v2\/work?post=217474"}],"curies":[{"name":"wp","href":"https:\/\/api.w.org\/{rel}","templated":true}]}}

<p>Directeur Innovation &amp; Development</p>
<p>Samuel Joachim est Directeur Innovation &amp; Développement et membre du COMEX de Verescence, leader mondial du flaconnage parfums et cosmétiques de luxe avec 7 sites de production dans le monde en France, en Espagne, aux États-Unis et en Corée du Sud.</p>
<p>Ingénieur de Polytech‘Lille, Samuel commence sa carrière en 1994 en tant que Chef de Projet puis responsable Qualité du site Saint-Gobain Desjonquères de Mers-les-Bains. Il part ensuite en Allemagne, dans le secteur Pharmaceutique à la Direction Qualité de Saint-Gobain Kipfenberg. En 2002, chez Pechiney il est Directeur Qualité des 5 usines de l’entité Techpack America à New York. Diplômé de l’Executive MBA ESSEC Mannheim en 2008, il rejoint le Groupe Italien Bormioli Rocco et s’occupe de la qualité du développement et des parachèvements. Puis en 2013, il retrouve Verescence pour la Direction de l’Innovation et du Développement de Nouveaux Produits.</p>

<p>Directeur Innovation &amp; Development Samuel Joachim est Directeur Innovation &amp; Développement et membre du COMEX de Verescence, leader mondial du flaconnage parfums et cosmétiques de luxe avec 7 sites de production dans le monde en France, en Espagne, aux États-Unis et en Corée du Sud. Ingénieur de Polytech‘Lille, Samuel commence sa carrière en 1994 en [&hellip;]</p>
