{"id":217480,"date":"2022-12-07T19:16:49","date_gmt":"2022-12-07T18:16:49","guid":{"rendered":"https:\/\/www.parispackagingweek.com\/?post_type=guest&#038;p=217480"},"modified":"2022-12-07T19:16:49","modified_gmt":"2022-12-07T18:16:49","slug":"jan-garcia-sicard-estal","status":"publish","type":"guest","link":"https:\/\/www.parispackagingweek.com\/fr\/speaker\/jan-garcia-sicard-estal\/","title":{"rendered":"Jan Garc\u00eda Sicard, ESTAL"},"content":{"rendered":"<p>Directeur Commercial<\/p>\n<p>Jan Garcia est titulaire d&rsquo;un Executive MBA de l&rsquo;IESE et d&rsquo;un dipl\u00f4me en commerce international (UB &amp; ESCI) avec un dipl\u00f4me de troisi\u00e8me cycle en marketing et gestion des ventes (UPC).<br \/>\nIl est un passionn\u00e9 des affaires, des gens et du march\u00e9 de l&#8217;emballage. Anim\u00e9 par la durabilit\u00e9, le lean management et l&rsquo;\u00e9thique, Jan avait rejoint Estal en 2016 pour apporter son approche multiculturelle et faire de nos entreprises un monde bien meilleur.<\/p>\n","protected":false},"excerpt":{"rendered":"<p>Directeur Commercial Jan Garcia est titulaire d&rsquo;un Executive MBA de l&rsquo;IESE et d&rsquo;un dipl\u00f4me en commerce international (UB &amp; ESCI) avec un dipl\u00f4me de troisi\u00e8me cycle en marketing et gestion des ventes (UPC). Il est un passionn\u00e9 des affaires, des gens et du march\u00e9 de l&#8217;emballage. Anim\u00e9 par la durabilit\u00e9, le lean management et l&rsquo;\u00e9thique, [&hellip;]<\/p>\n","protected":false},"featured_media":217483,"template":"","meta":{"_seopress_robots_primary_cat":"","_seopress_titles_title":"PCD Talks 2023 | Jan Garc\u00eda, ESTAL ","_seopress_titles_desc":"","_seopress_robots_index":"","_company_name":"","_job_title":"","_visit_me":"","_email":"","_linkedin":"https:\/\/es.linkedin.com\/in\/jangarciasicard\/es","_twitter":"","_facebook":"","_instagram":"","_youtube":"","_imdb":"","footnotes":""},"edition":[585],"guest_type":[578],"work":[],"class_list":["post-217480","guest","type-guest","status-publish","has-post-thumbnail","hentry","edition-paris-packaging-week-speakers-2023","guest_type-pcd-speakers-2023"],"_cover_image":null,"_links":{"self":[{"href":"https:\/\/www.parispackagingweek.com\/fr\/wp-json\/wp\/v2\/guest\/217480","targetHints":{"allow":["GET"]}}],"collection":[{"href":"https:\/\/www.parispackagingweek.com\/fr\/wp-json\/wp\/v2\/guest"}],"about":[{"href":"https:\/\/www.parispackagingweek.com\/fr\/wp-json\/wp\/v2\/types\/guest"}],"version-history":[{"count":1,"href":"https:\/\/www.parispackagingweek.com\/fr\/wp-json\/wp\/v2\/guest\/217480\/revisions"}],"predecessor-version":[{"id":217482,"href":"https:\/\/www.parispackagingweek.com\/fr\/wp-json\/wp\/v2\/guest\/217480\/revisions\/217482"}],"wp:featuredmedia":[{"embeddable":true,"href":"https:\/\/www.parispackagingweek.com\/fr\/wp-json\/wp\/v2\/media\/217483"}],"wp:attachment":[{"href":"https:\/\/www.parispackagingweek.com\/fr\/wp-json\/wp\/v2\/media?parent=217480"}],"wp:term":[{"taxonomy":"edition","embeddable":true,"href":"https:\/\/www.parispackagingweek.com\/fr\/wp-json\/wp\/v2\/edition?post=217480"},{"taxonomy":"guest_type","embeddable":true,"href":"https:\/\/www.parispackagingweek.com\/fr\/wp-json\/wp\/v2\/guest_type?post=217480"},{"taxonomy":"work","embeddable":true,"href":"https:\/\/www.parispackagingweek.com\/fr\/wp-json\/wp\/v2\/work?post=217480"}],"curies":[{"name":"wp","href":"https:\/\/api.w.org\/{rel}","templated":true}]}}

Jan García Sicard, ESTAL

<p>Directeur Commercial</p>
<p>Jan Garcia est titulaire d&rsquo;un Executive MBA de l&rsquo;IESE et d&rsquo;un diplôme en commerce international (UB &amp; ESCI) avec un diplôme de troisième cycle en marketing et gestion des ventes (UPC).<br />
Il est un passionné des affaires, des gens et du marché de l&#8217;emballage. Animé par la durabilité, le lean management et l&rsquo;éthique, Jan avait rejoint Estal en 2016 pour apporter son approche multiculturelle et faire de nos entreprises un monde bien meilleur.</p>

<p>Directeur Commercial Jan Garcia est titulaire d&rsquo;un Executive MBA de l&rsquo;IESE et d&rsquo;un diplôme en commerce international (UB &amp; ESCI) avec un diplôme de troisième cycle en marketing et gestion des ventes (UPC). Il est un passionné des affaires, des gens et du marché de l&#8217;emballage. Animé par la durabilité, le lean management et l&rsquo;éthique, [&hellip;]</p>

PCD Talks 2023 | Jan García, ESTAL
