{"id":217500,"date":"2022-12-07T19:27:23","date_gmt":"2022-12-07T18:27:23","guid":{"rendered":"https:\/\/www.parispackagingweek.com\/?post_type=guest&#038;p=217500"},"modified":"2023-12-15T12:55:18","modified_gmt":"2023-12-15T11:55:18","slug":"daniel-p-jenkins-dca-design-international","status":"publish","type":"guest","link":"https:\/\/www.parispackagingweek.com\/fr\/speaker\/daniel-p-jenkins-dca-design-international\/","title":{"rendered":"Daniel P. Jenkins"},"content":{"rendered":"<p>Head of Research (Human Factors and Interaction)<\/p>\n<p>Dan dirige l&rsquo;\u00e9quipe de recherche de DCA et participe \u00e0 la conception d&rsquo;un large \u00e9ventail de produits dans chacun des quatre secteurs de l&rsquo;entreprise (transports, m\u00e9decine, consommation, industrie).<br \/>\nQu&rsquo;il s&rsquo;agisse de trains ou de brosses \u00e0 dents, il se sp\u00e9cialise dans l&rsquo;application des facteurs humains et des outils de pens\u00e9e syst\u00e9mique pour garantir que les performances des syst\u00e8mes sont maximis\u00e9es et que les produits ont les meilleures chances de succ\u00e8s commercial. Dan est un orateur de premier plan, il a co\u00e9crit 10 livres sur les facteurs humains et a re\u00e7u de nombreux prix pour son travail, notamment le HFES User-Centred Design Award et la m\u00e9daille du pr\u00e9sident de la CIEHF.<\/p>\n","protected":false},"excerpt":{"rendered":"<p>Head of Research (Human Factors and Interaction) Dan dirige l&rsquo;\u00e9quipe de recherche de DCA et participe \u00e0 la conception d&rsquo;un large \u00e9ventail de produits dans chacun des quatre secteurs de l&rsquo;entreprise (transports, m\u00e9decine, consommation, industrie). Qu&rsquo;il s&rsquo;agisse de trains ou de brosses \u00e0 dents, il se sp\u00e9cialise dans l&rsquo;application des facteurs humains et des outils [&hellip;]<\/p>\n","protected":false},"featured_media":217503,"template":"","meta":{"_seopress_robots_primary_cat":"","_seopress_titles_title":"Circular Economy Stage | Daniel P. Jenkins, DCA Design International","_seopress_titles_desc":"Dan dirige l&#039;\u00e9quipe de recherche de DCA et participe \u00e0 la conception d&#039;un large \u00e9ventail de produits dans chacun des quatre secteurs de l&#039;entreprise (transports, m\u00e9decine, consommation, industrie).\r\nQu&#039;il s&#039;agisse de trains ou de brosses \u00e0 dents, il se sp\u00e9cialise dans l&#039;application des facteurs humains et des outils de pens\u00e9e syst\u00e9mique pour garantir que les performances des syst\u00e8mes sont maximis\u00e9es et que les produits ont les meilleures chances de succ\u00e8s commercial.","_seopress_robots_index":"","_company_name":"DCA Design International","_job_title":"Head of Research (Human Factors and Interaction)","_visit_me":"","_email":"","_linkedin":"https:\/\/uk.linkedin.com\/in\/danielpjenkins","_twitter":"","_facebook":"","_instagram":"","_youtube":"","_imdb":"","footnotes":""},"edition":[585],"guest_type":[578],"work":[],"class_list":["post-217500","guest","type-guest","status-publish","has-post-thumbnail","hentry","edition-paris-packaging-week-speakers-2023","guest_type-pcd-speakers-2023"],"_cover_image":null,"_links":{"self":[{"href":"https:\/\/www.parispackagingweek.com\/fr\/wp-json\/wp\/v2\/guest\/217500","targetHints":{"allow":["GET"]}}],"collection":[{"href":"https:\/\/www.parispackagingweek.com\/fr\/wp-json\/wp\/v2\/guest"}],"about":[{"href":"https:\/\/www.parispackagingweek.com\/fr\/wp-json\/wp\/v2\/types\/guest"}],"version-history":[{"count":2,"href":"https:\/\/www.parispackagingweek.com\/fr\/wp-json\/wp\/v2\/guest\/217500\/revisions"}],"predecessor-version":[{"id":319381,"href":"https:\/\/www.parispackagingweek.com\/fr\/wp-json\/wp\/v2\/guest\/217500\/revisions\/319381"}],"wp:featuredmedia":[{"embeddable":true,"href":"https:\/\/www.parispackagingweek.com\/fr\/wp-json\/wp\/v2\/media\/217503"}],"wp:attachment":[{"href":"https:\/\/www.parispackagingweek.com\/fr\/wp-json\/wp\/v2\/media?parent=217500"}],"wp:term":[{"taxonomy":"edition","embeddable":true,"href":"https:\/\/www.parispackagingweek.com\/fr\/wp-json\/wp\/v2\/edition?post=217500"},{"taxonomy":"guest_type","embeddable":true,"href":"https:\/\/www.parispackagingweek.com\/fr\/wp-json\/wp\/v2\/guest_type?post=217500"},{"taxonomy":"work","embeddable":true,"href":"https:\/\/www.parispackagingweek.com\/fr\/wp-json\/wp\/v2\/work?post=217500"}],"curies":[{"name":"wp","href":"https:\/\/api.w.org\/{rel}","templated":true}]}}

<p>Head of Research (Human Factors and Interaction)</p>
<p>Dan dirige l&rsquo;équipe de recherche de DCA et participe à la conception d&rsquo;un large éventail de produits dans chacun des quatre secteurs de l&rsquo;entreprise (transports, médecine, consommation, industrie).<br />
Qu&rsquo;il s&rsquo;agisse de trains ou de brosses à dents, il se spécialise dans l&rsquo;application des facteurs humains et des outils de pensée systémique pour garantir que les performances des systèmes sont maximisées et que les produits ont les meilleures chances de succès commercial. Dan est un orateur de premier plan, il a coécrit 10 livres sur les facteurs humains et a reçu de nombreux prix pour son travail, notamment le HFES User-Centred Design Award et la médaille du président de la CIEHF.</p>

<p>Head of Research (Human Factors and Interaction) Dan dirige l&rsquo;équipe de recherche de DCA et participe à la conception d&rsquo;un large éventail de produits dans chacun des quatre secteurs de l&rsquo;entreprise (transports, médecine, consommation, industrie). Qu&rsquo;il s&rsquo;agisse de trains ou de brosses à dents, il se spécialise dans l&rsquo;application des facteurs humains et des outils [&hellip;]</p>

Dan dirige l&#039;équipe de recherche de DCA et participe à la conception d&#039;un large éventail de produits dans chacun des quatre secteurs de l&#039;entreprise (transports, médecine, consommation, industrie).
Qu&#039;il s&#039;agisse de trains ou de brosses à dents, il se spécialise dans l&#039;application des facteurs humains et des outils de pensée systémique pour garantir que les performances des systèmes sont maximisées et que les produits ont les meilleures chances de succès commercial.
