{"id":217506,"date":"2022-12-07T19:34:52","date_gmt":"2022-12-07T18:34:52","guid":{"rendered":"https:\/\/www.parispackagingweek.com\/?post_type=guest&#038;p=217506"},"modified":"2023-01-05T11:49:12","modified_gmt":"2023-01-05T10:49:12","slug":"tingsun-hucais-packing-arts-europe","status":"publish","type":"guest","link":"https:\/\/www.parispackagingweek.com\/fr\/speaker\/tingsun-hucais-packing-arts-europe\/","title":{"rendered":"Ting\tSun, Hucais Packing Arts Europe"},"content":{"rendered":"<p>PDG<\/p>\n<p>Tout d&rsquo;abord, Ting Sun a exerc\u00e9 le m\u00e9tier de Professeur de Droit des Affaires Internationales (Master) en 1999, pendant 9 ans.<br \/>\nPar la suite, en 2013, elle cr\u00e9ait Hucais Packing Arts Europe en France, filiale de Hucais Group, sp\u00e9cialis\u00e9 dans l&rsquo;innovation, la cr\u00e9ation et la production de packaging premium depuis 1989.<br \/>\nTing Sun, passionn\u00e9e du domaine de l&#8217;emballage, accompagne et d\u00e9veloppe le groupe Hucais vers le \u00ab\u00a0\u00a0\u00bbgreen-packaging\u00a0\u00bb\u00a0\u00bb, qui constitue son plus grand objectif.<\/p>\n","protected":false},"excerpt":{"rendered":"<p>PDG Tout d&rsquo;abord, Ting Sun a exerc\u00e9 le m\u00e9tier de Professeur de Droit des Affaires Internationales (Master) en 1999, pendant 9 ans. Par la suite, en 2013, elle cr\u00e9ait Hucais Packing Arts Europe en France, filiale de Hucais Group, sp\u00e9cialis\u00e9 dans l&rsquo;innovation, la cr\u00e9ation et la production de packaging premium depuis 1989. Ting Sun, passionn\u00e9e [&hellip;]<\/p>\n","protected":false},"featured_media":217513,"template":"","meta":{"_seopress_robots_primary_cat":"","_seopress_titles_title":"PLD Talks 2023 | Ting Sun, Hucais Packing Arts Europe ","_seopress_titles_desc":"","_seopress_robots_index":"","_company_name":"","_job_title":"","_visit_me":"","_email":"","_linkedin":"https:\/\/fr.linkedin.com\/in\/ting-sun-aba1b985","_twitter":"","_facebook":"","_instagram":"","_youtube":"","_imdb":"","footnotes":""},"edition":[585],"guest_type":[],"work":[],"class_list":["post-217506","guest","type-guest","status-publish","has-post-thumbnail","hentry","edition-paris-packaging-week-speakers-2023"],"_cover_image":null,"_links":{"self":[{"href":"https:\/\/www.parispackagingweek.com\/fr\/wp-json\/wp\/v2\/guest\/217506","targetHints":{"allow":["GET"]}}],"collection":[{"href":"https:\/\/www.parispackagingweek.com\/fr\/wp-json\/wp\/v2\/guest"}],"about":[{"href":"https:\/\/www.parispackagingweek.com\/fr\/wp-json\/wp\/v2\/types\/guest"}],"version-history":[{"count":2,"href":"https:\/\/www.parispackagingweek.com\/fr\/wp-json\/wp\/v2\/guest\/217506\/revisions"}],"predecessor-version":[{"id":247495,"href":"https:\/\/www.parispackagingweek.com\/fr\/wp-json\/wp\/v2\/guest\/217506\/revisions\/247495"}],"wp:featuredmedia":[{"embeddable":true,"href":"https:\/\/www.parispackagingweek.com\/fr\/wp-json\/wp\/v2\/media\/217513"}],"wp:attachment":[{"href":"https:\/\/www.parispackagingweek.com\/fr\/wp-json\/wp\/v2\/media?parent=217506"}],"wp:term":[{"taxonomy":"edition","embeddable":true,"href":"https:\/\/www.parispackagingweek.com\/fr\/wp-json\/wp\/v2\/edition?post=217506"},{"taxonomy":"guest_type","embeddable":true,"href":"https:\/\/www.parispackagingweek.com\/fr\/wp-json\/wp\/v2\/guest_type?post=217506"},{"taxonomy":"work","embeddable":true,"href":"https:\/\/www.parispackagingweek.com\/fr\/wp-json\/wp\/v2\/work?post=217506"}],"curies":[{"name":"wp","href":"https:\/\/api.w.org\/{rel}","templated":true}]}}

<p>PDG</p>
<p>Tout d&rsquo;abord, Ting Sun a exercé le métier de Professeur de Droit des Affaires Internationales (Master) en 1999, pendant 9 ans.<br />
Par la suite, en 2013, elle créait Hucais Packing Arts Europe en France, filiale de Hucais Group, spécialisé dans l&rsquo;innovation, la création et la production de packaging premium depuis 1989.<br />
Ting Sun, passionnée du domaine de l&#8217;emballage, accompagne et développe le groupe Hucais vers le «  »green-packaging » », qui constitue son plus grand objectif.</p>

<p>PDG Tout d&rsquo;abord, Ting Sun a exercé le métier de Professeur de Droit des Affaires Internationales (Master) en 1999, pendant 9 ans. Par la suite, en 2013, elle créait Hucais Packing Arts Europe en France, filiale de Hucais Group, spécialisé dans l&rsquo;innovation, la création et la production de packaging premium depuis 1989. Ting Sun, passionnée [&hellip;]</p>
